{"id":8715,"date":"2019-12-11T16:10:50","date_gmt":"2019-12-11T15:10:50","guid":{"rendered":"https:\/\/apartis.swiss\/?page_id=8715"},"modified":"2021-11-09T08:10:31","modified_gmt":"2021-11-09T07:10:31","slug":"carbon-fri","status":"publish","type":"page","link":"https:\/\/apartis.swiss\/site\/apartis\/carbon-fri\/","title":{"rendered":"Carbon Fri"},"content":{"rendered":"<p><div class=\"flex_column av_one_full  flex_column_div av-zero-column-padding first  avia-builder-el-0  el_before_av_one_half  avia-builder-el-first  \" style='border-radius:0px; '><div  style='padding-bottom:10px; ' class='av-special-heading av-special-heading-h2  blockquote modern-quote  avia-builder-el-1  avia-builder-el-no-sibling  '><h2 class='av-special-heading-tag '  itemprop=\"headline\"  >Fondation Carbon Fri<\/h2><div class ='av-subheading av-subheading_below  ' style='font-size:15px;'><p>pour une \u00e9conomie fribourgeoise durable<\/p>\n<\/div><div class='special-heading-border'><div class='special-heading-inner-border' ><\/div><\/div><\/div><\/div><br \/>\n<div class=\"flex_column av_one_half  flex_column_div av-zero-column-padding first  avia-builder-el-2  el_after_av_one_full  el_before_av_one_half  column-top-margin\" style='border-radius:0px; '><section class=\"av_textblock_section \"  itemscope=\"itemscope\" itemtype=\"https:\/\/schema.org\/CreativeWork\" ><div class='avia_textblock  '   itemprop=\"text\" ><p>Cr\u00e9\u00e9e d\u00e9but 2018, la Fondation Carbon Fri a pour but de favoriser une r\u00e9duction des \u00e9missions de CO2 par les entreprises fribourgeoises.<\/p>\n<p>L&rsquo;entier des fonds r\u00e9colt\u00e9s par Carbon Fri est redonn\u00e9 dans le tissu \u00e9conomique fribourgeois en soutenant des projets locaux ne pouvant pas b\u00e9n\u00e9ficier des aides existantes.<\/p>\n<p><a href=\"https:\/\/www.carbonfri.ch\/\" target=\"_blank\" rel=\"noopener\">Vers le site web de Carbon Fri<\/a><\/p>\n<\/div><\/section><\/div><br \/>\n<div class=\"flex_column av_one_half  flex_column_div av-zero-column-padding   avia-builder-el-4  el_after_av_one_half  el_before_av_section  avia-builder-el-last  column-top-margin\" style='border-radius:0px; '><div  class='avia-image-container  av-styling-    avia-builder-el-5  avia-builder-el-no-sibling  avia-align-right '  itemprop=\"image\" itemscope=\"itemscope\" itemtype=\"https:\/\/schema.org\/ImageObject\"  ><div class='avia-image-container-inner'><div class='avia-image-overlay-wrap'><img decoding=\"async\" class='wp-image-0 avia-img-lazy-loading-not-0 avia_image' src=\"https:\/\/apartis.swiss\/site\/wp-content\/uploads\/2019\/10\/Carbon_fri_Neutre_couleurs-300x131.png\" alt='' title=''   itemprop=\"thumbnailUrl\"  \/><\/div><\/div><\/div><\/div><br \/>\n<\/div><\/div><\/div><!-- close content main div --><\/div><\/div><div id='av_section_1'  class='avia-section main_color avia-section-default avia-no-border-styling  avia-full-stretch avia-bg-style-scroll  avia-builder-el-6  el_after_av_one_half  el_before_av_one_half   av-minimum-height av-minimum-height-custom  container_wrap sidebar_right' style='background-repeat: no-repeat; background-image: url(https:\/\/apartis.swiss\/site\/wp-content\/uploads\/2019\/12\/nasa_spaceflight_pacific_ocean.jpg);background-attachment: scroll; background-position: top left;  '  data-section-bg-repeat='stretch'><div class='container' style='height:500px'><div class='template-page content  av-content-small alpha units'><div class='post-entry post-entry-type-page post-entry-8715'><div class='entry-content-wrapper clearfix'>\n<div class='flex_column_table av-equal-height-column-flextable -flextable' ><div class=\"flex_column av_two_fifth  flex_column_table_cell av-equal-height-column av-align-top first  avia-builder-el-7  el_before_av_two_fifth  avia-builder-el-first  \" style='padding:20px 30px 30px 30px ; background-color:rgba(255,255,255,0.82); border-radius:0px; '><section class=\"av_textblock_section \"  itemscope=\"itemscope\" itemtype=\"https:\/\/schema.org\/CreativeWork\" ><div class='avia_textblock  '  style='font-size:14px; '  itemprop=\"text\" ><ul>\n<li>LABEL<br \/>\nUn label est d\u00e9cern\u00e9 aux entreprises fribourgeoises soucieuses de leur impact \u00e9cologique;<\/li>\n<li>FONDS<br \/>\nUn fond aliment\u00e9 par les entreprises labellis\u00e9es permet de soutenir les projets locaux ne b\u00e9n\u00e9ficiant pas d&rsquo;aides existantes;<\/li>\n<\/ul>\n<\/div><\/section><\/div><div class='av-flex-placeholder'><\/div><div class=\"flex_column av_two_fifth  flex_column_table_cell av-equal-height-column av-align-top   avia-builder-el-9  el_after_av_two_fifth  avia-builder-el-last  \" style='padding:20px 30px 30px 30px ; background-color:rgba(255,255,255,0.82); border-radius:0px; '><section class=\"av_textblock_section \"  itemscope=\"itemscope\" itemtype=\"https:\/\/schema.org\/CreativeWork\" ><div class='avia_textblock  '   itemprop=\"text\" ><ul>\n<li>FORMATION<br \/>\nDes s\u00e9minaires et des formations sur des sujets li\u00e9s au d\u00e9veloppement durable sont r\u00e9guli\u00e8rement organis\u00e9s;<\/li>\n<li>COMMUNAUTE<br \/>\nCarbon Fri souhaite cr\u00e9er une communaut\u00e9 dynamique et active autour du d\u00e9veloppement durable.<\/li>\n<\/ul>\n<\/div><\/section><\/div><\/div><!--close column table wrapper. Autoclose: 1 -->\n<\/div><\/div><\/div><!-- close content main div --><\/div><\/div><div id='after_section_1'  class='main_color av_default_container_wrap container_wrap sidebar_right' style=' '  ><div class='container' ><div class='template-page content  av-content-small alpha units'><div class='post-entry post-entry-type-page post-entry-8715'><div class='entry-content-wrapper clearfix'><br \/>\n<div class=\"flex_column av_one_half  flex_column_div av-zero-column-padding first  avia-builder-el-11  el_after_av_section  el_before_av_one_half  avia-builder-el-first  \" style='border-radius:0px; '><p><div  style='padding-bottom:10px; ' class='av-special-heading av-special-heading-h4  blockquote modern-quote  avia-builder-el-12  el_before_av_textblock  avia-builder-el-first  '><h4 class='av-special-heading-tag '  itemprop=\"headline\"  >Apartis<\/h4><div class='special-heading-border'><div class='special-heading-inner-border' ><\/div><\/div><\/div><br \/>\n<section class=\"av_textblock_section \"  itemscope=\"itemscope\" itemtype=\"https:\/\/schema.org\/CreativeWork\" ><div class='avia_textblock  '   itemprop=\"text\" ><p>Apartis a obtenu le label \u00ab CARBON FRI \u00bb. La Fondation a rempli toutes les conditions requises et soumis tous les documents n\u00e9cessaires \u00e0 l\u2019obtention du label conform\u00e9ment au r\u00e8glement de labellisation du 15\/05\/2018.<\/p>\n<ul>\n<li>Date d&rsquo;\u00e9ch\u00e9ance: 04\/11\/2022<\/li>\n<li>Cat\u00e9gorie: Entreprise<\/li>\n<li>Label: CH-L681-2021-044<\/li>\n<li>Statut:\u00a0actif<\/li>\n<li>[T\u00e9l\u00e9chargement introuvable]<\/li>\n<\/ul>\n<\/div><\/section><\/p><\/div><div class=\"flex_column av_one_half  flex_column_div av-zero-column-padding   avia-builder-el-14  el_after_av_one_half  avia-builder-el-last  \" style='border-radius:0px; '><p><div  style='padding-bottom:10px; ' class='av-special-heading av-special-heading-h4  blockquote modern-quote  avia-builder-el-15  el_before_av_textblock  avia-builder-el-first  '><h4 class='av-special-heading-tag '  itemprop=\"headline\"  >Calculateur CO<sub>2<\/sub><\/h4><div class='special-heading-border'><div class='special-heading-inner-border' ><\/div><\/div><\/div><br \/>\n<section class=\"av_textblock_section \"  itemscope=\"itemscope\" itemtype=\"https:\/\/schema.org\/CreativeWork\" ><div class='avia_textblock  '   itemprop=\"text\" ><p>Quantifiez les \u00e9missions CO2 de vos voyages et investissez dans des projet locaux !<\/p>\n<p>Carbon Fri offre aux habitants du canton de Fribourg la possibilit\u00e9 de quantifier les \u00e9missions de CO2\u00a0de leurs voyages et d&rsquo;investir dans des projets de r\u00e9duction des \u00e9missions CO2\u00a0dans le canton.<\/p>\n<p>Rendez-vous simplement sur le <a href=\"https:\/\/www.carbonfri.ch\/calculateurco2\" target=\"_blank\" rel=\"noopener noreferrer\">calculateur CO2<\/a> de Carbon Fri pour conna\u00eetre vos \u00e9missions de carbone.<\/p>\n<\/div><\/section><\/p><\/div><\/p>\n","protected":false},"excerpt":{"rendered":"","protected":false},"author":2,"featured_media":0,"parent":62,"menu_order":5,"comment_status":"closed","ping_status":"closed","template":"","meta":{"footnotes":""},"class_list":["post-8715","page","type-page","status-publish","hentry"],"publishpress_future_action":{"enabled":false,"date":"2026-09-08 08:05:23","action":"change-status","newStatus":"draft","terms":[],"taxonomy":"translation_priority"},"_links":{"self":[{"href":"https:\/\/apartis.swiss\/site\/wp-json\/wp\/v2\/pages\/8715"}],"collection":[{"href":"https:\/\/apartis.swiss\/site\/wp-json\/wp\/v2\/pages"}],"about":[{"href":"https:\/\/apartis.swiss\/site\/wp-json\/wp\/v2\/types\/page"}],"author":[{"embeddable":true,"href":"https:\/\/apartis.swiss\/site\/wp-json\/wp\/v2\/users\/2"}],"replies":[{"embeddable":true,"href":"https:\/\/apartis.swiss\/site\/wp-json\/wp\/v2\/comments?post=8715"}],"version-history":[{"count":0,"href":"https:\/\/apartis.swiss\/site\/wp-json\/wp\/v2\/pages\/8715\/revisions"}],"up":[{"embeddable":true,"href":"https:\/\/apartis.swiss\/site\/wp-json\/wp\/v2\/pages\/62"}],"wp:attachment":[{"href":"https:\/\/apartis.swiss\/site\/wp-json\/wp\/v2\/media?parent=8715"}],"curies":[{"name":"wp","href":"https:\/\/api.w.org\/{rel}","templated":true}]}}

<p><div class="flex_column av_one_full  flex_column_div av-zero-column-padding first  avia-builder-el-0  el_before_av_one_half  avia-builder-el-first  " style='border-radius:0px; '><div  style='padding-bottom:10px; ' class='av-special-heading av-special-heading-h2  blockquote modern-quote  avia-builder-el-1  avia-builder-el-no-sibling  '><h2 class='av-special-heading-tag '  itemprop="headline"  >Fondation Carbon Fri</h2><div class ='av-subheading av-subheading_below  ' style='font-size:15px;'><p>pour une économie fribourgeoise durable</p>
</div><div class='special-heading-border'><div class='special-heading-inner-border' ></div></div></div></div><br />
<div class="flex_column av_one_half  flex_column_div av-zero-column-padding first  avia-builder-el-2  el_after_av_one_full  el_before_av_one_half  column-top-margin" style='border-radius:0px; '><section class="av_textblock_section "  itemscope="itemscope" itemtype="https://schema.org/CreativeWork" ><div class='avia_textblock  '   itemprop="text" ><p>Créée début 2018, la Fondation Carbon Fri a pour but de favoriser une réduction des émissions de CO2 par les entreprises fribourgeoises.</p>
<p>L&rsquo;entier des fonds récoltés par Carbon Fri est redonné dans le tissu économique fribourgeois en soutenant des projets locaux ne pouvant pas bénéficier des aides existantes.</p>
<p><a href="https://www.carbonfri.ch/" target="_blank" rel="noopener">Vers le site web de Carbon Fri</a></p>
</div></section></div><br />
<div class="flex_column av_one_half  flex_column_div av-zero-column-padding   avia-builder-el-4  el_after_av_one_half  el_before_av_section  avia-builder-el-last  column-top-margin" style='border-radius:0px; '><div  class='avia-image-container  av-styling-    avia-builder-el-5  avia-builder-el-no-sibling  avia-align-right '  itemprop="image" itemscope="itemscope" itemtype="https://schema.org/ImageObject"  ><div class='avia-image-container-inner'><div class='avia-image-overlay-wrap'><img decoding="async" class='wp-image-0 avia-img-lazy-loading-not-0 avia_image' src="https://apartis.swiss/site/wp-content/uploads/2019/10/Carbon_fri_Neutre_couleurs-300x131.png" alt='' title=''   itemprop="thumbnailUrl"  /></div></div></div></div><br />
</div></div></div><!-- close content main div --></div></div><div id='av_section_1'  class='avia-section main_color avia-section-default avia-no-border-styling  avia-full-stretch avia-bg-style-scroll  avia-builder-el-6  el_after_av_one_half  el_before_av_one_half   av-minimum-height av-minimum-height-custom  container_wrap sidebar_right' style='background-repeat: no-repeat; background-image: url(https://apartis.swiss/site/wp-content/uploads/2019/12/nasa_spaceflight_pacific_ocean.jpg);background-attachment: scroll; background-position: top left;  '  data-section-bg-repeat='stretch'><div class='container' style='height:500px'><div class='template-page content  av-content-small alpha units'><div class='post-entry post-entry-type-page post-entry-8715'><div class='entry-content-wrapper clearfix'>
<div class='flex_column_table av-equal-height-column-flextable -flextable' ><div class="flex_column av_two_fifth  flex_column_table_cell av-equal-height-column av-align-top first  avia-builder-el-7  el_before_av_two_fifth  avia-builder-el-first  " style='padding:20px 30px 30px 30px ; background-color:rgba(255,255,255,0.82); border-radius:0px; '><section class="av_textblock_section "  itemscope="itemscope" itemtype="https://schema.org/CreativeWork" ><div class='avia_textblock  '  style='font-size:14px; '  itemprop="text" ><ul>
<li>LABEL<br />
Un label est décerné aux entreprises fribourgeoises soucieuses de leur impact écologique;</li>
<li>FONDS<br />
Un fond alimenté par les entreprises labellisées permet de soutenir les projets locaux ne bénéficiant pas d&rsquo;aides existantes;</li>
</ul>
</div></section></div><div class='av-flex-placeholder'></div><div class="flex_column av_two_fifth  flex_column_table_cell av-equal-height-column av-align-top   avia-builder-el-9  el_after_av_two_fifth  avia-builder-el-last  " style='padding:20px 30px 30px 30px ; background-color:rgba(255,255,255,0.82); border-radius:0px; '><section class="av_textblock_section "  itemscope="itemscope" itemtype="https://schema.org/CreativeWork" ><div class='avia_textblock  '   itemprop="text" ><ul>
<li>FORMATION<br />
Des séminaires et des formations sur des sujets liés au développement durable sont régulièrement organisés;</li>
<li>COMMUNAUTE<br />
Carbon Fri souhaite créer une communauté dynamique et active autour du développement durable.</li>
</ul>
</div></section></div></div><!--close column table wrapper. Autoclose: 1 -->
</div></div></div><!-- close content main div --></div></div><div id='after_section_1'  class='main_color av_default_container_wrap container_wrap sidebar_right' style=' '  ><div class='container' ><div class='template-page content  av-content-small alpha units'><div class='post-entry post-entry-type-page post-entry-8715'><div class='entry-content-wrapper clearfix'><br />
<div class="flex_column av_one_half  flex_column_div av-zero-column-padding first  avia-builder-el-11  el_after_av_section  el_before_av_one_half  avia-builder-el-first  " style='border-radius:0px; '><p><div  style='padding-bottom:10px; ' class='av-special-heading av-special-heading-h4  blockquote modern-quote  avia-builder-el-12  el_before_av_textblock  avia-builder-el-first  '><h4 class='av-special-heading-tag '  itemprop="headline"  >Apartis</h4><div class='special-heading-border'><div class='special-heading-inner-border' ></div></div></div><br />
<section class="av_textblock_section "  itemscope="itemscope" itemtype="https://schema.org/CreativeWork" ><div class='avia_textblock  '   itemprop="text" ><p>Apartis a obtenu le label « CARBON FRI ». La Fondation a rempli toutes les conditions requises et soumis tous les documents nécessaires à l’obtention du label conformément au règlement de labellisation du 15/05/2018.</p>
<ul>
<li>Date d&rsquo;échéance: 04/11/2022</li>
<li>Catégorie: Entreprise</li>
<li>Label: CH-L681-2021-044</li>
<li>Statut: actif</li>
<li>[Téléchargement introuvable]</li>
</ul>
</div></section></p></div><div class="flex_column av_one_half  flex_column_div av-zero-column-padding   avia-builder-el-14  el_after_av_one_half  avia-builder-el-last  " style='border-radius:0px; '><p><div  style='padding-bottom:10px; ' class='av-special-heading av-special-heading-h4  blockquote modern-quote  avia-builder-el-15  el_before_av_textblock  avia-builder-el-first  '><h4 class='av-special-heading-tag '  itemprop="headline"  >Calculateur CO<sub>2</sub></h4><div class='special-heading-border'><div class='special-heading-inner-border' ></div></div></div><br />
<section class="av_textblock_section "  itemscope="itemscope" itemtype="https://schema.org/CreativeWork" ><div class='avia_textblock  '   itemprop="text" ><p>Quantifiez les émissions CO2 de vos voyages et investissez dans des projet locaux !</p>
<p>Carbon Fri offre aux habitants du canton de Fribourg la possibilité de quantifier les émissions de CO2 de leurs voyages et d&rsquo;investir dans des projets de réduction des émissions CO2 dans le canton.</p>
<p>Rendez-vous simplement sur le <a href="https://www.carbonfri.ch/calculateurco2" target="_blank" rel="noopener noreferrer">calculateur CO2</a> de Carbon Fri pour connaître vos émissions de carbone.</p>
</div></section></p></div></p>
