{"id":7404,"date":"2019-05-20T17:05:06","date_gmt":"2019-05-20T15:05:06","guid":{"rendered":"https:\/\/apartis.swiss\/apartis\/developpement-durable-3\/"},"modified":"2024-04-23T13:09:33","modified_gmt":"2024-04-23T11:09:33","slug":"2000watts","status":"publish","type":"page","link":"https:\/\/apartis.swiss\/site\/apartis\/2000watts\/","title":{"rendered":"Soci\u00e9t\u00e9 2000 Watts"},"content":{"rendered":"<p><div class=\"flex_column av_one_full  flex_column_div av-zero-column-padding first  avia-builder-el-0  el_before_av_two_third  avia-builder-el-first  \" style='border-radius:0px; '><div  style='padding-bottom:10px; ' class='av-special-heading av-special-heading-h2  blockquote modern-quote  avia-builder-el-1  avia-builder-el-no-sibling  '><h2 class='av-special-heading-tag '  itemprop=\"headline\"  >Site 2000 Watt<\/h2><div class='special-heading-border'><div class='special-heading-inner-border' ><\/div><\/div><\/div><\/div><br \/>\n<div class=\"flex_column av_two_third  flex_column_div av-zero-column-padding first  avia-builder-el-2  el_after_av_one_full  el_before_av_one_third  column-top-margin\" style='border-radius:0px; '><p><div  style='padding-bottom:10px; ' class='av-special-heading av-special-heading-h3  blockquote modern-quote  avia-builder-el-3  el_before_av_textblock  avia-builder-el-first  '><h3 class='av-special-heading-tag '  itemprop=\"headline\"  >La Fonderie labellis\u00e9 \u00ab Site 2000 Watt \u00bb<\/h3><div class='special-heading-border'><div class='special-heading-inner-border' ><\/div><\/div><\/div><br \/>\n<section class=\"av_textblock_section \"  itemscope=\"itemscope\" itemtype=\"https:\/\/schema.org\/CreativeWork\" ><div class='avia_textblock  '   itemprop=\"text\" ><p><img loading=\"lazy\" decoding=\"async\" class=\"alignright wp-image-7429\" src=\"https:\/\/apartis.swiss\/site\/wp-content\/uploads\/2019\/05\/2000Watt-Areal-photo-300x209.png\" alt=\"\" width=\"100\" height=\"70\" srcset=\"https:\/\/apartis.swiss\/site\/wp-content\/uploads\/2019\/05\/2000Watt-Areal-photo-300x209.png 300w, https:\/\/apartis.swiss\/site\/wp-content\/uploads\/2019\/05\/2000Watt-Areal-photo-260x185.png 260w, https:\/\/apartis.swiss\/site\/wp-content\/uploads\/2019\/05\/2000Watt-Areal-photo-450x313.png 450w, https:\/\/apartis.swiss\/site\/wp-content\/uploads\/2019\/05\/2000Watt-Areal-photo.png 575w\" sizes=\"(max-width: 100px) 100vw, 100px\" \/>La fondation Apartis s\u2019oriente, avec son engagement social et \u00e9cologique, aux objectifs de la soci\u00e9t\u00e9 \u00e0 2000 watts.<\/p>\n<p>Nous avons rassembl\u00e9 les informations les plus importantes.<\/p>\n<ul>\n<li>Apartis contribue \u00e0 la r\u00e9duction de la charge environnementale par l\u2019utilisation plus efficace de l\u2019\u00e9nergie, l\u2019\u00e9nergie renouvelable et sa propre production d\u2019\u00e9nergie par photovolta\u00efque.<\/li>\n<li>Le complexe r\u00e9sidentiel a \u00e9t\u00e9 con\u00e7u pour le transport publique et la mobilit\u00e9 douce. Les voitures sont \u00e0 utiliser uniquement en cas exceptionnel.<\/li>\n<\/ul>\n<p>Nous remercions nos locataires de soutenir activement nos objectifs. Plus d\u2019informations sur le th\u00e8me de la soci\u00e9t\u00e9 \u00e0 2000 watts sous <a href=\"https:\/\/www.local-energy.swiss\/fr\/programme\/2000-watt-gesellschaft.html#\/\" target=\"_blank\" rel=\"noopener\">https:\/\/www.local-energy.swiss\/fr\/programme\/2000-watt-gesellschaft.html#\/<\/a>\u00a0 ou <a href=\"https:\/\/www.admin.ch\/gov\/fr\/accueil\/documentation\/communiques.msg-id-12194.html\" target=\"_blank\" rel=\"noopener\" class=\"broken_link\">Le but et le chemin : la soci\u00e9t\u00e9 \u00e0 2000 watts (admin.ch)<\/a><\/p>\n[T\u00e9l\u00e9chargement introuvable]\n<\/div><\/section><\/p><\/div><br \/>\n<div class=\"flex_column av_one_third  flex_column_div av-zero-column-padding   avia-builder-el-5  el_after_av_two_third  el_before_av_hr  column-top-margin\" style='border-radius:0px; '><p><div  style='padding-bottom:10px; ' class='av-special-heading av-special-heading-h3  blockquote modern-quote  avia-builder-el-6  el_before_av_textblock  avia-builder-el-first  '><h3 class='av-special-heading-tag '  itemprop=\"headline\"  >Quelques liens utiles<\/h3><div class='special-heading-border'><div class='special-heading-inner-border' ><\/div><\/div><\/div><br \/>\n<section class=\"av_textblock_section \"  itemscope=\"itemscope\" itemtype=\"https:\/\/schema.org\/CreativeWork\" ><div class='avia_textblock  '   itemprop=\"text\" ><ul>\n<li>Pourquoi le site de la Fonderie \u00e0 Fribourg a re\u00e7u le label \u00ab site 2000 Watts \u00bb : <a href=\"https:\/\/shorturl.at\/mpFP8\" target=\"_blank\" rel=\"noopener noreferrer\" class=\"broken_link\">fiche d&rsquo;information 2000Watt<\/a><\/li>\n<li><a href=\"https:\/\/apartis.swiss\/site\/wp-content\/plugins\/download-monitor\/download.php?id=239\" target=\"_blank\" rel=\"noopener\" class=\"broken_link\">Charte du locataire du Site 2000 Watt de la Fonderie<\/a><\/li>\n<li><a href=\"https:\/\/www.ville-fribourg.ch\/transport-mobilite\/velos\" target=\"_blank\" rel=\"noopener\">Privil\u00e9giez le v\u00e9lo \u00e0 Fribourg<\/a><\/li>\n<li><a href=\"https:\/\/www.publibike.ch\/de\/home\" target=\"_blank\" rel=\"noopener\">Publibike \u00e0 Fribourg<\/a><\/li>\n<li><a href=\"https:\/\/www.ville-fribourg.ch\/transport-mobilite\/transports-publics\" target=\"_blank\" rel=\"noopener\">Transports publics et cartes journali\u00e8res<\/a><\/li>\n<li><a href=\"https:\/\/www.mobility.ch\/fr\/clients-prives\" target=\"_blank\" rel=\"noopener\">Location de voiture Mobility<\/a><\/li>\n<li><a href=\"https:\/\/www.unifr.ch\/campuscard\/fr\/prestations\/mobility.html\">Mobility pour les \u00e9tudiants de l&rsquo;UNIFR<\/a><\/li>\n<li><a href=\"https:\/\/apartis.swiss\/info-locataires\/reduire-ses-emissions-co2\/\">R\u00e9duire ses \u00e9missions CO<sub>2<\/sub><\/a><\/li>\n<\/ul>\n<\/div><\/section><\/p><\/div><div   class='hr hr-default   avia-builder-el-8  el_after_av_one_third  el_before_av_one_full '><span class='hr-inner ' ><span class='hr-inner-style'><\/span><\/span><\/div><br \/>\n<div class=\"flex_column av_one_full  flex_column_div av-zero-column-padding first  avia-builder-el-9  el_after_av_hr  avia-builder-el-last  \" style='border-radius:0px; '><\/div><\/p>\n","protected":false},"excerpt":{"rendered":"","protected":false},"author":2,"featured_media":0,"parent":62,"menu_order":6,"comment_status":"open","ping_status":"closed","template":"","meta":{"footnotes":""},"class_list":["post-7404","page","type-page","status-publish","hentry"],"publishpress_future_action":{"enabled":false,"date":"2026-09-08 07:32:53","action":"change-status","newStatus":"draft","terms":[],"taxonomy":"translation_priority"},"_links":{"self":[{"href":"https:\/\/apartis.swiss\/site\/wp-json\/wp\/v2\/pages\/7404"}],"collection":[{"href":"https:\/\/apartis.swiss\/site\/wp-json\/wp\/v2\/pages"}],"about":[{"href":"https:\/\/apartis.swiss\/site\/wp-json\/wp\/v2\/types\/page"}],"author":[{"embeddable":true,"href":"https:\/\/apartis.swiss\/site\/wp-json\/wp\/v2\/users\/2"}],"replies":[{"embeddable":true,"href":"https:\/\/apartis.swiss\/site\/wp-json\/wp\/v2\/comments?post=7404"}],"version-history":[{"count":3,"href":"https:\/\/apartis.swiss\/site\/wp-json\/wp\/v2\/pages\/7404\/revisions"}],"predecessor-version":[{"id":14313,"href":"https:\/\/apartis.swiss\/site\/wp-json\/wp\/v2\/pages\/7404\/revisions\/14313"}],"up":[{"embeddable":true,"href":"https:\/\/apartis.swiss\/site\/wp-json\/wp\/v2\/pages\/62"}],"wp:attachment":[{"href":"https:\/\/apartis.swiss\/site\/wp-json\/wp\/v2\/media?parent=7404"}],"curies":[{"name":"wp","href":"https:\/\/api.w.org\/{rel}","templated":true}]}}

Société 2000 Watts

<p><div class="flex_column av_one_full  flex_column_div av-zero-column-padding first  avia-builder-el-0  el_before_av_two_third  avia-builder-el-first  " style='border-radius:0px; '><div  style='padding-bottom:10px; ' class='av-special-heading av-special-heading-h2  blockquote modern-quote  avia-builder-el-1  avia-builder-el-no-sibling  '><h2 class='av-special-heading-tag '  itemprop="headline"  >Site 2000 Watt</h2><div class='special-heading-border'><div class='special-heading-inner-border' ></div></div></div></div><br />
<div class="flex_column av_two_third  flex_column_div av-zero-column-padding first  avia-builder-el-2  el_after_av_one_full  el_before_av_one_third  column-top-margin" style='border-radius:0px; '><p><div  style='padding-bottom:10px; ' class='av-special-heading av-special-heading-h3  blockquote modern-quote  avia-builder-el-3  el_before_av_textblock  avia-builder-el-first  '><h3 class='av-special-heading-tag '  itemprop="headline"  >La Fonderie labellisé « Site 2000 Watt »</h3><div class='special-heading-border'><div class='special-heading-inner-border' ></div></div></div><br />
<section class="av_textblock_section "  itemscope="itemscope" itemtype="https://schema.org/CreativeWork" ><div class='avia_textblock  '   itemprop="text" ><p><img loading="lazy" decoding="async" class="alignright wp-image-7429" src="https://apartis.swiss/site/wp-content/uploads/2019/05/2000Watt-Areal-photo-300x209.png" alt="" width="100" height="70" srcset="https://apartis.swiss/site/wp-content/uploads/2019/05/2000Watt-Areal-photo-300x209.png 300w, https://apartis.swiss/site/wp-content/uploads/2019/05/2000Watt-Areal-photo-260x185.png 260w, https://apartis.swiss/site/wp-content/uploads/2019/05/2000Watt-Areal-photo-450x313.png 450w, https://apartis.swiss/site/wp-content/uploads/2019/05/2000Watt-Areal-photo.png 575w" sizes="(max-width: 100px) 100vw, 100px" />La fondation Apartis s’oriente, avec son engagement social et écologique, aux objectifs de la société à 2000 watts.</p>
<p>Nous avons rassemblé les informations les plus importantes.</p>
<ul>
<li>Apartis contribue à la réduction de la charge environnementale par l’utilisation plus efficace de l’énergie, l’énergie renouvelable et sa propre production d’énergie par photovoltaïque.</li>
<li>Le complexe résidentiel a été conçu pour le transport publique et la mobilité douce. Les voitures sont à utiliser uniquement en cas exceptionnel.</li>
</ul>
<p>Nous remercions nos locataires de soutenir activement nos objectifs. Plus d’informations sur le thème de la société à 2000 watts sous <a href="https://www.local-energy.swiss/fr/programme/2000-watt-gesellschaft.html#/" target="_blank" rel="noopener">https://www.local-energy.swiss/fr/programme/2000-watt-gesellschaft.html#/</a>  ou <a href="https://www.admin.ch/gov/fr/accueil/documentation/communiques.msg-id-12194.html" target="_blank" rel="noopener" class="broken_link">Le but et le chemin : la société à 2000 watts (admin.ch)</a></p>
[Téléchargement introuvable]
</div></section></p></div><br />
<div class="flex_column av_one_third  flex_column_div av-zero-column-padding   avia-builder-el-5  el_after_av_two_third  el_before_av_hr  column-top-margin" style='border-radius:0px; '><p><div  style='padding-bottom:10px; ' class='av-special-heading av-special-heading-h3  blockquote modern-quote  avia-builder-el-6  el_before_av_textblock  avia-builder-el-first  '><h3 class='av-special-heading-tag '  itemprop="headline"  >Quelques liens utiles</h3><div class='special-heading-border'><div class='special-heading-inner-border' ></div></div></div><br />
<section class="av_textblock_section "  itemscope="itemscope" itemtype="https://schema.org/CreativeWork" ><div class='avia_textblock  '   itemprop="text" ><ul>
<li>Pourquoi le site de la Fonderie à Fribourg a reçu le label « site 2000 Watts » : <a href="https://shorturl.at/mpFP8" target="_blank" rel="noopener noreferrer" class="broken_link">fiche d&rsquo;information 2000Watt</a></li>
<li><a href="https://apartis.swiss/site/wp-content/plugins/download-monitor/download.php?id=239" target="_blank" rel="noopener" class="broken_link">Charte du locataire du Site 2000 Watt de la Fonderie</a></li>
<li><a href="https://www.ville-fribourg.ch/transport-mobilite/velos" target="_blank" rel="noopener">Privilégiez le vélo à Fribourg</a></li>
<li><a href="https://www.publibike.ch/de/home" target="_blank" rel="noopener">Publibike à Fribourg</a></li>
<li><a href="https://www.ville-fribourg.ch/transport-mobilite/transports-publics" target="_blank" rel="noopener">Transports publics et cartes journalières</a></li>
<li><a href="https://www.mobility.ch/fr/clients-prives" target="_blank" rel="noopener">Location de voiture Mobility</a></li>
<li><a href="https://www.unifr.ch/campuscard/fr/prestations/mobility.html">Mobility pour les étudiants de l&rsquo;UNIFR</a></li>
<li><a href="https://apartis.swiss/info-locataires/reduire-ses-emissions-co2/">Réduire ses émissions CO<sub>2</sub></a></li>
</ul>
</div></section></p></div><div   class='hr hr-default   avia-builder-el-8  el_after_av_one_third  el_before_av_one_full '><span class='hr-inner ' ><span class='hr-inner-style'></span></span></div><br />
<div class="flex_column av_one_full  flex_column_div av-zero-column-padding first  avia-builder-el-9  el_after_av_hr  avia-builder-el-last  " style='border-radius:0px; '></div></p>
