{"id":407,"date":"2017-08-29T16:20:47","date_gmt":"2017-08-29T14:20:47","guid":{"rendered":"http:\/\/apartis.swiss\/site\/?page_id=407\/"},"modified":"2022-03-10T10:52:52","modified_gmt":"2022-03-10T09:52:52","slug":"developpement-durable","status":"publish","type":"page","link":"https:\/\/apartis.swiss\/site\/apartis\/developpement-durable\/","title":{"rendered":"D\u00e9veloppement durable"},"content":{"rendered":"<div class=\"flex_column av_one_full  flex_column_div av-zero-column-padding first  avia-builder-el-0  el_before_av_one_full  avia-builder-el-first  \" style='border-radius:0px; '><p><div  style='padding-bottom:10px; ' class='av-special-heading av-special-heading-h2  blockquote modern-quote  avia-builder-el-1  el_before_av_textblock  avia-builder-el-first  '><h2 class='av-special-heading-tag '  itemprop=\"headline\"  >D\u00e9veloppement durable<\/h2><div class='special-heading-border'><div class='special-heading-inner-border' ><\/div><\/div><\/div><br \/>\n<section class=\"av_textblock_section \"  itemscope=\"itemscope\" itemtype=\"https:\/\/schema.org\/CreativeWork\" ><div class='avia_textblock  '   itemprop=\"text\" ><p>La Fondation Apartis s\u2019engage en faveur du d\u00e9veloppement durable afin de r\u00e9duire ses co\u00fbts, de mieux g\u00e9rer les risques et de cr\u00e9er des opportunit\u00e9s.<\/p>\n<\/div><\/section><\/p><\/div><div class=\"flex_column av_one_full  flex_column_div av-zero-column-padding first  avia-builder-el-3  el_after_av_one_full  el_before_av_one_full  column-top-margin\" style='border-radius:0px; '><p><div  style='padding-bottom:0px; ' class='av-special-heading av-special-heading-h4  blockquote modern-quote  avia-builder-el-4  el_before_av_textblock  avia-builder-el-first  '><h4 class='av-special-heading-tag '  itemprop=\"headline\"  >Solidarit\u00e9 sociale<\/h4><div class='special-heading-border'><div class='special-heading-inner-border' ><\/div><\/div><\/div><br \/>\n<section class=\"av_textblock_section \"  itemscope=\"itemscope\" itemtype=\"https:\/\/schema.org\/CreativeWork\" ><div class='avia_textblock  '   itemprop=\"text\" ><p>Apartis prend en compte la dimension sociale du d\u00e9veloppement durable depuis plusieurs ann\u00e9es d\u00e9j\u00e0 puisqu\u2019elle a pour but d\u2019offrir des logements \u00e0 prix mod\u00e9r\u00e9s et adapt\u00e9s aux besoins des \u00e9tudiants. Elle permet \u00e0 ses employ\u00e9s de concilier vie professionnelle et vie familiale et encourage la formation continue.<\/p>\n<\/div><\/section><\/p><\/div><div class=\"flex_column av_one_full  flex_column_div av-zero-column-padding first  avia-builder-el-6  el_after_av_one_full  avia-builder-el-last  column-top-margin\" style='border-radius:0px; '><p><div  style='padding-bottom:0px; ' class='av-special-heading av-special-heading-h4  blockquote modern-quote  avia-builder-el-7  el_before_av_textblock  avia-builder-el-first  '><h4 class='av-special-heading-tag '  itemprop=\"headline\"  >Responsabilit\u00e9 environnementale<\/h4><div class='special-heading-border'><div class='special-heading-inner-border' ><\/div><\/div><\/div><br \/>\n<section class=\"av_textblock_section \"  itemscope=\"itemscope\" itemtype=\"https:\/\/schema.org\/CreativeWork\" ><div class='avia_textblock  '   itemprop=\"text\" ><p>Depuis 2008, la Fondation s\u2019est \u00e9galement engag\u00e9e en mati\u00e8re de responsabilit\u00e9 environnementale en mettant sur pied un projet qui vise \u00e0 \u00e9conomiser 20% de sa consommation de mazout, de gaz, d\u2019eau et d\u2019\u00e9lectricit\u00e9 sur la p\u00e9riode 2009-2013.<\/p>\n<p><img loading=\"lazy\" decoding=\"async\" class=\"alignright size-square wp-image-7541\" src=\"https:\/\/apartis.swiss\/site\/wp-content\/uploads\/2019\/05\/A_reporting_CMYK_M-180x180.jpg\" alt=\"\" width=\"180\" height=\"180\" srcset=\"https:\/\/apartis.swiss\/site\/wp-content\/uploads\/2019\/05\/A_reporting_CMYK_M-180x180.jpg 180w, https:\/\/apartis.swiss\/site\/wp-content\/uploads\/2019\/05\/A_reporting_CMYK_M-80x80.jpg 80w, https:\/\/apartis.swiss\/site\/wp-content\/uploads\/2019\/05\/A_reporting_CMYK_M-36x36.jpg 36w, https:\/\/apartis.swiss\/site\/wp-content\/uploads\/2019\/05\/A_reporting_CMYK_M-120x120.jpg 120w, https:\/\/apartis.swiss\/site\/wp-content\/uploads\/2019\/05\/A_reporting_CMYK_M.jpg 225w\" sizes=\"(max-width: 180px) 100vw, 180px\" \/>Depuis 2013, Apartis \u00e9tablit en collaboration avec la soci\u00e9t\u00e9 Climate Services son <a href=\"https:\/\/apartis.swiss\/apartis\/bilan-co2\/\">bilan CO2<\/a>.<\/p>\n<p>Les mesures pr\u00e9vues dans le but de r\u00e9duire davantage les \u00e9missions CO2 dans le courant 2019 sont toujours identiques aux ann\u00e9es pr\u00e9c\u00e9dentes, \u00e0 savoir :<\/p>\n<ul>\n<li>Campagne d&rsquo;affichage \u00e0 l&rsquo;entr\u00e9e des b\u00e2timents, envoi courriel, flyers \u00e0 tous les locataires pour les sensibiliser \u00e0 l&rsquo;\u00e9conomie d&rsquo;\u00e9nergies;<\/li>\n<li>Installation g\u00e9n\u00e9ralis\u00e9e du syst\u00e8me de gestion du chauffage selon les pr\u00e9visions m\u00e9t\u00e9orologiques.<\/li>\n<\/ul>\n<\/div><\/section><\/p><\/div><\/p>\n","protected":false},"excerpt":{"rendered":"","protected":false},"author":2,"featured_media":0,"parent":62,"menu_order":3,"comment_status":"closed","ping_status":"closed","template":"","meta":{"footnotes":""},"class_list":["post-407","page","type-page","status-publish","hentry"],"publishpress_future_action":{"enabled":false,"date":"2026-09-08 07:32:51","action":"change-status","newStatus":"draft","terms":[],"taxonomy":"translation_priority"},"_links":{"self":[{"href":"https:\/\/apartis.swiss\/site\/wp-json\/wp\/v2\/pages\/407"}],"collection":[{"href":"https:\/\/apartis.swiss\/site\/wp-json\/wp\/v2\/pages"}],"about":[{"href":"https:\/\/apartis.swiss\/site\/wp-json\/wp\/v2\/types\/page"}],"author":[{"embeddable":true,"href":"https:\/\/apartis.swiss\/site\/wp-json\/wp\/v2\/users\/2"}],"replies":[{"embeddable":true,"href":"https:\/\/apartis.swiss\/site\/wp-json\/wp\/v2\/comments?post=407"}],"version-history":[{"count":1,"href":"https:\/\/apartis.swiss\/site\/wp-json\/wp\/v2\/pages\/407\/revisions"}],"predecessor-version":[{"id":13879,"href":"https:\/\/apartis.swiss\/site\/wp-json\/wp\/v2\/pages\/407\/revisions\/13879"}],"up":[{"embeddable":true,"href":"https:\/\/apartis.swiss\/site\/wp-json\/wp\/v2\/pages\/62"}],"wp:attachment":[{"href":"https:\/\/apartis.swiss\/site\/wp-json\/wp\/v2\/media?parent=407"}],"curies":[{"name":"wp","href":"https:\/\/api.w.org\/{rel}","templated":true}]}}

Développement durable

<div class="flex_column av_one_full  flex_column_div av-zero-column-padding first  avia-builder-el-0  el_before_av_one_full  avia-builder-el-first  " style='border-radius:0px; '><p><div  style='padding-bottom:10px; ' class='av-special-heading av-special-heading-h2  blockquote modern-quote  avia-builder-el-1  el_before_av_textblock  avia-builder-el-first  '><h2 class='av-special-heading-tag '  itemprop="headline"  >Développement durable</h2><div class='special-heading-border'><div class='special-heading-inner-border' ></div></div></div><br />
<section class="av_textblock_section "  itemscope="itemscope" itemtype="https://schema.org/CreativeWork" ><div class='avia_textblock  '   itemprop="text" ><p>La Fondation Apartis s’engage en faveur du développement durable afin de réduire ses coûts, de mieux gérer les risques et de créer des opportunités.</p>
</div></section></p></div><div class="flex_column av_one_full  flex_column_div av-zero-column-padding first  avia-builder-el-3  el_after_av_one_full  el_before_av_one_full  column-top-margin" style='border-radius:0px; '><p><div  style='padding-bottom:0px; ' class='av-special-heading av-special-heading-h4  blockquote modern-quote  avia-builder-el-4  el_before_av_textblock  avia-builder-el-first  '><h4 class='av-special-heading-tag '  itemprop="headline"  >Solidarité sociale</h4><div class='special-heading-border'><div class='special-heading-inner-border' ></div></div></div><br />
<section class="av_textblock_section "  itemscope="itemscope" itemtype="https://schema.org/CreativeWork" ><div class='avia_textblock  '   itemprop="text" ><p>Apartis prend en compte la dimension sociale du développement durable depuis plusieurs années déjà puisqu’elle a pour but d’offrir des logements à prix modérés et adaptés aux besoins des étudiants. Elle permet à ses employés de concilier vie professionnelle et vie familiale et encourage la formation continue.</p>
</div></section></p></div><div class="flex_column av_one_full  flex_column_div av-zero-column-padding first  avia-builder-el-6  el_after_av_one_full  avia-builder-el-last  column-top-margin" style='border-radius:0px; '><p><div  style='padding-bottom:0px; ' class='av-special-heading av-special-heading-h4  blockquote modern-quote  avia-builder-el-7  el_before_av_textblock  avia-builder-el-first  '><h4 class='av-special-heading-tag '  itemprop="headline"  >Responsabilité environnementale</h4><div class='special-heading-border'><div class='special-heading-inner-border' ></div></div></div><br />
<section class="av_textblock_section "  itemscope="itemscope" itemtype="https://schema.org/CreativeWork" ><div class='avia_textblock  '   itemprop="text" ><p>Depuis 2008, la Fondation s’est également engagée en matière de responsabilité environnementale en mettant sur pied un projet qui vise à économiser 20% de sa consommation de mazout, de gaz, d’eau et d’électricité sur la période 2009-2013.</p>
<p><img loading="lazy" decoding="async" class="alignright size-square wp-image-7541" src="https://apartis.swiss/site/wp-content/uploads/2019/05/A_reporting_CMYK_M-180x180.jpg" alt="" width="180" height="180" srcset="https://apartis.swiss/site/wp-content/uploads/2019/05/A_reporting_CMYK_M-180x180.jpg 180w, https://apartis.swiss/site/wp-content/uploads/2019/05/A_reporting_CMYK_M-80x80.jpg 80w, https://apartis.swiss/site/wp-content/uploads/2019/05/A_reporting_CMYK_M-36x36.jpg 36w, https://apartis.swiss/site/wp-content/uploads/2019/05/A_reporting_CMYK_M-120x120.jpg 120w, https://apartis.swiss/site/wp-content/uploads/2019/05/A_reporting_CMYK_M.jpg 225w" sizes="(max-width: 180px) 100vw, 180px" />Depuis 2013, Apartis établit en collaboration avec la société Climate Services son <a href="https://apartis.swiss/apartis/bilan-co2/">bilan CO2</a>.</p>
<p>Les mesures prévues dans le but de réduire davantage les émissions CO2 dans le courant 2019 sont toujours identiques aux années précédentes, à savoir :</p>
<ul>
<li>Campagne d&rsquo;affichage à l&rsquo;entrée des bâtiments, envoi courriel, flyers à tous les locataires pour les sensibiliser à l&rsquo;économie d&rsquo;énergies;</li>
<li>Installation généralisée du système de gestion du chauffage selon les prévisions météorologiques.</li>
</ul>
</div></section></p></div></p>
