{"id":405,"date":"2017-08-29T16:20:04","date_gmt":"2017-08-29T14:20:04","guid":{"rendered":"http:\/\/apartis.swiss\/site\/?page_id=405\/"},"modified":"2024-06-28T09:23:05","modified_gmt":"2024-06-28T07:23:05","slug":"buts","status":"publish","type":"page","link":"https:\/\/apartis.swiss\/site\/apartis\/buts\/","title":{"rendered":"Buts"},"content":{"rendered":"<div class=\"flex_column av_one_full  flex_column_div av-zero-column-padding first  avia-builder-el-0  el_before_av_heading  avia-builder-el-first  \" style='border-radius:0px; '><div  style='padding-bottom:10px; ' class='av-special-heading av-special-heading-h2  blockquote modern-quote  avia-builder-el-1  avia-builder-el-no-sibling  '><h2 class='av-special-heading-tag '  itemprop=\"headline\"  >Buts d\u2019Apartiss<\/h2><div class='special-heading-border'><div class='special-heading-inner-border' ><\/div><\/div><\/div><\/div><br \/>\n<div class=\"flex_column av_one_half  flex_column_div av-zero-column-padding first  avia-builder-el-3  el_after_av_heading  el_before_av_one_half  \" style='border-radius:0px; '><section class=\"av_textblock_section \"  itemscope=\"itemscope\" itemtype=\"https:\/\/schema.org\/CreativeWork\" ><div class='avia_textblock  '   itemprop=\"text\" ><p>La Fondation pour le logement des \u00e9tudiants Apartis est une fondation de droit priv\u00e9 \u00e0 but non lucratif, dont l&rsquo;objectif principal est de mettre \u00e0 la disposition des \u00e9tudiants &#8211; principalement \u00e0 l&rsquo;Universit\u00e9 de Fribourg et les Hautes \u00e9coles &#8211; des logements \u00e0 loyer mod\u00e9r\u00e9 dans la ville de Fribourg et dans les environs.<\/p>\n<p>Reconnue d&rsquo;utilit\u00e9 publique, elle b\u00e9n\u00e9ficie d&rsquo;une exon\u00e9ration d&rsquo;imp\u00f4ts.<\/p>\n<\/div><\/section><\/div><br \/>\n<div class=\"flex_column av_one_half  flex_column_div av-zero-column-padding   avia-builder-el-5  el_after_av_one_half  el_before_av_section  avia-builder-el-last  \" style='border-radius:0px; '><section class=\"av_textblock_section \"  itemscope=\"itemscope\" itemtype=\"https:\/\/schema.org\/CreativeWork\" ><div class='avia_textblock  '   itemprop=\"text\" ><p>A moyen et long terme, son objectif est de cr\u00e9er un nombre suffisant de logements dont le prix, les conditions de location et la conception r\u00e9pondent le mieux aux besoins des \u00e9tudiants.<\/p>\n<p>Elle veille \u00e0 la stabilit\u00e9 des loyers ainsi que des charges et garantit une gestion administrative simple, efficace et adapt\u00e9e aux \u00e9tudiants.<\/p>\n<\/div><\/section><\/div><br \/>\n<\/div><\/div><\/div><!-- close content main div --><\/div><\/div><div id='av_section_1'  class='avia-section main_color avia-section-default avia-no-border-styling  avia-full-stretch avia-bg-style-scroll  avia-builder-el-7  el_after_av_one_half  el_before_av_one_half   av-minimum-height av-minimum-height-custom  container_wrap sidebar_right' style='background-repeat: no-repeat; background-image: url(https:\/\/apartis.swiss\/site\/wp-content\/uploads\/2017\/08\/logement.jpg);background-attachment: scroll; background-position: top left;  '  data-section-bg-repeat='stretch'><div class='container' style='height:500px'><div class='template-page content  av-content-small alpha units'><div class='post-entry post-entry-type-page post-entry-405'><div class='entry-content-wrapper clearfix'>\n<div class='flex_column_table av-equal-height-column-flextable -flextable' ><div class=\"flex_column av_two_fifth  flex_column_table_cell av-equal-height-column av-align-top first  avia-builder-el-8  el_before_av_two_fifth  avia-builder-el-first  \" style='padding:20px 30px 30px 30px ; background-color:rgba(255,255,255,0.82); border-radius:0px; '><p><div  style='padding-bottom:10px; ' class='av-special-heading av-special-heading-h4  blockquote modern-quote  avia-builder-el-9  el_before_av_textblock  avia-builder-el-first  '><h4 class='av-special-heading-tag '  itemprop=\"headline\"  >Notre vision<\/h4><div class='special-heading-border'><div class='special-heading-inner-border' ><\/div><\/div><\/div><br \/>\n<section class=\"av_textblock_section \"  itemscope=\"itemscope\" itemtype=\"https:\/\/schema.org\/CreativeWork\" ><div class='avia_textblock  '  style='font-size:14px; '  itemprop=\"text\" ><p>Notre vision est de louer \u00e0 nos clients des logements de grande qualit\u00e9 \u00e0 des prix \u00ab\u00a0sympas\u00a0\u00bb afin qu&rsquo;ils puissent profiter de leur s\u00e9jour acad\u00e9mique dans les meilleures conditions.<\/p>\n<\/div><\/section><\/p><\/div><div class='av-flex-placeholder'><\/div><div class=\"flex_column av_two_fifth  flex_column_table_cell av-equal-height-column av-align-top   avia-builder-el-11  el_after_av_two_fifth  avia-builder-el-last  \" style='padding:20px 30px 30px 30px ; background-color:rgba(255,255,255,0.82); border-radius:0px; '><p><div  style='padding-bottom:10px; ' class='av-special-heading av-special-heading-h4  blockquote modern-quote  avia-builder-el-12  el_before_av_textblock  avia-builder-el-first  '><h4 class='av-special-heading-tag '  itemprop=\"headline\"  >Notre mission<\/h4><div class='special-heading-border'><div class='special-heading-inner-border' ><\/div><\/div><\/div><br \/>\n<section class=\"av_textblock_section \"  itemscope=\"itemscope\" itemtype=\"https:\/\/schema.org\/CreativeWork\" ><div class='avia_textblock  '   itemprop=\"text\" ><p>Notre mission est claire: offrir \u00e0 nos locataires les meilleurs logements \u00e0 des prix particuli\u00e8rement avantageux, en misant sur un parc immobilier r\u00e9cent et sur un service de qualit\u00e9.<\/p>\n<\/div><\/section><\/p><\/div><\/div><!--close column table wrapper. Autoclose: 1 --><\/div><\/div><\/div><!-- close content main div --><\/div><\/div><div id='after_section_1'  class='main_color av_default_container_wrap container_wrap sidebar_right' style=' '  ><div class='container' ><div class='template-page content  av-content-small alpha units'><div class='post-entry post-entry-type-page post-entry-405'><div class='entry-content-wrapper clearfix'><div class=\"flex_column av_one_half  flex_column_div av-zero-column-padding first  avia-builder-el-14  el_after_av_section  el_before_av_one_half  avia-builder-el-first  \" style='border-radius:0px; '><p><div  style='padding-bottom:10px; ' class='av-special-heading av-special-heading-h4  blockquote modern-quote  avia-builder-el-15  el_before_av_textblock  avia-builder-el-first  '><h4 class='av-special-heading-tag '  itemprop=\"headline\"  >Financement<\/h4><div class='special-heading-border'><div class='special-heading-inner-border' ><\/div><\/div><\/div><br \/>\n<section class=\"av_textblock_section \"  itemscope=\"itemscope\" itemtype=\"https:\/\/schema.org\/CreativeWork\" ><div class='avia_textblock  '   itemprop=\"text\" ><p>Le fonctionnement d&rsquo;Apartis est financ\u00e9 enti\u00e8rement par le r\u00e9sultat de son activit\u00e9 et sans subvention du secteur public.<\/p>\n<p>La construction des immeubles d&rsquo;Apartis a \u00e9t\u00e9 assur\u00e9e jusqu&rsquo;\u00e0 l&rsquo;an 2000 partiellement par des aides de la Conf\u00e9d\u00e9ration et du canton sur la base de l&rsquo;ancienne Loi sur l&rsquo;aide aux Universit\u00e9s (LAU).<\/p>\n<\/div><\/section><\/p><\/div><br \/>\n<div class=\"flex_column av_one_half  flex_column_div av-zero-column-padding   avia-builder-el-17  el_after_av_one_half  avia-builder-el-last  \" style='border-radius:0px; '><p><div  style='padding-bottom:10px; ' class='av-special-heading av-special-heading-h4  blockquote modern-quote  avia-builder-el-18  el_before_av_textblock  avia-builder-el-first  '><h4 class='av-special-heading-tag '  itemprop=\"headline\"  >Nos valeurs<\/h4><div class='special-heading-border'><div class='special-heading-inner-border' ><\/div><\/div><\/div><br \/>\n<section class=\"av_textblock_section \"  itemscope=\"itemscope\" itemtype=\"https:\/\/schema.org\/CreativeWork\" ><div class='avia_textblock  '   itemprop=\"text\" ><p>Nos valeurs trouvent leur expression non seulement dans tout ce qu&rsquo;accomplit la Fondation, mais aussi dans la mani\u00e8re de travailler:<\/p>\n<ul>\n<li><span style=\"color: #656565;\">la satisfaction de nos locataires est notre seul objectif;<\/span><\/li>\n<li><span style=\"color: #656565;\">la qualit\u00e9 est la cl\u00e9 de la satisfaction;<\/span><\/li>\n<li>\u00e9voluer dans le respect de soi, des autres et de l&rsquo;environnement;<\/li>\n<li>les collaborateurs constituent notre premi\u00e8re valeur;<\/li>\n<li>la formation donne aux collaborateurs les moyens d&rsquo;accro\u00eetre leurs connaissances et d&rsquo;enrichir leur vie professionnelle.<\/li>\n<\/ul>\n<\/div><\/section><\/p><\/div><\/p>\n","protected":false},"excerpt":{"rendered":"","protected":false},"author":2,"featured_media":0,"parent":62,"menu_order":0,"comment_status":"closed","ping_status":"closed","template":"","meta":{"footnotes":""},"class_list":["post-405","page","type-page","status-publish","hentry"],"publishpress_future_action":{"enabled":false,"date":"2026-09-08 07:32:48","action":"change-status","newStatus":"draft","terms":[],"taxonomy":"translation_priority"},"_links":{"self":[{"href":"https:\/\/apartis.swiss\/site\/wp-json\/wp\/v2\/pages\/405"}],"collection":[{"href":"https:\/\/apartis.swiss\/site\/wp-json\/wp\/v2\/pages"}],"about":[{"href":"https:\/\/apartis.swiss\/site\/wp-json\/wp\/v2\/types\/page"}],"author":[{"embeddable":true,"href":"https:\/\/apartis.swiss\/site\/wp-json\/wp\/v2\/users\/2"}],"replies":[{"embeddable":true,"href":"https:\/\/apartis.swiss\/site\/wp-json\/wp\/v2\/comments?post=405"}],"version-history":[{"count":2,"href":"https:\/\/apartis.swiss\/site\/wp-json\/wp\/v2\/pages\/405\/revisions"}],"predecessor-version":[{"id":14844,"href":"https:\/\/apartis.swiss\/site\/wp-json\/wp\/v2\/pages\/405\/revisions\/14844"}],"up":[{"embeddable":true,"href":"https:\/\/apartis.swiss\/site\/wp-json\/wp\/v2\/pages\/62"}],"wp:attachment":[{"href":"https:\/\/apartis.swiss\/site\/wp-json\/wp\/v2\/media?parent=405"}],"curies":[{"name":"wp","href":"https:\/\/api.w.org\/{rel}","templated":true}]}}

<div class="flex_column av_one_full  flex_column_div av-zero-column-padding first  avia-builder-el-0  el_before_av_heading  avia-builder-el-first  " style='border-radius:0px; '><div  style='padding-bottom:10px; ' class='av-special-heading av-special-heading-h2  blockquote modern-quote  avia-builder-el-1  avia-builder-el-no-sibling  '><h2 class='av-special-heading-tag '  itemprop="headline"  >Buts d’Apartiss</h2><div class='special-heading-border'><div class='special-heading-inner-border' ></div></div></div></div><br />
<div class="flex_column av_one_half  flex_column_div av-zero-column-padding first  avia-builder-el-3  el_after_av_heading  el_before_av_one_half  " style='border-radius:0px; '><section class="av_textblock_section "  itemscope="itemscope" itemtype="https://schema.org/CreativeWork" ><div class='avia_textblock  '   itemprop="text" ><p>La Fondation pour le logement des étudiants Apartis est une fondation de droit privé à but non lucratif, dont l&rsquo;objectif principal est de mettre à la disposition des étudiants &#8211; principalement à l&rsquo;Université de Fribourg et les Hautes écoles &#8211; des logements à loyer modéré dans la ville de Fribourg et dans les environs.</p>
<p>Reconnue d&rsquo;utilité publique, elle bénéficie d&rsquo;une exonération d&rsquo;impôts.</p>
</div></section></div><br />
<div class="flex_column av_one_half  flex_column_div av-zero-column-padding   avia-builder-el-5  el_after_av_one_half  el_before_av_section  avia-builder-el-last  " style='border-radius:0px; '><section class="av_textblock_section "  itemscope="itemscope" itemtype="https://schema.org/CreativeWork" ><div class='avia_textblock  '   itemprop="text" ><p>A moyen et long terme, son objectif est de créer un nombre suffisant de logements dont le prix, les conditions de location et la conception répondent le mieux aux besoins des étudiants.</p>
<p>Elle veille à la stabilité des loyers ainsi que des charges et garantit une gestion administrative simple, efficace et adaptée aux étudiants.</p>
</div></section></div><br />
</div></div></div><!-- close content main div --></div></div><div id='av_section_1'  class='avia-section main_color avia-section-default avia-no-border-styling  avia-full-stretch avia-bg-style-scroll  avia-builder-el-7  el_after_av_one_half  el_before_av_one_half   av-minimum-height av-minimum-height-custom  container_wrap sidebar_right' style='background-repeat: no-repeat; background-image: url(https://apartis.swiss/site/wp-content/uploads/2017/08/logement.jpg);background-attachment: scroll; background-position: top left;  '  data-section-bg-repeat='stretch'><div class='container' style='height:500px'><div class='template-page content  av-content-small alpha units'><div class='post-entry post-entry-type-page post-entry-405'><div class='entry-content-wrapper clearfix'>
<div class='flex_column_table av-equal-height-column-flextable -flextable' ><div class="flex_column av_two_fifth  flex_column_table_cell av-equal-height-column av-align-top first  avia-builder-el-8  el_before_av_two_fifth  avia-builder-el-first  " style='padding:20px 30px 30px 30px ; background-color:rgba(255,255,255,0.82); border-radius:0px; '><p><div  style='padding-bottom:10px; ' class='av-special-heading av-special-heading-h4  blockquote modern-quote  avia-builder-el-9  el_before_av_textblock  avia-builder-el-first  '><h4 class='av-special-heading-tag '  itemprop="headline"  >Notre vision</h4><div class='special-heading-border'><div class='special-heading-inner-border' ></div></div></div><br />
<section class="av_textblock_section "  itemscope="itemscope" itemtype="https://schema.org/CreativeWork" ><div class='avia_textblock  '  style='font-size:14px; '  itemprop="text" ><p>Notre vision est de louer à nos clients des logements de grande qualité à des prix « sympas » afin qu&rsquo;ils puissent profiter de leur séjour académique dans les meilleures conditions.</p>
</div></section></p></div><div class='av-flex-placeholder'></div><div class="flex_column av_two_fifth  flex_column_table_cell av-equal-height-column av-align-top   avia-builder-el-11  el_after_av_two_fifth  avia-builder-el-last  " style='padding:20px 30px 30px 30px ; background-color:rgba(255,255,255,0.82); border-radius:0px; '><p><div  style='padding-bottom:10px; ' class='av-special-heading av-special-heading-h4  blockquote modern-quote  avia-builder-el-12  el_before_av_textblock  avia-builder-el-first  '><h4 class='av-special-heading-tag '  itemprop="headline"  >Notre mission</h4><div class='special-heading-border'><div class='special-heading-inner-border' ></div></div></div><br />
<section class="av_textblock_section "  itemscope="itemscope" itemtype="https://schema.org/CreativeWork" ><div class='avia_textblock  '   itemprop="text" ><p>Notre mission est claire: offrir à nos locataires les meilleurs logements à des prix particulièrement avantageux, en misant sur un parc immobilier récent et sur un service de qualité.</p>
</div></section></p></div></div><!--close column table wrapper. Autoclose: 1 --></div></div></div><!-- close content main div --></div></div><div id='after_section_1'  class='main_color av_default_container_wrap container_wrap sidebar_right' style=' '  ><div class='container' ><div class='template-page content  av-content-small alpha units'><div class='post-entry post-entry-type-page post-entry-405'><div class='entry-content-wrapper clearfix'><div class="flex_column av_one_half  flex_column_div av-zero-column-padding first  avia-builder-el-14  el_after_av_section  el_before_av_one_half  avia-builder-el-first  " style='border-radius:0px; '><p><div  style='padding-bottom:10px; ' class='av-special-heading av-special-heading-h4  blockquote modern-quote  avia-builder-el-15  el_before_av_textblock  avia-builder-el-first  '><h4 class='av-special-heading-tag '  itemprop="headline"  >Financement</h4><div class='special-heading-border'><div class='special-heading-inner-border' ></div></div></div><br />
<section class="av_textblock_section "  itemscope="itemscope" itemtype="https://schema.org/CreativeWork" ><div class='avia_textblock  '   itemprop="text" ><p>Le fonctionnement d&rsquo;Apartis est financé entièrement par le résultat de son activité et sans subvention du secteur public.</p>
<p>La construction des immeubles d&rsquo;Apartis a été assurée jusqu&rsquo;à l&rsquo;an 2000 partiellement par des aides de la Confédération et du canton sur la base de l&rsquo;ancienne Loi sur l&rsquo;aide aux Universités (LAU).</p>
</div></section></p></div><br />
<div class="flex_column av_one_half  flex_column_div av-zero-column-padding   avia-builder-el-17  el_after_av_one_half  avia-builder-el-last  " style='border-radius:0px; '><p><div  style='padding-bottom:10px; ' class='av-special-heading av-special-heading-h4  blockquote modern-quote  avia-builder-el-18  el_before_av_textblock  avia-builder-el-first  '><h4 class='av-special-heading-tag '  itemprop="headline"  >Nos valeurs</h4><div class='special-heading-border'><div class='special-heading-inner-border' ></div></div></div><br />
<section class="av_textblock_section "  itemscope="itemscope" itemtype="https://schema.org/CreativeWork" ><div class='avia_textblock  '   itemprop="text" ><p>Nos valeurs trouvent leur expression non seulement dans tout ce qu&rsquo;accomplit la Fondation, mais aussi dans la manière de travailler:</p>
<ul>
<li><span style="color: #656565;">la satisfaction de nos locataires est notre seul objectif;</span></li>
<li><span style="color: #656565;">la qualité est la clé de la satisfaction;</span></li>
<li>évoluer dans le respect de soi, des autres et de l&rsquo;environnement;</li>
<li>les collaborateurs constituent notre première valeur;</li>
<li>la formation donne aux collaborateurs les moyens d&rsquo;accroître leurs connaissances et d&rsquo;enrichir leur vie professionnelle.</li>
</ul>
</div></section></p></div></p>
