{"id":1654,"date":"2018-03-15T11:04:15","date_gmt":"2018-03-15T10:04:15","guid":{"rendered":"http:\/\/apartis.swiss\/site\/info-locataires\/buanderies-2\/"},"modified":"2024-03-12T09:33:54","modified_gmt":"2024-03-12T08:33:54","slug":"loyer-garanties","status":"publish","type":"page","link":"https:\/\/apartis.swiss\/site\/info-locataires\/loyer-garanties\/","title":{"rendered":"Loyers et Garanties"},"content":{"rendered":"<p><div class=\"flex_column av_one_full  flex_column_div av-zero-column-padding first  avia-builder-el-0  el_before_av_one_half  avia-builder-el-first  \" style='border-radius:0px; '><div  style='padding-bottom:10px; ' class='av-special-heading av-special-heading-h2  blockquote modern-quote  avia-builder-el-1  avia-builder-el-no-sibling  '><h2 class='av-special-heading-tag '  itemprop=\"headline\"  >Loyers et Garanties<\/h2><div class='special-heading-border'><div class='special-heading-inner-border' ><\/div><\/div><\/div><\/div><br \/>\n<div class=\"flex_column av_one_half  flex_column_div av-zero-column-padding first  avia-builder-el-2  el_after_av_one_full  el_before_av_one_half  column-top-margin\" style='border-radius:0px; '><p><div  style='padding-bottom:10px; ' class='av-special-heading av-special-heading-h4  blockquote modern-quote  avia-builder-el-3  el_before_av_textblock  avia-builder-el-first  '><h4 class='av-special-heading-tag '  itemprop=\"headline\"  >Paiement des loyers<\/h4><div class='special-heading-border'><div class='special-heading-inner-border' ><\/div><\/div><\/div><br \/>\n<section class=\"av_textblock_section \"  itemscope=\"itemscope\" itemtype=\"https:\/\/schema.org\/CreativeWork\" ><div class='avia_textblock  '   itemprop=\"text\" ><p><strong>Quand ?\u00a0 \u00a0 \u00a0 \u00a0 \u00a0 \u00a0 \u00a0 \u00a0\u00a0<\/strong><\/p>\n<p>le loyer doit \u00eatre pay\u00e9 avant le 1er de chaque mois.<\/p>\n<p><strong>Comment ?<\/strong><\/p>\n<p>Au moyen du bulletin de versement que vous recevrez par e-mail. Vous pouvez payer :<\/p>\n<ul>\n<li>Soit par e-banking en:\n<ul>\n<li>Saisissant un ordre permanent (mentionnez le num\u00e9ro de r\u00e9f\u00e9rence d\u2019un de vos bulletins de versement, celui-ci est identique sur tous vos bulletins)<\/li>\n<li>Saisissant mensuellement votre paiement<\/li>\n<\/ul>\n<\/li>\n<li>Soit en vous rendant dans un office de Poste ou aupr\u00e8s de votre banque<\/li>\n<\/ul>\n<p>Contactez-nous par\u00a0<a href=\"mailto:finances@apartis.ch\">email\u00a0<\/a>ou au 026 300 73 13<\/p>\n<\/div><\/section><\/p><\/div><br \/>\n<div class=\"flex_column av_one_half  flex_column_div av-zero-column-padding   avia-builder-el-5  el_after_av_one_half  el_before_av_one_half  column-top-margin\" style='border-radius:0px; '><p><div  style='padding-bottom:10px; ' class='av-special-heading av-special-heading-h4  blockquote modern-quote  avia-builder-el-6  el_before_av_textblock  avia-builder-el-first  '><h4 class='av-special-heading-tag '  itemprop=\"headline\"  >D\u00e9compte chauffage<\/h4><div class='special-heading-border'><div class='special-heading-inner-border' ><\/div><\/div><\/div><br \/>\n<section class=\"av_textblock_section \"  itemscope=\"itemscope\" itemtype=\"https:\/\/schema.org\/CreativeWork\" ><div class='avia_textblock  '   itemprop=\"text\" ><p>Votre loyer est constitu\u00e9 d\u2019une part du loyer et d\u2019autre part d\u2019un acompte pour le chauffage\/eau chaude.<\/p>\n<p>Une fois par ann\u00e9e, vous recevrez un d\u00e9compte de chauffage. Les frais effectifs moins vos acomptes y sont d\u00e9compt\u00e9s. Celui-ci est bas\u00e9 sur les m3 qui sont \u00e0 votre charge. C&rsquo;est-\u00e0-dire des m3 de votre chambre mais \u00e9galement de votre part aux m3 des locaux communs de votre appartement. Les m3 des locaux communs sont r\u00e9partis entre tous les locataires de l\u2019appartement \u00e0 parts \u00e9gales.<\/p>\n<\/div><\/section><\/p><\/div><br \/>\n<div class=\"flex_column av_one_half  flex_column_div av-zero-column-padding first  avia-builder-el-8  el_after_av_one_half  el_before_av_one_half  column-top-margin\" style='border-radius:0px; '><p><div  style='padding-bottom:10px; ' class='av-special-heading av-special-heading-h4  blockquote modern-quote  avia-builder-el-9  el_before_av_textblock  avia-builder-el-first  '><h4 class='av-special-heading-tag '  itemprop=\"headline\"  >Garantie de loyer<\/h4><div class='special-heading-border'><div class='special-heading-inner-border' ><\/div><\/div><\/div><br \/>\n<section class=\"av_textblock_section \"  itemscope=\"itemscope\" itemtype=\"https:\/\/schema.org\/CreativeWork\" ><div class='avia_textblock  '   itemprop=\"text\" ><p>La garantie bancaire est \u00e9gale \u00e0 3 mois de loyer. Elle est due au plus tard \u00e0 votre \u00e9tat des lieux d\u2019entr\u00e9e. Si ce d\u00e9lai n\u2019est pas respect\u00e9, vous n\u2019obtiendrez pas la cl\u00e9 de votre logement.<\/p>\n<p>Il n\u2019est pas possible de l\u2019utiliser pour payer le loyer.<\/p>\n<p>A la fin de votre contrat de bail, un \u00e9tat des lieux de sortie est dress\u00e9. Ensuite, nous \u00e9tablissons un d\u00e9compte \u00e0 signer qui vous est envoy\u00e9 par courriel. Une fois en possession de ce document sign\u00e9 nous pourrons proc\u00e9der \u00e0 la lib\u00e9ration de votre garantie de loyer.<\/p>\n<p>Il n\u2019est pas possible d\u2019obtenir l\u2019argent en cash.<\/p>\n<\/div><\/section><br \/>\n<div  class='avia-image-container  av-styling-    avia-builder-el-11  el_after_av_textblock  el_before_av_image  avia-align-center '  itemprop=\"image\" itemscope=\"itemscope\" itemtype=\"https:\/\/schema.org\/ImageObject\"  ><div class='avia-image-container-inner'><div class='avia-image-overlay-wrap'><a href='https:\/\/www.swisscaution.ch' class='avia_image'  ><img decoding=\"async\" width=\"256\" height=\"68\" class='wp-image-14259 avia-img-lazy-loading-not-14259 avia_image' src=\"https:\/\/apartis.swiss\/site\/wp-content\/uploads\/2024\/03\/swisscaution.webp\" alt='' title='swisscaution'  itemprop=\"thumbnailUrl\"  \/><\/a><\/div><\/div><\/div><br \/>\n<div  class='avia-image-container  av-styling-    avia-builder-el-12  el_after_av_image  avia-builder-el-last  avia-align-center '  itemprop=\"image\" itemscope=\"itemscope\" itemtype=\"https:\/\/schema.org\/ImageObject\"  ><div class='avia-image-container-inner'><div class='avia-image-overlay-wrap'><a href='https:\/\/www.webcaution.ch\/' class='avia_image'  ><img decoding=\"async\" width=\"300\" height=\"108\" class='wp-image-14262 avia-img-lazy-loading-not-14262 avia_image' src=\"https:\/\/apartis.swiss\/site\/wp-content\/uploads\/2024\/03\/webcaution-300x108.png\" alt='' title='webcaution'  itemprop=\"thumbnailUrl\" srcset=\"https:\/\/apartis.swiss\/site\/wp-content\/uploads\/2024\/03\/webcaution-300x108.png 300w, https:\/\/apartis.swiss\/site\/wp-content\/uploads\/2024\/03\/webcaution-705x255.png 705w, https:\/\/apartis.swiss\/site\/wp-content\/uploads\/2024\/03\/webcaution.png 1024w\" sizes=\"(max-width: 300px) 100vw, 300px\" \/><\/a><\/div><\/div><\/div><\/p><\/div><div class=\"flex_column av_one_half  flex_column_div av-zero-column-padding   avia-builder-el-13  el_after_av_one_half  avia-builder-el-last  column-top-margin\" style='border-radius:0px; '><p><div  style='padding-bottom:10px; ' class='av-special-heading av-special-heading-h4  blockquote modern-quote  avia-builder-el-14  el_before_av_textblock  avia-builder-el-first  '><h4 class='av-special-heading-tag '  itemprop=\"headline\"  >Coordonn\u00e9es bancaires<\/h4><div class='special-heading-border'><div class='special-heading-inner-border' ><\/div><\/div><\/div><br \/>\n<section class=\"av_textblock_section \"  itemscope=\"itemscope\" itemtype=\"https:\/\/schema.org\/CreativeWork\" ><div class='avia_textblock  '   itemprop=\"text\" ><p>Banque Cantonale de Fribourg, 1700 Fribourg<\/p>\n<p>Au nom de :<\/p>\n<p>Apartis Fondation pour le logement des \u00e9tudiants<br \/>\n1700 Fribourg<br \/>\nClearing No : 768<\/p>\n<p>IBAN : CH16 0076 8250 1203 0950 8<\/p>\n<p>BIC: BEFRCH22<\/p>\n<\/div><\/section><\/p><\/div><\/p>\n","protected":false},"excerpt":{"rendered":"","protected":false},"author":5,"featured_media":0,"parent":68,"menu_order":11,"comment_status":"closed","ping_status":"closed","template":"","meta":{"footnotes":""},"class_list":["post-1654","page","type-page","status-publish","hentry"],"publishpress_future_action":{"enabled":false,"date":"2026-09-08 07:33:01","action":"change-status","newStatus":"draft","terms":[],"taxonomy":"translation_priority"},"_links":{"self":[{"href":"https:\/\/apartis.swiss\/site\/wp-json\/wp\/v2\/pages\/1654"}],"collection":[{"href":"https:\/\/apartis.swiss\/site\/wp-json\/wp\/v2\/pages"}],"about":[{"href":"https:\/\/apartis.swiss\/site\/wp-json\/wp\/v2\/types\/page"}],"author":[{"embeddable":true,"href":"https:\/\/apartis.swiss\/site\/wp-json\/wp\/v2\/users\/5"}],"replies":[{"embeddable":true,"href":"https:\/\/apartis.swiss\/site\/wp-json\/wp\/v2\/comments?post=1654"}],"version-history":[{"count":3,"href":"https:\/\/apartis.swiss\/site\/wp-json\/wp\/v2\/pages\/1654\/revisions"}],"predecessor-version":[{"id":14272,"href":"https:\/\/apartis.swiss\/site\/wp-json\/wp\/v2\/pages\/1654\/revisions\/14272"}],"up":[{"embeddable":true,"href":"https:\/\/apartis.swiss\/site\/wp-json\/wp\/v2\/pages\/68"}],"wp:attachment":[{"href":"https:\/\/apartis.swiss\/site\/wp-json\/wp\/v2\/media?parent=1654"}],"curies":[{"name":"wp","href":"https:\/\/api.w.org\/{rel}","templated":true}]}}

<p><div class="flex_column av_one_full  flex_column_div av-zero-column-padding first  avia-builder-el-0  el_before_av_one_half  avia-builder-el-first  " style='border-radius:0px; '><div  style='padding-bottom:10px; ' class='av-special-heading av-special-heading-h2  blockquote modern-quote  avia-builder-el-1  avia-builder-el-no-sibling  '><h2 class='av-special-heading-tag '  itemprop="headline"  >Loyers et Garanties</h2><div class='special-heading-border'><div class='special-heading-inner-border' ></div></div></div></div><br />
<div class="flex_column av_one_half  flex_column_div av-zero-column-padding first  avia-builder-el-2  el_after_av_one_full  el_before_av_one_half  column-top-margin" style='border-radius:0px; '><p><div  style='padding-bottom:10px; ' class='av-special-heading av-special-heading-h4  blockquote modern-quote  avia-builder-el-3  el_before_av_textblock  avia-builder-el-first  '><h4 class='av-special-heading-tag '  itemprop="headline"  >Paiement des loyers</h4><div class='special-heading-border'><div class='special-heading-inner-border' ></div></div></div><br />
<section class="av_textblock_section "  itemscope="itemscope" itemtype="https://schema.org/CreativeWork" ><div class='avia_textblock  '   itemprop="text" ><p><strong>Quand ?                </strong></p>
<p>le loyer doit être payé avant le 1er de chaque mois.</p>
<p><strong>Comment ?</strong></p>
<p>Au moyen du bulletin de versement que vous recevrez par e-mail. Vous pouvez payer :</p>
<ul>
<li>Soit par e-banking en:
<ul>
<li>Saisissant un ordre permanent (mentionnez le numéro de référence d’un de vos bulletins de versement, celui-ci est identique sur tous vos bulletins)</li>
<li>Saisissant mensuellement votre paiement</li>
</ul>
</li>
<li>Soit en vous rendant dans un office de Poste ou auprès de votre banque</li>
</ul>
<p>Contactez-nous par <a href="mailto:finances@apartis.ch">email </a>ou au 026 300 73 13</p>
</div></section></p></div><br />
<div class="flex_column av_one_half  flex_column_div av-zero-column-padding   avia-builder-el-5  el_after_av_one_half  el_before_av_one_half  column-top-margin" style='border-radius:0px; '><p><div  style='padding-bottom:10px; ' class='av-special-heading av-special-heading-h4  blockquote modern-quote  avia-builder-el-6  el_before_av_textblock  avia-builder-el-first  '><h4 class='av-special-heading-tag '  itemprop="headline"  >Décompte chauffage</h4><div class='special-heading-border'><div class='special-heading-inner-border' ></div></div></div><br />
<section class="av_textblock_section "  itemscope="itemscope" itemtype="https://schema.org/CreativeWork" ><div class='avia_textblock  '   itemprop="text" ><p>Votre loyer est constitué d’une part du loyer et d’autre part d’un acompte pour le chauffage/eau chaude.</p>
<p>Une fois par année, vous recevrez un décompte de chauffage. Les frais effectifs moins vos acomptes y sont décomptés. Celui-ci est basé sur les m3 qui sont à votre charge. C&rsquo;est-à-dire des m3 de votre chambre mais également de votre part aux m3 des locaux communs de votre appartement. Les m3 des locaux communs sont répartis entre tous les locataires de l’appartement à parts égales.</p>
</div></section></p></div><br />
<div class="flex_column av_one_half  flex_column_div av-zero-column-padding first  avia-builder-el-8  el_after_av_one_half  el_before_av_one_half  column-top-margin" style='border-radius:0px; '><p><div  style='padding-bottom:10px; ' class='av-special-heading av-special-heading-h4  blockquote modern-quote  avia-builder-el-9  el_before_av_textblock  avia-builder-el-first  '><h4 class='av-special-heading-tag '  itemprop="headline"  >Garantie de loyer</h4><div class='special-heading-border'><div class='special-heading-inner-border' ></div></div></div><br />
<section class="av_textblock_section "  itemscope="itemscope" itemtype="https://schema.org/CreativeWork" ><div class='avia_textblock  '   itemprop="text" ><p>La garantie bancaire est égale à 3 mois de loyer. Elle est due au plus tard à votre état des lieux d’entrée. Si ce délai n’est pas respecté, vous n’obtiendrez pas la clé de votre logement.</p>
<p>Il n’est pas possible de l’utiliser pour payer le loyer.</p>
<p>A la fin de votre contrat de bail, un état des lieux de sortie est dressé. Ensuite, nous établissons un décompte à signer qui vous est envoyé par courriel. Une fois en possession de ce document signé nous pourrons procéder à la libération de votre garantie de loyer.</p>
<p>Il n’est pas possible d’obtenir l’argent en cash.</p>
</div></section><br />
<div  class='avia-image-container  av-styling-    avia-builder-el-11  el_after_av_textblock  el_before_av_image  avia-align-center '  itemprop="image" itemscope="itemscope" itemtype="https://schema.org/ImageObject"  ><div class='avia-image-container-inner'><div class='avia-image-overlay-wrap'><a href='https://www.swisscaution.ch' class='avia_image'  ><img decoding="async" width="256" height="68" class='wp-image-14259 avia-img-lazy-loading-not-14259 avia_image' src="https://apartis.swiss/site/wp-content/uploads/2024/03/swisscaution.webp" alt='' title='swisscaution'  itemprop="thumbnailUrl"  /></a></div></div></div><br />
<div  class='avia-image-container  av-styling-    avia-builder-el-12  el_after_av_image  avia-builder-el-last  avia-align-center '  itemprop="image" itemscope="itemscope" itemtype="https://schema.org/ImageObject"  ><div class='avia-image-container-inner'><div class='avia-image-overlay-wrap'><a href='https://www.webcaution.ch/' class='avia_image'  ><img decoding="async" width="300" height="108" class='wp-image-14262 avia-img-lazy-loading-not-14262 avia_image' src="https://apartis.swiss/site/wp-content/uploads/2024/03/webcaution-300x108.png" alt='' title='webcaution'  itemprop="thumbnailUrl" srcset="https://apartis.swiss/site/wp-content/uploads/2024/03/webcaution-300x108.png 300w, https://apartis.swiss/site/wp-content/uploads/2024/03/webcaution-705x255.png 705w, https://apartis.swiss/site/wp-content/uploads/2024/03/webcaution.png 1024w" sizes="(max-width: 300px) 100vw, 300px" /></a></div></div></div></p></div><div class="flex_column av_one_half  flex_column_div av-zero-column-padding   avia-builder-el-13  el_after_av_one_half  avia-builder-el-last  column-top-margin" style='border-radius:0px; '><p><div  style='padding-bottom:10px; ' class='av-special-heading av-special-heading-h4  blockquote modern-quote  avia-builder-el-14  el_before_av_textblock  avia-builder-el-first  '><h4 class='av-special-heading-tag '  itemprop="headline"  >Coordonnées bancaires</h4><div class='special-heading-border'><div class='special-heading-inner-border' ></div></div></div><br />
<section class="av_textblock_section "  itemscope="itemscope" itemtype="https://schema.org/CreativeWork" ><div class='avia_textblock  '   itemprop="text" ><p>Banque Cantonale de Fribourg, 1700 Fribourg</p>
<p>Au nom de :</p>
<p>Apartis Fondation pour le logement des étudiants<br />
1700 Fribourg<br />
Clearing No : 768</p>
<p>IBAN : CH16 0076 8250 1203 0950 8</p>
<p>BIC: BEFRCH22</p>
</div></section></p></div></p>
