{"id":1590,"date":"2022-06-14T14:00:05","date_gmt":"2022-06-14T12:00:05","guid":{"rendered":"http:\/\/apartis.swiss\/site\/apartis-2\/"},"modified":"2026-06-23T12:47:35","modified_gmt":"2026-06-23T10:47:35","slug":"collaborateurs","status":"publish","type":"page","link":"https:\/\/apartis.swiss\/site\/apartis\/collaborateurs\/","title":{"rendered":"Collaborateurs"},"content":{"rendered":"<p><div class=\"flex_column av_one_full  flex_column_div av-zero-column-padding first  avia-builder-el-0  el_before_av_one_full  avia-builder-el-first  \" style='border-radius:0px; '><div  style='padding-bottom:10px; ' class='av-special-heading av-special-heading-h2  blockquote modern-quote  avia-builder-el-1  avia-builder-el-no-sibling  '><h2 class='av-special-heading-tag '  itemprop=\"headline\"  >Collaborateurs\/-trices<\/h2><div class='special-heading-border'><div class='special-heading-inner-border' ><\/div><\/div><\/div><\/div><br \/>\n<div class=\"flex_column av_one_full  flex_column_div av-zero-column-padding first  avia-builder-el-2  el_after_av_one_full  el_before_av_one_full  column-top-margin\" style='border-radius:0px; '><p><div  style='padding-bottom:10px; ' class='av-special-heading av-special-heading-h5  blockquote modern-quote  avia-builder-el-3  el_before_av_table  avia-builder-el-first  '><h5 class='av-special-heading-tag '  itemprop=\"headline\"  >Personnel administratif<\/h5><div class='special-heading-border'><div class='special-heading-inner-border' ><\/div><\/div><\/div><br \/>\n<div class='avia-data-table-wrap avia_responsive_table'><table  class='avia-table avia-data-table avia-table-1  avia-builder-el-4  el_after_av_heading  avia-builder-el-last  avia_pricing_default '  itemscope=\"itemscope\" itemtype=\"https:\/\/schema.org\/Table\" ><tbody><tr class=''><td class=''>Directeur<\/td><td class=''><a href=\"mailto:jean-pierre.gauch@unifr.ch\">Jean-Pierre Gauch<\/a><\/td><\/tr><tr class=''><td class=''>Responsable secteur location<\/td><td class=''><a href=\"mailto:maiwenn.papin@unifr.ch\">Maiwenn Papin<\/a><\/td><\/tr><tr class=''><td class=''>Responsable secteur technique<\/td><td class=''><a href=\"mailto:tiffany.schneuwly@unifr.ch\">Tiffany Schneuwly<\/a><\/td><\/tr><tr class=''><td class=''>Responsable secteur finances<\/td><td class=''><a href=\"mailto:sebastien.vuillaume@unifr.ch\">Sebastien Vuillaume<\/a><\/td><\/tr><tr class=''><td class=''>Responsable informatique et collaborateur technique<\/td><td class=''><a href=\"mailto:steve.goumaz@unifr.ch\">Steve Goumaz<\/a><\/td><\/tr><tr class=''><td class=''>Collaboratrice secteur location<\/td><td class=''><a href=\"mailto:maiwenn.papin@unifr.ch\">Maiwenn Papin<\/a><\/td><\/tr><tr class=''><td class=''>Collaboratrice secteur location<\/td><td class=''><a href=\"mailto:chloe.pittet@unifr.ch\">Chlo\u00e9 Pittet<\/a><br \/>\n<\/td><\/tr><tr class=''><td class=''>Collaboratrice secteur location<\/td><td class=''><a href=\"mailto:melissa.forney-hostettler@unifr.ch\">M\u00e9lissa Forney-Hostettler<\/a><\/td><\/tr><tr class=''><td class=''>Collaboratrice secteur technique<\/td><td class=''><a href=\"mailto:carla.dietrich@unifr.ch\">Carla Dietrich<\/a><br \/>\n<\/td><\/tr><tr class=''><td class=''>Collaboratrice secteur technique<\/td><td class=''><a href=\"mailto:paula.donosocastillo@unifr.ch\">Paula Donoso<\/a><\/td><\/tr><tr class=''><td class=''>Apprentie secteur finances<\/td><td class=''><a href=\"mailto:florijana.halimi@unifr.ch\">Florijana Halimi<\/a><\/td><\/tr><\/tbody><\/table><\/div><style type='text\/css'><\/style><\/p><\/div><div class=\"flex_column av_one_full  flex_column_div av-zero-column-padding first  avia-builder-el-5  el_after_av_one_full  el_before_av_one_full  column-top-margin\" style='border-radius:0px; '><p><div  style='padding-bottom:10px; ' class='av-special-heading av-special-heading-h5  blockquote modern-quote  avia-builder-el-6  el_before_av_table  avia-builder-el-first  '><h5 class='av-special-heading-tag '  itemprop=\"headline\"  >Personnel technique<\/h5><div class='special-heading-border'><div class='special-heading-inner-border' ><\/div><\/div><\/div><br \/>\n<div class='avia-data-table-wrap avia_responsive_table'><table  class='avia-table avia-data-table avia-table-2  avia-builder-el-7  el_after_av_heading  avia-builder-el-last  avia_pricing_default '  itemscope=\"itemscope\" itemtype=\"https:\/\/schema.org\/Table\" ><tbody><tr class=''><td class=''>Collaborateur<\/td><td class=''><a href=\"mailto:karim.rey@unifr.ch\">Karim Rey<\/a><\/td><\/tr><tr class=''><td class=''>Collaborateur<\/td><td class=''><a href=\"mailto:esed.ahmeti@unifr.ch\">Esed Ahmeti<\/a><\/td><\/tr><\/tbody><\/table><\/div><style type='text\/css'><\/style><\/p><\/div><br \/>\n<div class=\"flex_column av_one_full  flex_column_div av-zero-column-padding first  avia-builder-el-8  el_after_av_one_full  el_before_av_one_full  column-top-margin\" style='border-radius:0px; '><p><div  style='padding-bottom:10px; ' class='av-special-heading av-special-heading-h5  blockquote modern-quote  avia-builder-el-9  el_before_av_table  avia-builder-el-first  '><h5 class='av-special-heading-tag '  itemprop=\"headline\"  >Concierges<\/h5><div class='special-heading-border'><div class='special-heading-inner-border' ><\/div><\/div><\/div><br \/>\n<div class='avia-data-table-wrap avia_responsive_table'><table  class='avia-table avia-data-table avia-table-3  avia-builder-el-10  el_after_av_heading  avia-builder-el-last  avia_pricing_default '  itemscope=\"itemscope\" itemtype=\"https:\/\/schema.org\/Table\" ><tbody><tr class=''><td class=''>Avenue du Midi 3-5-7 <\/td><td class=''><a href=\"mailto:elza.dasilva@unifr.ch\">Elza Da Silva<\/a><\/td><\/tr><tr class=''><td class=''>Route Mont-Carmel 21-29<\/td><td class=''><a href=\"mailto:claudine.brodard@unifr.ch\">Claudine Brodard<\/a><br \/>\n<\/td><\/tr><tr class=''><td class=''>Chemin des Epinettes 51-55<\/td><td class=''><a href=\"mailto:rita.pintomoreira@unifr.ch\">Rita Pinto Moreira<\/a><br \/>\n<\/td><\/tr><tr class=''><td class=''>Route du Varis 5-7-9<\/td><td class=''><a href=\"mailto:elza.dasilva@unifr.ch\">Elza Da Silva<\/a><br \/>\n<\/td><\/tr><tr class=''><td class=''>Rue de l&rsquo;Industrie 14 &amp;<br \/>\nR\u00e9sidences du Campus<\/td><td class=''><a href=\"mailto:diana.camposlima@unifr.ch\">Diana Campos<\/a><br \/>\n<\/td><\/tr><tr class=''><td class=''>Route de la Fonderie 14-14a-14b-14c-14d<\/td><td class=''><a href=\"mailto:oleksiy.gunin@unifr.ch\">Oleksiy Gunin<\/a><\/td><\/tr><tr class=''><td class=''>Sonnenberg 5<\/td><td class=''><a href=\"mailto:info@lesonnenberg.ch\">Martino Toscanelli<\/a><br \/>\n<\/td><\/tr><\/tbody><\/table><\/div><style type='text\/css'><\/style><\/p><\/div><br \/>\n<div class=\"flex_column av_one_full  flex_column_div av-zero-column-padding first  avia-builder-el-11  el_after_av_one_full  avia-builder-el-last  column-top-margin\" style='border-radius:0px; '><p><div  style='padding-bottom:10px; ' class='av-special-heading av-special-heading-h2  blockquote modern-quote  avia-builder-el-12  el_before_av_textblock  avia-builder-el-first  '><h2 class='av-special-heading-tag '  itemprop=\"headline\"  >Organisation<\/h2><div class='special-heading-border'><div class='special-heading-inner-border' ><\/div><\/div><\/div><br \/>\n<section class=\"av_textblock_section \"  itemscope=\"itemscope\" itemtype=\"https:\/\/schema.org\/CreativeWork\" ><div class='avia_textblock  '   itemprop=\"text\" ><p>Apartis est dirig\u00e9e par un conseil de fondation compos\u00e9 d&rsquo;un repr\u00e9sentant du Rectorat de l&rsquo;Universit\u00e9 de Fribourg, d&rsquo;un repr\u00e9sentant de l&rsquo;Etat de Fribourg, de deux repr\u00e9sentants des \u00e9tudiants et d&rsquo;un cinqui\u00e8me membre nomm\u00e9 sur proposition de l&rsquo;Universit\u00e9 de Fribourg.<\/p>\n<p>Actuellement la Fondation pour le logement des \u00e9tudiants est pr\u00e9sid\u00e9e par M. Andr\u00e9 Magnin. Le conseil de fondation se compose comme suit<\/p>\n<\/div><\/section><br \/>\n<div class='avia-data-table-wrap avia_responsive_table'><table  class='avia-table avia-data-table avia-table-4  avia-builder-el-14  el_after_av_textblock  el_before_av_textblock  avia_pricing_default '  itemscope=\"itemscope\" itemtype=\"https:\/\/schema.org\/Table\" ><tbody><tr class='avia-heading-row'><th class=''>Fonction<\/th><th class=''>Nom<\/th><th class=''>D\u00e9l\u00e9gu\u00e9 de<\/th><\/tr><tr class=''><td class=''>Pr\u00e9sident<\/td><td class=''>Andr\u00e9 Magnin<\/td><td class=''>Canton de Fribourg<\/td><\/tr><tr class=''><td class=''>Membre<\/td><td class=''>Uberto Motta<\/td><td class=''>Universit\u00e9 de Fribourg<\/td><\/tr><tr class=''><td class=''>Membre<\/td><td class=''>Anne Crausaz Esseiva<\/td><td class=''>Rectorat de l\u2019Universit\u00e9 de Fribourg<\/td><\/tr><tr class=''><td class=''>Membre<\/td><td class=''>Federico Jori<\/td><td class=''>AGEF<\/td><\/tr><tr class=''><td class=''>Membre<\/td><td class=''>Bastien Nieuwe Weme<\/td><td class=''>Locataires<\/td><\/tr><\/tbody><\/table><\/div><style type='text\/css'>.avia-table-4 td:nth-of-type(1):before { content: 'Fonction'; } .avia-table-4 td:nth-of-type(2):before { content: 'Nom'; } .avia-table-4 td:nth-of-type(3):before { content: 'D\u00e9l\u00e9gu\u00e9 de'; } <\/style><br \/>\n<section class=\"av_textblock_section \"  itemscope=\"itemscope\" itemtype=\"https:\/\/schema.org\/CreativeWork\" ><div class='avia_textblock  '   itemprop=\"text\" ><p>Le conseil de fondation est assist\u00e9 par un\u00a0comit\u00e9 de direction\u00a0qui g\u00e8re les affaires courantes ainsi que de\u00a0l&rsquo;\u00e9quipe administrative\u00a0qui comprend sept personnes, ainsi que huit\u00a0collaborateurs\u00a0techniques\u00a0(technicien, concierges, employ\u00e9s de nettoyage).<\/p>\n<\/div><\/section><\/p><\/div><\/p>\n","protected":false},"excerpt":{"rendered":"","protected":false},"author":5,"featured_media":0,"parent":62,"menu_order":8,"comment_status":"closed","ping_status":"closed","template":"","meta":{"footnotes":""},"class_list":["post-1590","page","type-page","status-publish","hentry"],"publishpress_future_action":{"enabled":false,"date":"2026-09-08 07:33:10","action":"change-status","newStatus":"draft","terms":[],"taxonomy":"translation_priority"},"_links":{"self":[{"href":"https:\/\/apartis.swiss\/site\/wp-json\/wp\/v2\/pages\/1590"}],"collection":[{"href":"https:\/\/apartis.swiss\/site\/wp-json\/wp\/v2\/pages"}],"about":[{"href":"https:\/\/apartis.swiss\/site\/wp-json\/wp\/v2\/types\/page"}],"author":[{"embeddable":true,"href":"https:\/\/apartis.swiss\/site\/wp-json\/wp\/v2\/users\/5"}],"replies":[{"embeddable":true,"href":"https:\/\/apartis.swiss\/site\/wp-json\/wp\/v2\/comments?post=1590"}],"version-history":[{"count":3,"href":"https:\/\/apartis.swiss\/site\/wp-json\/wp\/v2\/pages\/1590\/revisions"}],"predecessor-version":[{"id":15435,"href":"https:\/\/apartis.swiss\/site\/wp-json\/wp\/v2\/pages\/1590\/revisions\/15435"}],"up":[{"embeddable":true,"href":"https:\/\/apartis.swiss\/site\/wp-json\/wp\/v2\/pages\/62"}],"wp:attachment":[{"href":"https:\/\/apartis.swiss\/site\/wp-json\/wp\/v2\/media?parent=1590"}],"curies":[{"name":"wp","href":"https:\/\/api.w.org\/{rel}","templated":true}]}}

<p><div class="flex_column av_one_full  flex_column_div av-zero-column-padding first  avia-builder-el-0  el_before_av_one_full  avia-builder-el-first  " style='border-radius:0px; '><div  style='padding-bottom:10px; ' class='av-special-heading av-special-heading-h2  blockquote modern-quote  avia-builder-el-1  avia-builder-el-no-sibling  '><h2 class='av-special-heading-tag '  itemprop="headline"  >Collaborateurs/-trices</h2><div class='special-heading-border'><div class='special-heading-inner-border' ></div></div></div></div><br />
<div class="flex_column av_one_full  flex_column_div av-zero-column-padding first  avia-builder-el-2  el_after_av_one_full  el_before_av_one_full  column-top-margin" style='border-radius:0px; '><p><div  style='padding-bottom:10px; ' class='av-special-heading av-special-heading-h5  blockquote modern-quote  avia-builder-el-3  el_before_av_table  avia-builder-el-first  '><h5 class='av-special-heading-tag '  itemprop="headline"  >Personnel administratif</h5><div class='special-heading-border'><div class='special-heading-inner-border' ></div></div></div><br />
<div class='avia-data-table-wrap avia_responsive_table'><table  class='avia-table avia-data-table avia-table-1  avia-builder-el-4  el_after_av_heading  avia-builder-el-last  avia_pricing_default '  itemscope="itemscope" itemtype="https://schema.org/Table" ><tbody><tr class=''><td class=''>Directeur</td><td class=''><a href="mailto:jean-pierre.gauch@unifr.ch">Jean-Pierre Gauch</a></td></tr><tr class=''><td class=''>Responsable secteur location</td><td class=''><a href="mailto:maiwenn.papin@unifr.ch">Maiwenn Papin</a></td></tr><tr class=''><td class=''>Responsable secteur technique</td><td class=''><a href="mailto:tiffany.schneuwly@unifr.ch">Tiffany Schneuwly</a></td></tr><tr class=''><td class=''>Responsable secteur finances</td><td class=''><a href="mailto:sebastien.vuillaume@unifr.ch">Sebastien Vuillaume</a></td></tr><tr class=''><td class=''>Responsable informatique et collaborateur technique</td><td class=''><a href="mailto:steve.goumaz@unifr.ch">Steve Goumaz</a></td></tr><tr class=''><td class=''>Collaboratrice secteur location</td><td class=''><a href="mailto:maiwenn.papin@unifr.ch">Maiwenn Papin</a></td></tr><tr class=''><td class=''>Collaboratrice secteur location</td><td class=''><a href="mailto:chloe.pittet@unifr.ch">Chloé Pittet</a><br />
</td></tr><tr class=''><td class=''>Collaboratrice secteur location</td><td class=''><a href="mailto:melissa.forney-hostettler@unifr.ch">Mélissa Forney-Hostettler</a></td></tr><tr class=''><td class=''>Collaboratrice secteur technique</td><td class=''><a href="mailto:carla.dietrich@unifr.ch">Carla Dietrich</a><br />
</td></tr><tr class=''><td class=''>Collaboratrice secteur technique</td><td class=''><a href="mailto:paula.donosocastillo@unifr.ch">Paula Donoso</a></td></tr><tr class=''><td class=''>Apprentie secteur finances</td><td class=''><a href="mailto:florijana.halimi@unifr.ch">Florijana Halimi</a></td></tr></tbody></table></div><style type='text/css'></style></p></div><div class="flex_column av_one_full  flex_column_div av-zero-column-padding first  avia-builder-el-5  el_after_av_one_full  el_before_av_one_full  column-top-margin" style='border-radius:0px; '><p><div  style='padding-bottom:10px; ' class='av-special-heading av-special-heading-h5  blockquote modern-quote  avia-builder-el-6  el_before_av_table  avia-builder-el-first  '><h5 class='av-special-heading-tag '  itemprop="headline"  >Personnel technique</h5><div class='special-heading-border'><div class='special-heading-inner-border' ></div></div></div><br />
<div class='avia-data-table-wrap avia_responsive_table'><table  class='avia-table avia-data-table avia-table-2  avia-builder-el-7  el_after_av_heading  avia-builder-el-last  avia_pricing_default '  itemscope="itemscope" itemtype="https://schema.org/Table" ><tbody><tr class=''><td class=''>Collaborateur</td><td class=''><a href="mailto:karim.rey@unifr.ch">Karim Rey</a></td></tr><tr class=''><td class=''>Collaborateur</td><td class=''><a href="mailto:esed.ahmeti@unifr.ch">Esed Ahmeti</a></td></tr></tbody></table></div><style type='text/css'></style></p></div><br />
<div class="flex_column av_one_full  flex_column_div av-zero-column-padding first  avia-builder-el-8  el_after_av_one_full  el_before_av_one_full  column-top-margin" style='border-radius:0px; '><p><div  style='padding-bottom:10px; ' class='av-special-heading av-special-heading-h5  blockquote modern-quote  avia-builder-el-9  el_before_av_table  avia-builder-el-first  '><h5 class='av-special-heading-tag '  itemprop="headline"  >Concierges</h5><div class='special-heading-border'><div class='special-heading-inner-border' ></div></div></div><br />
<div class='avia-data-table-wrap avia_responsive_table'><table  class='avia-table avia-data-table avia-table-3  avia-builder-el-10  el_after_av_heading  avia-builder-el-last  avia_pricing_default '  itemscope="itemscope" itemtype="https://schema.org/Table" ><tbody><tr class=''><td class=''>Avenue du Midi 3-5-7 </td><td class=''><a href="mailto:elza.dasilva@unifr.ch">Elza Da Silva</a></td></tr><tr class=''><td class=''>Route Mont-Carmel 21-29</td><td class=''><a href="mailto:claudine.brodard@unifr.ch">Claudine Brodard</a><br />
</td></tr><tr class=''><td class=''>Chemin des Epinettes 51-55</td><td class=''><a href="mailto:rita.pintomoreira@unifr.ch">Rita Pinto Moreira</a><br />
</td></tr><tr class=''><td class=''>Route du Varis 5-7-9</td><td class=''><a href="mailto:elza.dasilva@unifr.ch">Elza Da Silva</a><br />
</td></tr><tr class=''><td class=''>Rue de l&rsquo;Industrie 14 &amp;<br />
Résidences du Campus</td><td class=''><a href="mailto:diana.camposlima@unifr.ch">Diana Campos</a><br />
</td></tr><tr class=''><td class=''>Route de la Fonderie 14-14a-14b-14c-14d</td><td class=''><a href="mailto:oleksiy.gunin@unifr.ch">Oleksiy Gunin</a></td></tr><tr class=''><td class=''>Sonnenberg 5</td><td class=''><a href="mailto:info@lesonnenberg.ch">Martino Toscanelli</a><br />
</td></tr></tbody></table></div><style type='text/css'></style></p></div><br />
<div class="flex_column av_one_full  flex_column_div av-zero-column-padding first  avia-builder-el-11  el_after_av_one_full  avia-builder-el-last  column-top-margin" style='border-radius:0px; '><p><div  style='padding-bottom:10px; ' class='av-special-heading av-special-heading-h2  blockquote modern-quote  avia-builder-el-12  el_before_av_textblock  avia-builder-el-first  '><h2 class='av-special-heading-tag '  itemprop="headline"  >Organisation</h2><div class='special-heading-border'><div class='special-heading-inner-border' ></div></div></div><br />
<section class="av_textblock_section "  itemscope="itemscope" itemtype="https://schema.org/CreativeWork" ><div class='avia_textblock  '   itemprop="text" ><p>Apartis est dirigée par un conseil de fondation composé d&rsquo;un représentant du Rectorat de l&rsquo;Université de Fribourg, d&rsquo;un représentant de l&rsquo;Etat de Fribourg, de deux représentants des étudiants et d&rsquo;un cinquième membre nommé sur proposition de l&rsquo;Université de Fribourg.</p>
<p>Actuellement la Fondation pour le logement des étudiants est présidée par M. André Magnin. Le conseil de fondation se compose comme suit</p>
</div></section><br />
<div class='avia-data-table-wrap avia_responsive_table'><table  class='avia-table avia-data-table avia-table-4  avia-builder-el-14  el_after_av_textblock  el_before_av_textblock  avia_pricing_default '  itemscope="itemscope" itemtype="https://schema.org/Table" ><tbody><tr class='avia-heading-row'><th class=''>Fonction</th><th class=''>Nom</th><th class=''>Délégué de</th></tr><tr class=''><td class=''>Président</td><td class=''>André Magnin</td><td class=''>Canton de Fribourg</td></tr><tr class=''><td class=''>Membre</td><td class=''>Uberto Motta</td><td class=''>Université de Fribourg</td></tr><tr class=''><td class=''>Membre</td><td class=''>Anne Crausaz Esseiva</td><td class=''>Rectorat de l’Université de Fribourg</td></tr><tr class=''><td class=''>Membre</td><td class=''>Federico Jori</td><td class=''>AGEF</td></tr><tr class=''><td class=''>Membre</td><td class=''>Bastien Nieuwe Weme</td><td class=''>Locataires</td></tr></tbody></table></div><style type='text/css'>.avia-table-4 td:nth-of-type(1):before { content: 'Fonction'; } .avia-table-4 td:nth-of-type(2):before { content: 'Nom'; } .avia-table-4 td:nth-of-type(3):before { content: 'Délégué de'; } </style><br />
<section class="av_textblock_section "  itemscope="itemscope" itemtype="https://schema.org/CreativeWork" ><div class='avia_textblock  '   itemprop="text" ><p>Le conseil de fondation est assisté par un comité de direction qui gère les affaires courantes ainsi que de l&rsquo;équipe administrative qui comprend sept personnes, ainsi que huit collaborateurs techniques (technicien, concierges, employés de nettoyage).</p>
</div></section></p></div></p>
