{"id":1529,"date":"2018-03-06T16:38:22","date_gmt":"2018-03-06T15:38:22","guid":{"rendered":"http:\/\/apartis.swiss\/site\/?page_id=1529"},"modified":"2024-02-27T08:44:06","modified_gmt":"2024-02-27T07:44:06","slug":"salles-polyvalentes","status":"publish","type":"page","link":"https:\/\/apartis.swiss\/site\/info-locataires\/salles-polyvalentes\/","title":{"rendered":"Salles polyvalentes"},"content":{"rendered":"<div class=\"flex_column av_four_fifth  flex_column_div av-zero-column-padding first  avia-builder-el-0  avia-builder-el-no-sibling  \" style='border-radius:0px; '><p><div  style='padding-bottom:10px; ' class='av-special-heading av-special-heading-h2  blockquote modern-quote  avia-builder-el-1  el_before_av_textblock  avia-builder-el-first  '><h2 class='av-special-heading-tag '  itemprop=\"headline\"  >Salles polyvalentes<\/h2><div class='special-heading-border'><div class='special-heading-inner-border' ><\/div><\/div><\/div><br \/>\n<section class=\"av_textblock_section \"  itemscope=\"itemscope\" itemtype=\"https:\/\/schema.org\/CreativeWork\" ><div class='avia_textblock  '   itemprop=\"text\" ><p>Pour f\u00eates, r\u00e9unions, s\u00e9minaires ou autres \u00e9v\u00e9nements, une salle polyvalente est \u00e0 la disposition des locataires Apartis :<\/p>\n<ul>\n<li>Givisiez, Route Mont-Carmel 29, rez-de-chauss\u00e9e\u00a0: cuisinette, tables, chaises, canap\u00e9s<\/li>\n<li>R\u00e9servation obligatoire \u00e0 la r\u00e9ception d\u2019Apartis au moins 1 semaine \u00e0 l\u2019avance<\/li>\n<li>D\u00e9p\u00f4t de CHF 200.- \u00e0 verser lors de la r\u00e9servation (restitu\u00e9 si les conditions sont respect\u00e9es)<\/li>\n<li>Utilisation limit\u00e9e \u00e0 22h du dimanche au jeudi et \u00e0 02h vendredi et samedi<\/li>\n<li><img decoding=\"async\" class=\"download-icon\" title=\"pdf\" src=\"https:\/\/apartis.swiss\/site\/wp-content\/plugins\/download-monitor\/img\/filetype_icons\/document-pdf.png\" alt=\"pdf\" \/>\u00a0<a href=\"https:\/\/apartis.swiss\/site\/wp-content\/plugins\/download-monitor\/download.php?id=108\" target=\"_blank\" rel=\"noopener noreferrer\" class=\"broken_link\">R\u00e8glement salles polyvalentes<\/a><\/li>\n<\/ul>\n<p>Formulaire de r\u00e9servation :<\/p>\n<ul>\n<li><img decoding=\"async\" class=\"download-icon\" title=\"pdf\" src=\"https:\/\/apartis.swiss\/site\/wp-content\/plugins\/download-monitor\/img\/filetype_icons\/document-pdf.png\" alt=\"pdf\" \/>\u00a0<a href=\"https:\/\/apartis.swiss\/site\/wp-content\/uploads\/downloads\/2022\/04\/F-Formulaire-reservation-Mont-Carmel.pdf\" target=\"_blank\" rel=\"noopener noreferrer\">Salle de Givisiez<\/a><\/li>\n<\/ul>\n<p>Pour effectuer vos r\u00e9servations, contactez simplement Apartis :\u00a0<a href=\"mailto:locations@apartis.ch\" target=\"_blank\" rel=\"noopener noreferrer\">locations@apartis.ch<\/a><\/p>\n<p><a href=\"https:\/\/apartis.swiss\/site\/wp-content\/uploads\/downloads\/2018\/03\/Locaux-de-f\u00eates-Festlokalit\u00e4ten.pdf\">Autres locaux de f\u00eates<\/a><\/p>\n<\/div><\/section><\/p><\/div>\n","protected":false},"excerpt":{"rendered":"","protected":false},"author":2,"featured_media":0,"parent":68,"menu_order":8,"comment_status":"closed","ping_status":"closed","template":"","meta":{"footnotes":""},"class_list":["post-1529","page","type-page","status-publish","hentry"],"publishpress_future_action":{"enabled":false,"date":"2026-09-08 07:33:08","action":"change-status","newStatus":"draft","terms":[],"taxonomy":"translation_priority"},"_links":{"self":[{"href":"https:\/\/apartis.swiss\/site\/wp-json\/wp\/v2\/pages\/1529"}],"collection":[{"href":"https:\/\/apartis.swiss\/site\/wp-json\/wp\/v2\/pages"}],"about":[{"href":"https:\/\/apartis.swiss\/site\/wp-json\/wp\/v2\/types\/page"}],"author":[{"embeddable":true,"href":"https:\/\/apartis.swiss\/site\/wp-json\/wp\/v2\/users\/2"}],"replies":[{"embeddable":true,"href":"https:\/\/apartis.swiss\/site\/wp-json\/wp\/v2\/comments?post=1529"}],"version-history":[{"count":2,"href":"https:\/\/apartis.swiss\/site\/wp-json\/wp\/v2\/pages\/1529\/revisions"}],"predecessor-version":[{"id":14224,"href":"https:\/\/apartis.swiss\/site\/wp-json\/wp\/v2\/pages\/1529\/revisions\/14224"}],"up":[{"embeddable":true,"href":"https:\/\/apartis.swiss\/site\/wp-json\/wp\/v2\/pages\/68"}],"wp:attachment":[{"href":"https:\/\/apartis.swiss\/site\/wp-json\/wp\/v2\/media?parent=1529"}],"curies":[{"name":"wp","href":"https:\/\/api.w.org\/{rel}","templated":true}]}}

<div class="flex_column av_four_fifth  flex_column_div av-zero-column-padding first  avia-builder-el-0  avia-builder-el-no-sibling  " style='border-radius:0px; '><p><div  style='padding-bottom:10px; ' class='av-special-heading av-special-heading-h2  blockquote modern-quote  avia-builder-el-1  el_before_av_textblock  avia-builder-el-first  '><h2 class='av-special-heading-tag '  itemprop="headline"  >Salles polyvalentes</h2><div class='special-heading-border'><div class='special-heading-inner-border' ></div></div></div><br />
<section class="av_textblock_section "  itemscope="itemscope" itemtype="https://schema.org/CreativeWork" ><div class='avia_textblock  '   itemprop="text" ><p>Pour fêtes, réunions, séminaires ou autres événements, une salle polyvalente est à la disposition des locataires Apartis :</p>
<ul>
<li>Givisiez, Route Mont-Carmel 29, rez-de-chaussée : cuisinette, tables, chaises, canapés</li>
<li>Réservation obligatoire à la réception d’Apartis au moins 1 semaine à l’avance</li>
<li>Dépôt de CHF 200.- à verser lors de la réservation (restitué si les conditions sont respectées)</li>
<li>Utilisation limitée à 22h du dimanche au jeudi et à 02h vendredi et samedi</li>
<li><img decoding="async" class="download-icon" title="pdf" src="https://apartis.swiss/site/wp-content/plugins/download-monitor/img/filetype_icons/document-pdf.png" alt="pdf" /> <a href="https://apartis.swiss/site/wp-content/plugins/download-monitor/download.php?id=108" target="_blank" rel="noopener noreferrer" class="broken_link">Règlement salles polyvalentes</a></li>
</ul>
<p>Formulaire de réservation :</p>
<ul>
<li><img decoding="async" class="download-icon" title="pdf" src="https://apartis.swiss/site/wp-content/plugins/download-monitor/img/filetype_icons/document-pdf.png" alt="pdf" /> <a href="https://apartis.swiss/site/wp-content/uploads/downloads/2022/04/F-Formulaire-reservation-Mont-Carmel.pdf" target="_blank" rel="noopener noreferrer">Salle de Givisiez</a></li>
</ul>
<p>Pour effectuer vos réservations, contactez simplement Apartis : <a href="mailto:locations@apartis.ch" target="_blank" rel="noopener noreferrer">locations@apartis.ch</a></p>
<p><a href="https://apartis.swiss/site/wp-content/uploads/downloads/2018/03/Locaux-de-fêtes-Festlokalitäten.pdf">Autres locaux de fêtes</a></p>
</div></section></p></div>
