{"id":1524,"date":"2018-03-06T16:35:42","date_gmt":"2018-03-06T15:35:42","guid":{"rendered":"http:\/\/apartis.swiss\/site\/?page_id=1524"},"modified":"2020-09-01T16:20:05","modified_gmt":"2020-09-01T14:20:05","slug":"gestion-des-dechets","status":"publish","type":"page","link":"https:\/\/apartis.swiss\/site\/info-locataires\/gestion-des-dechets\/","title":{"rendered":"Gestion des d\u00e9chets"},"content":{"rendered":"<div class=\"flex_column av_one_half  flex_column_div av-zero-column-padding first  avia-builder-el-0  el_before_av_one_half  avia-builder-el-first  \" style='border-radius:0px; '><section class=\"av_textblock_section \"  itemscope=\"itemscope\" itemtype=\"https:\/\/schema.org\/CreativeWork\" ><div class='avia_textblock  '   itemprop=\"text\" ><ul>\n<li>[T\u00e9l\u00e9chargement introuvable] Gestion des d\u00e9chets avenue du Midi<\/li>\n<li>[T\u00e9l\u00e9chargement introuvable] Gestion des d\u00e9chets route du Varis<\/li>\n<li>[T\u00e9l\u00e9chargement introuvable] Gestion des d\u00e9chets route de l&rsquo;Industrie 14<\/li>\n<li>[T\u00e9l\u00e9chargement introuvable] Gestion des d\u00e9chets du Campus (Cube et Front)<\/li>\n<li>[T\u00e9l\u00e9chargement introuvable] Gestion des d\u00e9chets au chemin des Epinettes<\/li>\n<li>[T\u00e9l\u00e9chargement introuvable] Gestion des d\u00e9chets route de Mont-Carmel<\/li>\n<li>[T\u00e9l\u00e9chargement introuvable] Gestion des d\u00e9chets avenue Jean-Paul II<\/li>\n<li>[T\u00e9l\u00e9chargement introuvable] Gestion des d\u00e9chets Fonderie<\/li>\n<\/ul>\n<\/div><\/section><\/div><div class=\"flex_column av_one_half  flex_column_div av-zero-column-padding   avia-builder-el-2  el_after_av_one_half  avia-builder-el-last  \" style='border-radius:0px; '><div  class='avia-image-container  av-styling-    avia-builder-el-3  avia-builder-el-no-sibling  avia-align-center '  itemprop=\"image\" itemscope=\"itemscope\" itemtype=\"https:\/\/schema.org\/ImageObject\"  ><div class='avia-image-container-inner'><div class='avia-image-overlay-wrap'><img decoding=\"async\" class='wp-image-6559 avia-img-lazy-loading-not-6559 avia_image' src=\"https:\/\/apartis.swiss\/site\/wp-content\/uploads\/2019\/04\/gestion_dechets-300x286.jpg\" alt='' title='Gestion des d\u00e9chets' height=\"286\" width=\"300\"  itemprop=\"thumbnailUrl\" srcset=\"https:\/\/apartis.swiss\/site\/wp-content\/uploads\/2019\/04\/gestion_dechets-300x286.jpg 300w, https:\/\/apartis.swiss\/site\/wp-content\/uploads\/2019\/04\/gestion_dechets-450x429.jpg 450w, https:\/\/apartis.swiss\/site\/wp-content\/uploads\/2019\/04\/gestion_dechets.jpg 612w\" sizes=\"(max-width: 300px) 100vw, 300px\" \/><\/div><\/div><\/div><\/div><\/p>\n","protected":false},"excerpt":{"rendered":"","protected":false},"author":2,"featured_media":0,"parent":68,"menu_order":6,"comment_status":"closed","ping_status":"closed","template":"","meta":{"footnotes":""},"class_list":["post-1524","page","type-page","status-publish","hentry"],"publishpress_future_action":{"enabled":false,"date":"2026-09-08 07:33:15","action":"change-status","newStatus":"draft","terms":[],"taxonomy":"translation_priority"},"_links":{"self":[{"href":"https:\/\/apartis.swiss\/site\/wp-json\/wp\/v2\/pages\/1524"}],"collection":[{"href":"https:\/\/apartis.swiss\/site\/wp-json\/wp\/v2\/pages"}],"about":[{"href":"https:\/\/apartis.swiss\/site\/wp-json\/wp\/v2\/types\/page"}],"author":[{"embeddable":true,"href":"https:\/\/apartis.swiss\/site\/wp-json\/wp\/v2\/users\/2"}],"replies":[{"embeddable":true,"href":"https:\/\/apartis.swiss\/site\/wp-json\/wp\/v2\/comments?post=1524"}],"version-history":[{"count":0,"href":"https:\/\/apartis.swiss\/site\/wp-json\/wp\/v2\/pages\/1524\/revisions"}],"up":[{"embeddable":true,"href":"https:\/\/apartis.swiss\/site\/wp-json\/wp\/v2\/pages\/68"}],"wp:attachment":[{"href":"https:\/\/apartis.swiss\/site\/wp-json\/wp\/v2\/media?parent=1524"}],"curies":[{"name":"wp","href":"https:\/\/api.w.org\/{rel}","templated":true}]}}

Gestion des déchets

<div class="flex_column av_one_half  flex_column_div av-zero-column-padding first  avia-builder-el-0  el_before_av_one_half  avia-builder-el-first  " style='border-radius:0px; '><section class="av_textblock_section "  itemscope="itemscope" itemtype="https://schema.org/CreativeWork" ><div class='avia_textblock  '   itemprop="text" ><ul>
<li>[Téléchargement introuvable] Gestion des déchets avenue du Midi</li>
<li>[Téléchargement introuvable] Gestion des déchets route du Varis</li>
<li>[Téléchargement introuvable] Gestion des déchets route de l&rsquo;Industrie 14</li>
<li>[Téléchargement introuvable] Gestion des déchets du Campus (Cube et Front)</li>
<li>[Téléchargement introuvable] Gestion des déchets au chemin des Epinettes</li>
<li>[Téléchargement introuvable] Gestion des déchets route de Mont-Carmel</li>
<li>[Téléchargement introuvable] Gestion des déchets avenue Jean-Paul II</li>
<li>[Téléchargement introuvable] Gestion des déchets Fonderie</li>
</ul>
</div></section></div><div class="flex_column av_one_half  flex_column_div av-zero-column-padding   avia-builder-el-2  el_after_av_one_half  avia-builder-el-last  " style='border-radius:0px; '><div  class='avia-image-container  av-styling-    avia-builder-el-3  avia-builder-el-no-sibling  avia-align-center '  itemprop="image" itemscope="itemscope" itemtype="https://schema.org/ImageObject"  ><div class='avia-image-container-inner'><div class='avia-image-overlay-wrap'><img decoding="async" class='wp-image-6559 avia-img-lazy-loading-not-6559 avia_image' src="https://apartis.swiss/site/wp-content/uploads/2019/04/gestion_dechets-300x286.jpg" alt='' title='Gestion des déchets' height="286" width="300"  itemprop="thumbnailUrl" srcset="https://apartis.swiss/site/wp-content/uploads/2019/04/gestion_dechets-300x286.jpg 300w, https://apartis.swiss/site/wp-content/uploads/2019/04/gestion_dechets-450x429.jpg 450w, https://apartis.swiss/site/wp-content/uploads/2019/04/gestion_dechets.jpg 612w" sizes="(max-width: 300px) 100vw, 300px" /></div></div></div></div></p>
