{"id":1495,"date":"2018-03-06T15:42:26","date_gmt":"2018-03-06T14:42:26","guid":{"rendered":"http:\/\/apartis.swiss\/site\/?page_id=1495"},"modified":"2026-04-01T08:29:46","modified_gmt":"2026-04-01T06:29:46","slug":"buanderies","status":"publish","type":"page","link":"https:\/\/apartis.swiss\/site\/info-locataires\/buanderies\/","title":{"rendered":"Buanderies"},"content":{"rendered":"<div class=\"flex_column av_four_fifth  flex_column_div av-zero-column-padding first  avia-builder-el-0  avia-builder-el-no-sibling  \" style='border-radius:0px; '><p><div  style='padding-bottom:10px; ' class='av-special-heading av-special-heading-h2  blockquote modern-quote  avia-builder-el-1  el_before_av_textblock  avia-builder-el-first  '><h2 class='av-special-heading-tag '  itemprop=\"headline\"  >Buanderies<\/h2><div class='special-heading-border'><div class='special-heading-inner-border' ><\/div><\/div><\/div><br \/>\n<section class=\"av_textblock_section \"  itemscope=\"itemscope\" itemtype=\"https:\/\/schema.org\/CreativeWork\" ><div class='avia_textblock  '   itemprop=\"text\" ><p>La buanderie de votre immeuble est \u00e9quip\u00e9e d&rsquo;un syst\u00e8me de cl\u00e9 de lavage.<\/p>\n<p>Concerne tous les immeubles, sauf Sonnenberg et\u00a0 le Foyer des Jeunes.<\/p>\n<p>Pour acc\u00e9der aux machines \u00e0 laver et \u00e0 s\u00e9cher de la buanderie de votre immeuble, il est n\u00e9cessaire d\u2019utiliser une cl\u00e9 de lavage \u00e9lectronique personnelle.<\/p>\n<\/div><\/section><br \/>\n<div  class='avia-icon-list-container   avia-builder-el-3  el_after_av_textblock  avia-builder-el-last '><ul class='avia-icon-list avia-icon-list-left av-iconlist-big avia_animate_when_almost_visible avia-iconlist-animate'>\n<li><div  class='iconlist_icon  avia-font-entypo-fontello'><span class='iconlist-char ' aria-hidden='true' data-av_icon='\ue80d' data-av_iconfont='entypo-fontello'><\/span><\/div><article class=\"article-icon-entry \"  itemscope=\"itemscope\" itemtype=\"https:\/\/schema.org\/CreativeWork\" ><div class='iconlist_content_wrap'><header class=\"entry-content-header\"><h4 class='av_iconlist_title iconlist_title   '  itemprop=\"headline\"  >Mode d\u2019emploi<\/h4><\/header><div class='iconlist_content  '  itemprop=\"text\"  ><p><iframe loading=\"lazy\" title=\"YouTube video player\" src=\"https:\/\/www.youtube.com\/embed\/O6eXNHYv4zI\" width=\"560\" height=\"315\" frameborder=\"0\" allowfullscreen=\"allowfullscreen\"><\/iframe><\/p>\n<\/div><\/div><footer class=\"entry-footer\"><\/footer><\/article><div class='iconlist-timeline'><\/div><\/li>\n<li><div  class='iconlist_icon  avia-font-entypo-fontello'><span class='iconlist-char ' aria-hidden='true' data-av_icon='\ue856' data-av_iconfont='entypo-fontello'><\/span><\/div><article class=\"article-icon-entry \"  itemscope=\"itemscope\" itemtype=\"https:\/\/schema.org\/CreativeWork\" ><div class='iconlist_content_wrap'><header class=\"entry-content-header\"><h4 class='av_iconlist_title iconlist_title   '  itemprop=\"headline\"  >Premi\u00e8re utilisation<\/h4><\/header><div class='iconlist_content  '  itemprop=\"text\"  ><ul>\n<li>Pour commander une cl\u00e9 \u00e9lectronique, remplir le formulaire\u00a0 :\n<ul>\n<li>PDF : <a href=\"https:\/\/assets-global.website-files.com\/650b3a7aad93ac6b7187d28a\/65b25cad64958610e6cf4ca8_FR_Formulaire%20d%27inscription.pdf\" target=\"_blank\" rel=\"noopener\">Keycom &#8211; inscription<\/a>\u00a0 et l\u2019envoyer \u00e0 Keycom SA.<\/li>\n<li>En ligne : <a href=\"https:\/\/www.keycom.ch\/fr\/portail-utilisateur\/inscription-au-systeme-connecte\">Inscription au syst\u00e8me connect\u00e9 (keycom.ch)<\/a><\/li>\n<\/ul>\n<\/li>\n<li>Avec la cl\u00e9, vous recevrez des bulletins de versement et le document \u00a0\u00bb\u00a0<a href=\"https:\/\/apartis.swiss\/site\/wp-content\/uploads\/2021\/04\/Keycom_ModeEmploiUtilisateur_1.2d_F.pdf\" target=\"_blank\" rel=\"noopener\">Keycom &#8211; mode d&#8217;emploi<\/a>\u00a0\u00ab\u00a0.<\/li>\n<li>D\u00e8s que Keycom aura re\u00e7u votre paiement de CHF 80, la cl\u00e9 de lavage sera charg\u00e9e et pr\u00eate \u00e0 l\u2019emploi.<\/li>\n<\/ul>\n<p><strong>Le montant de base de CHF 80 comprend\u00a0:<\/strong><\/p>\n<ul>\n<li>CHF 20 comme frais d&rsquo;inscription<\/li>\n<li>CHF 30 comme garantie de lavage (rembours\u00e9 lorsque la cl\u00e9 est rendue)<\/li>\n<li>CHF 30 pour les premiers frais de lavage\/s\u00e9chage<\/li>\n<\/ul>\n<p>Un mode d\u2019emploi de la cl\u00e9 est affich\u00e9 dans la buanderie, \u00e0 c\u00f4t\u00e9 du terminal Keycom.<\/p>\n<\/div><\/div><footer class=\"entry-footer\"><\/footer><\/article><div class='iconlist-timeline'><\/div><\/li>\n<li><div  class='iconlist_icon  avia-font-entypo-fontello'><span class='iconlist-char ' aria-hidden='true' data-av_icon='\ue854' data-av_iconfont='entypo-fontello'><\/span><\/div><article class=\"article-icon-entry \"  itemscope=\"itemscope\" itemtype=\"https:\/\/schema.org\/CreativeWork\" ><div class='iconlist_content_wrap'><header class=\"entry-content-header\"><h4 class='av_iconlist_title iconlist_title   '  itemprop=\"headline\"  >En cas de probl\u00e8me :<\/h4><\/header><div class='iconlist_content  '  itemprop=\"text\"  ><p>Hotline Keycom\u00a0: 0844 844 012 (jours ouvrables) |\u00a0<a href=\"http:\/\/www.keycom.ch\/\" target=\"_blank\" rel=\"noopener\">www.keycom.ch<\/a><\/p>\n<p>En cas de panne des machines \u00e0 laver\/s\u00e9cher : Merci de nous faire parvenir un avis de panne depuis votre espace personnel.<\/p>\n<\/div><\/div><footer class=\"entry-footer\"><\/footer><\/article><div class='iconlist-timeline'><\/div><\/li>\n<li><div  class='iconlist_icon  avia-font-entypo-fontello'><span class='iconlist-char ' aria-hidden='true' data-av_icon='\ue8bc' data-av_iconfont='entypo-fontello'><\/span><\/div><article class=\"article-icon-entry \"  itemscope=\"itemscope\" itemtype=\"https:\/\/schema.org\/CreativeWork\" ><div class='iconlist_content_wrap'><header class=\"entry-content-header\"><h4 class='av_iconlist_title iconlist_title   '  itemprop=\"headline\"  >Derni\u00e8re utilisation :<\/h4><\/header><div class='iconlist_content  '  itemprop=\"text\"  ><p>Vous quittez votre logement chez Apartis et n\u2019avez plus besoin de votre cl\u00e9 de lavage. Veuillez proc\u00e9der comme suit\u00a0:<\/p>\n<ul>\n<li>Retournez votre cl\u00e9 personnelle \u00e0 Keycom SA et indiquez votre no de compte bancaire ou postal pour le remboursement.<\/li>\n<li>Keycom vous remboursera le montant de la garantie et le solde inutilis\u00e9.<\/li>\n<\/ul>\n<\/div><\/div><footer class=\"entry-footer\"><\/footer><\/article><div class='iconlist-timeline'><\/div><\/li>\n<li><div  class='iconlist_icon  avia-font-entypo-fontello'><span class='iconlist-char ' aria-hidden='true' data-av_icon='\ue83f' data-av_iconfont='entypo-fontello'><\/span><\/div><article class=\"article-icon-entry \"  itemscope=\"itemscope\" itemtype=\"https:\/\/schema.org\/CreativeWork\" ><div class='iconlist_content_wrap'><header class=\"entry-content-header\"><h4 class='av_iconlist_title iconlist_title   '  itemprop=\"headline\"  >Important : <\/h4><\/header><div class='iconlist_content  '  itemprop=\"text\"  ><p><strong>Votre cl\u00e9 est personnelle, ne la transmettez pas au locataire suivant.<\/strong><\/p>\n<\/div><\/div><footer class=\"entry-footer\"><\/footer><\/article><div class='iconlist-timeline'><\/div><\/li>\n<\/ul><\/div><\/p><\/div>\n","protected":false},"excerpt":{"rendered":"","protected":false},"author":5,"featured_media":0,"parent":68,"menu_order":10,"comment_status":"closed","ping_status":"closed","template":"","meta":{"footnotes":""},"class_list":["post-1495","page","type-page","status-publish","hentry"],"publishpress_future_action":{"enabled":false,"date":"2026-09-08 07:33:03","action":"change-status","newStatus":"draft","terms":[],"taxonomy":"translation_priority"},"_links":{"self":[{"href":"https:\/\/apartis.swiss\/site\/wp-json\/wp\/v2\/pages\/1495"}],"collection":[{"href":"https:\/\/apartis.swiss\/site\/wp-json\/wp\/v2\/pages"}],"about":[{"href":"https:\/\/apartis.swiss\/site\/wp-json\/wp\/v2\/types\/page"}],"author":[{"embeddable":true,"href":"https:\/\/apartis.swiss\/site\/wp-json\/wp\/v2\/users\/5"}],"replies":[{"embeddable":true,"href":"https:\/\/apartis.swiss\/site\/wp-json\/wp\/v2\/comments?post=1495"}],"version-history":[{"count":3,"href":"https:\/\/apartis.swiss\/site\/wp-json\/wp\/v2\/pages\/1495\/revisions"}],"predecessor-version":[{"id":15329,"href":"https:\/\/apartis.swiss\/site\/wp-json\/wp\/v2\/pages\/1495\/revisions\/15329"}],"up":[{"embeddable":true,"href":"https:\/\/apartis.swiss\/site\/wp-json\/wp\/v2\/pages\/68"}],"wp:attachment":[{"href":"https:\/\/apartis.swiss\/site\/wp-json\/wp\/v2\/media?parent=1495"}],"curies":[{"name":"wp","href":"https:\/\/api.w.org\/{rel}","templated":true}]}}

<div class="flex_column av_four_fifth  flex_column_div av-zero-column-padding first  avia-builder-el-0  avia-builder-el-no-sibling  " style='border-radius:0px; '><p><div  style='padding-bottom:10px; ' class='av-special-heading av-special-heading-h2  blockquote modern-quote  avia-builder-el-1  el_before_av_textblock  avia-builder-el-first  '><h2 class='av-special-heading-tag '  itemprop="headline"  >Buanderies</h2><div class='special-heading-border'><div class='special-heading-inner-border' ></div></div></div><br />
<section class="av_textblock_section "  itemscope="itemscope" itemtype="https://schema.org/CreativeWork" ><div class='avia_textblock  '   itemprop="text" ><p>La buanderie de votre immeuble est équipée d&rsquo;un système de clé de lavage.</p>
<p>Concerne tous les immeubles, sauf Sonnenberg et  le Foyer des Jeunes.</p>
<p>Pour accéder aux machines à laver et à sécher de la buanderie de votre immeuble, il est nécessaire d’utiliser une clé de lavage électronique personnelle.</p>
</div></section><br />
<div  class='avia-icon-list-container   avia-builder-el-3  el_after_av_textblock  avia-builder-el-last '><ul class='avia-icon-list avia-icon-list-left av-iconlist-big avia_animate_when_almost_visible avia-iconlist-animate'>
<li><div  class='iconlist_icon  avia-font-entypo-fontello'><span class='iconlist-char ' aria-hidden='true' data-av_icon='' data-av_iconfont='entypo-fontello'></span></div><article class="article-icon-entry "  itemscope="itemscope" itemtype="https://schema.org/CreativeWork" ><div class='iconlist_content_wrap'><header class="entry-content-header"><h4 class='av_iconlist_title iconlist_title   '  itemprop="headline"  >Mode d’emploi</h4></header><div class='iconlist_content  '  itemprop="text"  ><p><iframe loading="lazy" title="YouTube video player" src="https://www.youtube.com/embed/O6eXNHYv4zI" width="560" height="315" frameborder="0" allowfullscreen="allowfullscreen"></iframe></p>
</div></div><footer class="entry-footer"></footer></article><div class='iconlist-timeline'></div></li>
<li><div  class='iconlist_icon  avia-font-entypo-fontello'><span class='iconlist-char ' aria-hidden='true' data-av_icon='' data-av_iconfont='entypo-fontello'></span></div><article class="article-icon-entry "  itemscope="itemscope" itemtype="https://schema.org/CreativeWork" ><div class='iconlist_content_wrap'><header class="entry-content-header"><h4 class='av_iconlist_title iconlist_title   '  itemprop="headline"  >Première utilisation</h4></header><div class='iconlist_content  '  itemprop="text"  ><ul>
<li>Pour commander une clé électronique, remplir le formulaire  :
<ul>
<li>PDF : <a href="https://assets-global.website-files.com/650b3a7aad93ac6b7187d28a/65b25cad64958610e6cf4ca8_FR_Formulaire%20d%27inscription.pdf" target="_blank" rel="noopener">Keycom &#8211; inscription</a>  et l’envoyer à Keycom SA.</li>
<li>En ligne : <a href="https://www.keycom.ch/fr/portail-utilisateur/inscription-au-systeme-connecte">Inscription au système connecté (keycom.ch)</a></li>
</ul>
</li>
<li>Avec la clé, vous recevrez des bulletins de versement et le document  » <a href="https://apartis.swiss/site/wp-content/uploads/2021/04/Keycom_ModeEmploiUtilisateur_1.2d_F.pdf" target="_blank" rel="noopener">Keycom &#8211; mode d&#8217;emploi</a> « .</li>
<li>Dès que Keycom aura reçu votre paiement de CHF 80, la clé de lavage sera chargée et prête à l’emploi.</li>
</ul>
<p><strong>Le montant de base de CHF 80 comprend :</strong></p>
<ul>
<li>CHF 20 comme frais d&rsquo;inscription</li>
<li>CHF 30 comme garantie de lavage (remboursé lorsque la clé est rendue)</li>
<li>CHF 30 pour les premiers frais de lavage/séchage</li>
</ul>
<p>Un mode d’emploi de la clé est affiché dans la buanderie, à côté du terminal Keycom.</p>
</div></div><footer class="entry-footer"></footer></article><div class='iconlist-timeline'></div></li>
<li><div  class='iconlist_icon  avia-font-entypo-fontello'><span class='iconlist-char ' aria-hidden='true' data-av_icon='' data-av_iconfont='entypo-fontello'></span></div><article class="article-icon-entry "  itemscope="itemscope" itemtype="https://schema.org/CreativeWork" ><div class='iconlist_content_wrap'><header class="entry-content-header"><h4 class='av_iconlist_title iconlist_title   '  itemprop="headline"  >En cas de problème :</h4></header><div class='iconlist_content  '  itemprop="text"  ><p>Hotline Keycom : 0844 844 012 (jours ouvrables) | <a href="http://www.keycom.ch/" target="_blank" rel="noopener">www.keycom.ch</a></p>
<p>En cas de panne des machines à laver/sécher : Merci de nous faire parvenir un avis de panne depuis votre espace personnel.</p>
</div></div><footer class="entry-footer"></footer></article><div class='iconlist-timeline'></div></li>
<li><div  class='iconlist_icon  avia-font-entypo-fontello'><span class='iconlist-char ' aria-hidden='true' data-av_icon='' data-av_iconfont='entypo-fontello'></span></div><article class="article-icon-entry "  itemscope="itemscope" itemtype="https://schema.org/CreativeWork" ><div class='iconlist_content_wrap'><header class="entry-content-header"><h4 class='av_iconlist_title iconlist_title   '  itemprop="headline"  >Dernière utilisation :</h4></header><div class='iconlist_content  '  itemprop="text"  ><p>Vous quittez votre logement chez Apartis et n’avez plus besoin de votre clé de lavage. Veuillez procéder comme suit :</p>
<ul>
<li>Retournez votre clé personnelle à Keycom SA et indiquez votre no de compte bancaire ou postal pour le remboursement.</li>
<li>Keycom vous remboursera le montant de la garantie et le solde inutilisé.</li>
</ul>
</div></div><footer class="entry-footer"></footer></article><div class='iconlist-timeline'></div></li>
<li><div  class='iconlist_icon  avia-font-entypo-fontello'><span class='iconlist-char ' aria-hidden='true' data-av_icon='' data-av_iconfont='entypo-fontello'></span></div><article class="article-icon-entry "  itemscope="itemscope" itemtype="https://schema.org/CreativeWork" ><div class='iconlist_content_wrap'><header class="entry-content-header"><h4 class='av_iconlist_title iconlist_title   '  itemprop="headline"  >Important : </h4></header><div class='iconlist_content  '  itemprop="text"  ><p><strong>Votre clé est personnelle, ne la transmettez pas au locataire suivant.</strong></p>
</div></div><footer class="entry-footer"></footer></article><div class='iconlist-timeline'></div></li>
</ul></div></p></div>
