{"id":7453,"date":"2019-05-20T17:05:06","date_gmt":"2019-05-20T15:05:06","guid":{"rendered":"https:\/\/apartis.swiss\/?page_id=7453"},"modified":"2024-06-03T11:21:02","modified_gmt":"2024-06-03T09:21:02","slug":"2000watts","status":"publish","type":"page","link":"https:\/\/apartis.swiss\/site\/en\/apartis\/2000watts\/","title":{"rendered":"Soci\u00e9t\u00e9 2000 Watts"},"content":{"rendered":"<p><div class=\"flex_column av_one_full  flex_column_div av-zero-column-padding first  avia-builder-el-0  el_before_av_two_third  avia-builder-el-first  \" style='border-radius:0px; '><div  style='padding-bottom:10px; ' class='av-special-heading av-special-heading-h2  blockquote modern-quote  avia-builder-el-1  avia-builder-el-no-sibling  '><h2 class='av-special-heading-tag '  itemprop=\"headline\"  >Site 2000 Watt<\/h2><div class='special-heading-border'><div class='special-heading-inner-border' ><\/div><\/div><\/div><\/div><br \/>\n<div class=\"flex_column av_two_third  flex_column_div av-zero-column-padding first  avia-builder-el-2  el_after_av_one_full  el_before_av_one_third  column-top-margin\" style='border-radius:0px; '><p><div  style='padding-bottom:10px; ' class='av-special-heading av-special-heading-h3  blockquote modern-quote  avia-builder-el-3  el_before_av_textblock  avia-builder-el-first  '><h3 class='av-special-heading-tag '  itemprop=\"headline\"  >La Fonderie labelled \u00ab Site 2000 Watt \u00bb<\/h3><div class='special-heading-border'><div class='special-heading-inner-border' ><\/div><\/div><\/div><br \/>\n<section class=\"av_textblock_section \"  itemscope=\"itemscope\" itemtype=\"https:\/\/schema.org\/CreativeWork\" ><div class='avia_textblock  '   itemprop=\"text\" ><p><img loading=\"lazy\" decoding=\"async\" class=\"alignright wp-image-7429\" src=\"https:\/\/apartis.swiss\/site\/wp-content\/uploads\/2019\/05\/2000Watt-Areal-photo-300x209.png\" alt=\"\" width=\"100\" height=\"70\" srcset=\"https:\/\/apartis.swiss\/site\/wp-content\/uploads\/2019\/05\/2000Watt-Areal-photo-300x209.png 300w, https:\/\/apartis.swiss\/site\/wp-content\/uploads\/2019\/05\/2000Watt-Areal-photo-260x185.png 260w, https:\/\/apartis.swiss\/site\/wp-content\/uploads\/2019\/05\/2000Watt-Areal-photo-450x313.png 450w, https:\/\/apartis.swiss\/site\/wp-content\/uploads\/2019\/05\/2000Watt-Areal-photo.png 575w\" sizes=\"(max-width: 100px) 100vw, 100px\" \/>The Apartis foundation follows the objectives of the 2000 watts society with its social and ecological commitment.<\/p>\n<p>We put together the most important information for our tenants.<\/p>\n<ul>\n<li>Apartis contributes to reduce the impact on the climate with an efficient use of energy, renewable energy and its own production of energy by photovoltaics.<\/li>\n<li>The residential buildings are aimed at public transport and slow traffic. Cars has to be used only in exceptional cases.<\/li>\n<\/ul>\n<p>We thank our tenants to support actively the objectives of Apartis. More information about 2000 watts society under <a href=\"https:\/\/www.2000watt.swiss\/\" target=\"_blank\" rel=\"noopener\" class=\"broken_link\">2000-Watt-Gesellschaft<\/a> or Setting a goal and getting there: <a href=\"https:\/\/www.admin.ch\/gov\/en\/start\/documentation\/media-releases.msg-id-12194.html\" target=\"_blank\" rel=\"noopener\" class=\"broken_link\">2000-watt society (admin.ch)<\/a>.<\/p>\n[Download not found]\n<\/div><\/section><\/p><\/div><br \/>\n<div class=\"flex_column av_one_third  flex_column_div av-zero-column-padding   avia-builder-el-5  el_after_av_two_third  el_before_av_hr  column-top-margin\" style='border-radius:0px; '><p><div  style='padding-bottom:10px; ' class='av-special-heading av-special-heading-h3  blockquote modern-quote  avia-builder-el-6  el_before_av_textblock  avia-builder-el-first  '><h3 class='av-special-heading-tag '  itemprop=\"headline\"  >Some useful links<\/h3><div class='special-heading-border'><div class='special-heading-inner-border' ><\/div><\/div><\/div><br \/>\n<section class=\"av_textblock_section \"  itemscope=\"itemscope\" itemtype=\"https:\/\/schema.org\/CreativeWork\" ><div class='avia_textblock  '   itemprop=\"text\" ><ul>\n<li>Pourquoi le site de la Fonderie \u00e0 Fribourg a re\u00e7u le label \u00ab site 2000 Watts \u00bb : <a href=\"https:\/\/shorturl.at\/mpFP8\" target=\"_blank\" rel=\"noopener noreferrer\" class=\"broken_link\">fiche d&#8217;information 2000Watt<\/a><\/li>\n<li><a href=\"https:\/\/apartis.swiss\/site\/wp-content\/plugins\/download-monitor\/download.php?id=240\" target=\"_blank\" rel=\"noopener\" class=\"broken_link\">Tenants charter of the 2000-Watt area of the Fonderie<\/a><\/li>\n<li><a href=\"https:\/\/www.ville-fribourg.ch\/transport-mobilite\/velos\" target=\"_blank\" rel=\"noopener\">Privil\u00e9giez le v\u00e9lo \u00e0 Fribourg<\/a><\/li>\n<li><a href=\"https:\/\/www.publibike.ch\/de\/home\" target=\"_blank\" rel=\"noopener\">Publibike Fribourg<\/a><\/li>\n<li><a href=\"https:\/\/www.ville-fribourg.ch\/transport-mobilite\/transports-publics\" target=\"_blank\" rel=\"noopener\">Transports publics et cartes journali\u00e8res<\/a><\/li>\n<li><a href=\"https:\/\/www.mobility.ch\/en\/private-customers\" target=\"_blank\" rel=\"noopener\">Mobility carsharing solution<\/a><\/li>\n<li><a href=\"https:\/\/www.unifr.ch\/campuscard\/fr\/prestations\/mobility.html\">Mobility pour les \u00e9tudiants de UNIFR<\/a><\/li>\n<li><a href=\"https:\/\/apartis.swiss\/en\/info-tenants\/reduce-co2-emissions\/\" class=\"broken_link\">Reduce your CO<sub>2<\/sub> emissions<\/a><\/li>\n<\/ul>\n<\/div><\/section><\/p><\/div><div   class='hr hr-default   avia-builder-el-8  el_after_av_one_third  el_before_av_one_full '><span class='hr-inner ' ><span class='hr-inner-style'><\/span><\/span><\/div><br \/>\n<div class=\"flex_column av_one_full  flex_column_div av-zero-column-padding first  avia-builder-el-9  el_after_av_hr  avia-builder-el-last  \" style='border-radius:0px; '><\/div><\/p>\n","protected":false},"excerpt":{"rendered":"","protected":false},"author":2,"featured_media":0,"parent":2945,"menu_order":6,"comment_status":"open","ping_status":"closed","template":"","meta":{"footnotes":""},"class_list":["post-7453","page","type-page","status-publish","hentry"],"publishpress_future_action":{"enabled":false,"date":"2026-09-08 08:08:49","action":"change-status","newStatus":"draft","terms":[],"taxonomy":"translation_priority"},"_links":{"self":[{"href":"https:\/\/apartis.swiss\/site\/en\/wp-json\/wp\/v2\/pages\/7453"}],"collection":[{"href":"https:\/\/apartis.swiss\/site\/en\/wp-json\/wp\/v2\/pages"}],"about":[{"href":"https:\/\/apartis.swiss\/site\/en\/wp-json\/wp\/v2\/types\/page"}],"author":[{"embeddable":true,"href":"https:\/\/apartis.swiss\/site\/en\/wp-json\/wp\/v2\/users\/2"}],"replies":[{"embeddable":true,"href":"https:\/\/apartis.swiss\/site\/en\/wp-json\/wp\/v2\/comments?post=7453"}],"version-history":[{"count":3,"href":"https:\/\/apartis.swiss\/site\/en\/wp-json\/wp\/v2\/pages\/7453\/revisions"}],"predecessor-version":[{"id":14366,"href":"https:\/\/apartis.swiss\/site\/en\/wp-json\/wp\/v2\/pages\/7453\/revisions\/14366"}],"up":[{"embeddable":true,"href":"https:\/\/apartis.swiss\/site\/en\/wp-json\/wp\/v2\/pages\/2945"}],"wp:attachment":[{"href":"https:\/\/apartis.swiss\/site\/en\/wp-json\/wp\/v2\/media?parent=7453"}],"curies":[{"name":"wp","href":"https:\/\/api.w.org\/{rel}","templated":true}]}}

Société 2000 Watts

<p><div class="flex_column av_one_full  flex_column_div av-zero-column-padding first  avia-builder-el-0  el_before_av_two_third  avia-builder-el-first  " style='border-radius:0px; '><div  style='padding-bottom:10px; ' class='av-special-heading av-special-heading-h2  blockquote modern-quote  avia-builder-el-1  avia-builder-el-no-sibling  '><h2 class='av-special-heading-tag '  itemprop="headline"  >Site 2000 Watt</h2><div class='special-heading-border'><div class='special-heading-inner-border' ></div></div></div></div><br />
<div class="flex_column av_two_third  flex_column_div av-zero-column-padding first  avia-builder-el-2  el_after_av_one_full  el_before_av_one_third  column-top-margin" style='border-radius:0px; '><p><div  style='padding-bottom:10px; ' class='av-special-heading av-special-heading-h3  blockquote modern-quote  avia-builder-el-3  el_before_av_textblock  avia-builder-el-first  '><h3 class='av-special-heading-tag '  itemprop="headline"  >La Fonderie labelled « Site 2000 Watt »</h3><div class='special-heading-border'><div class='special-heading-inner-border' ></div></div></div><br />
<section class="av_textblock_section "  itemscope="itemscope" itemtype="https://schema.org/CreativeWork" ><div class='avia_textblock  '   itemprop="text" ><p><img loading="lazy" decoding="async" class="alignright wp-image-7429" src="https://apartis.swiss/site/wp-content/uploads/2019/05/2000Watt-Areal-photo-300x209.png" alt="" width="100" height="70" srcset="https://apartis.swiss/site/wp-content/uploads/2019/05/2000Watt-Areal-photo-300x209.png 300w, https://apartis.swiss/site/wp-content/uploads/2019/05/2000Watt-Areal-photo-260x185.png 260w, https://apartis.swiss/site/wp-content/uploads/2019/05/2000Watt-Areal-photo-450x313.png 450w, https://apartis.swiss/site/wp-content/uploads/2019/05/2000Watt-Areal-photo.png 575w" sizes="(max-width: 100px) 100vw, 100px" />The Apartis foundation follows the objectives of the 2000 watts society with its social and ecological commitment.</p>
<p>We put together the most important information for our tenants.</p>
<ul>
<li>Apartis contributes to reduce the impact on the climate with an efficient use of energy, renewable energy and its own production of energy by photovoltaics.</li>
<li>The residential buildings are aimed at public transport and slow traffic. Cars has to be used only in exceptional cases.</li>
</ul>
<p>We thank our tenants to support actively the objectives of Apartis. More information about 2000 watts society under <a href="https://www.2000watt.swiss/" target="_blank" rel="noopener" class="broken_link">2000-Watt-Gesellschaft</a> or Setting a goal and getting there: <a href="https://www.admin.ch/gov/en/start/documentation/media-releases.msg-id-12194.html" target="_blank" rel="noopener" class="broken_link">2000-watt society (admin.ch)</a>.</p>
[Download not found]
</div></section></p></div><br />
<div class="flex_column av_one_third  flex_column_div av-zero-column-padding   avia-builder-el-5  el_after_av_two_third  el_before_av_hr  column-top-margin" style='border-radius:0px; '><p><div  style='padding-bottom:10px; ' class='av-special-heading av-special-heading-h3  blockquote modern-quote  avia-builder-el-6  el_before_av_textblock  avia-builder-el-first  '><h3 class='av-special-heading-tag '  itemprop="headline"  >Some useful links</h3><div class='special-heading-border'><div class='special-heading-inner-border' ></div></div></div><br />
<section class="av_textblock_section "  itemscope="itemscope" itemtype="https://schema.org/CreativeWork" ><div class='avia_textblock  '   itemprop="text" ><ul>
<li>Pourquoi le site de la Fonderie à Fribourg a reçu le label « site 2000 Watts » : <a href="https://shorturl.at/mpFP8" target="_blank" rel="noopener noreferrer" class="broken_link">fiche d&#8217;information 2000Watt</a></li>
<li><a href="https://apartis.swiss/site/wp-content/plugins/download-monitor/download.php?id=240" target="_blank" rel="noopener" class="broken_link">Tenants charter of the 2000-Watt area of the Fonderie</a></li>
<li><a href="https://www.ville-fribourg.ch/transport-mobilite/velos" target="_blank" rel="noopener">Privilégiez le vélo à Fribourg</a></li>
<li><a href="https://www.publibike.ch/de/home" target="_blank" rel="noopener">Publibike Fribourg</a></li>
<li><a href="https://www.ville-fribourg.ch/transport-mobilite/transports-publics" target="_blank" rel="noopener">Transports publics et cartes journalières</a></li>
<li><a href="https://www.mobility.ch/en/private-customers" target="_blank" rel="noopener">Mobility carsharing solution</a></li>
<li><a href="https://www.unifr.ch/campuscard/fr/prestations/mobility.html">Mobility pour les étudiants de UNIFR</a></li>
<li><a href="https://apartis.swiss/en/info-tenants/reduce-co2-emissions/" class="broken_link">Reduce your CO<sub>2</sub> emissions</a></li>
</ul>
</div></section></p></div><div   class='hr hr-default   avia-builder-el-8  el_after_av_one_third  el_before_av_one_full '><span class='hr-inner ' ><span class='hr-inner-style'></span></span></div><br />
<div class="flex_column av_one_full  flex_column_div av-zero-column-padding first  avia-builder-el-9  el_after_av_hr  avia-builder-el-last  " style='border-radius:0px; '></div></p>
