{"id":8734,"date":"2019-12-11T16:10:50","date_gmt":"2019-12-11T15:10:50","guid":{"rendered":"https:\/\/apartis.swiss\/apartis\/carbon-fri\/"},"modified":"2021-12-09T09:31:45","modified_gmt":"2021-12-09T08:31:45","slug":"carbon-fri","status":"publish","type":"page","link":"https:\/\/apartis.swiss\/site\/de\/apartis\/carbon-fri\/","title":{"rendered":"Carbon Fri"},"content":{"rendered":"<p><div class=\"flex_column av_one_full  flex_column_div av-zero-column-padding first  avia-builder-el-0  el_before_av_one_half  avia-builder-el-first  \" style='border-radius:0px; '><div  style='padding-bottom:10px; ' class='av-special-heading av-special-heading-h2  blockquote modern-quote  avia-builder-el-1  avia-builder-el-no-sibling  '><h2 class='av-special-heading-tag '  itemprop=\"headline\"  >Stiftung Carbon Fri<\/h2><div class ='av-subheading av-subheading_below  ' style='font-size:15px;'><p>f\u00fcr eine nachhaltige Freiburger Wirtschaft<\/p>\n<\/div><div class='special-heading-border'><div class='special-heading-inner-border' ><\/div><\/div><\/div><\/div><br \/>\n<div class=\"flex_column av_one_half  flex_column_div av-zero-column-padding first  avia-builder-el-2  el_after_av_one_full  el_before_av_one_half  column-top-margin\" style='border-radius:0px; '><section class=\"av_textblock_section \"  itemscope=\"itemscope\" itemtype=\"https:\/\/schema.org\/CreativeWork\" ><div class='avia_textblock  '   itemprop=\"text\" ><p>Die anfangs 2018 gegr\u00fcndete Stiftung Carbon Fri setzt sich zum Ziel, die CO2-Emissionen von Freiburger Unternehmen zu reduzieren.<\/p>\n<p>Das gesamte Geld, das so eingenommen wird, wird an die lokale Wirtschaft zur\u00fcckverteilt, indem lokale Projekte unterst\u00fctzt werden, welche nicht von bereits existierenden Subventionsprogrammen profitieren k\u00f6nnen.<\/p>\n<p><a href=\"https:\/\/www.carbonfri.ch\/de-index\" target=\"_blank\" rel=\"noopener noreferrer\">Zur Website von Carbon Fri<\/a><\/p>\n<\/div><\/section><\/div><br \/>\n<div class=\"flex_column av_one_half  flex_column_div av-zero-column-padding   avia-builder-el-4  el_after_av_one_half  el_before_av_section  avia-builder-el-last  column-top-margin\" style='border-radius:0px; '><div  class='avia-image-container  av-styling-    avia-builder-el-5  avia-builder-el-no-sibling  avia-align-right '  itemprop=\"image\" itemscope=\"itemscope\" itemtype=\"https:\/\/schema.org\/ImageObject\"  ><div class='avia-image-container-inner'><div class='avia-image-overlay-wrap'><img decoding=\"async\" class='wp-image-0 avia-img-lazy-loading-not-0 avia_image' src=\"https:\/\/apartis.swiss\/site\/wp-content\/uploads\/2019\/10\/Carbon_fri_Neutre_couleurs-300x131.png\" alt='' title=''   itemprop=\"thumbnailUrl\"  \/><\/div><\/div><\/div><\/div><br \/>\n<\/div><\/div><\/div><!-- close content main div --><\/div><\/div><div id='av_section_1'  class='avia-section main_color avia-section-default avia-no-border-styling  avia-full-stretch avia-bg-style-scroll  avia-builder-el-6  el_after_av_one_half  el_before_av_one_half   av-minimum-height av-minimum-height-custom  container_wrap sidebar_right' style='background-repeat: no-repeat; background-image: url(https:\/\/apartis.swiss\/site\/wp-content\/uploads\/2019\/12\/nasa_spaceflight_pacific_ocean.jpg);background-attachment: scroll; background-position: top left;  '  data-section-bg-repeat='stretch'><div class='container' style='height:500px'><div class='template-page content  av-content-small alpha units'><div class='post-entry post-entry-type-page post-entry-8734'><div class='entry-content-wrapper clearfix'>\n<div class='flex_column_table av-equal-height-column-flextable -flextable' ><div class=\"flex_column av_two_fifth  flex_column_table_cell av-equal-height-column av-align-top first  avia-builder-el-7  el_before_av_two_fifth  avia-builder-el-first  \" style='padding:20px 30px 30px 30px ; background-color:rgba(255,255,255,0.82); border-radius:0px; '><section class=\"av_textblock_section \"  itemscope=\"itemscope\" itemtype=\"https:\/\/schema.org\/CreativeWork\" ><div class='avia_textblock  '  style='font-size:14px; '  itemprop=\"text\" ><ul>\n<li>LABEL<br \/>\nEin Label wird an Freiburger Unternehmen verliehen,\u00a0die auf ihre \u00d6kobilanz achten und sich daf\u00fcr einsetzen, ihre CO2-Emissionen zu reduzieren.<\/li>\n<li>FONDS<br \/>\nEin von zertifizierten Unternehmen finanzierter Fonds erm\u00f6glicht lokale Projekte, die noch keine Unterst\u00fctzung erhalten haben.<\/li>\n<\/ul>\n<\/div><\/section><\/div><div class='av-flex-placeholder'><\/div><div class=\"flex_column av_two_fifth  flex_column_table_cell av-equal-height-column av-align-top   avia-builder-el-9  el_after_av_two_fifth  avia-builder-el-last  \" style='padding:20px 30px 30px 30px ; background-color:rgba(255,255,255,0.82); border-radius:0px; '><section class=\"av_textblock_section \"  itemscope=\"itemscope\" itemtype=\"https:\/\/schema.org\/CreativeWork\" ><div class='avia_textblock  '   itemprop=\"text\" ><ul>\n<li>AUSBILDUNGEN<br \/>\nRegelm\u00e4ssig werden Seminare und Weiterbildungen zu Themen organisiert, die in Verbindung mit der nachhaltigen Entwicklung stehen. Das Ziel ist es, Unternehmen und Einzelpersonen zu sensibilisieren.<\/li>\n<li>GEMEINSCHAFT<br \/>\nCarbon Fri m\u00f6chte eine dynamische und aktive Gemeinschaft rund um die nachhaltige Entwicklung bilden.<\/li>\n<\/ul>\n<\/div><\/section><\/div><\/div><!--close column table wrapper. Autoclose: 1 -->\n<\/div><\/div><\/div><!-- close content main div --><\/div><\/div><div id='after_section_1'  class='main_color av_default_container_wrap container_wrap sidebar_right' style=' '  ><div class='container' ><div class='template-page content  av-content-small alpha units'><div class='post-entry post-entry-type-page post-entry-8734'><div class='entry-content-wrapper clearfix'><br \/>\n<div class=\"flex_column av_one_half  flex_column_div av-zero-column-padding first  avia-builder-el-11  el_after_av_section  el_before_av_one_half  avia-builder-el-first  \" style='border-radius:0px; '><p><div  style='padding-bottom:10px; ' class='av-special-heading av-special-heading-h4  blockquote modern-quote  avia-builder-el-12  el_before_av_textblock  avia-builder-el-first  '><h4 class='av-special-heading-tag '  itemprop=\"headline\"  >Apartis<\/h4><div class='special-heading-border'><div class='special-heading-inner-border' ><\/div><\/div><\/div><br \/>\n<section class=\"av_textblock_section \"  itemscope=\"itemscope\" itemtype=\"https:\/\/schema.org\/CreativeWork\" ><div class='avia_textblock  '   itemprop=\"text\" ><p>Apartis hat das Label \u00abCARBON FRI\u00bb erhalten. Die Stiftung hat s\u00e4mtliche Voraussetzungen erf\u00fcllt und alle, f\u00fcr die Vergabe des Labels ben\u00f6tigten Unterlagen in \u00dcbereinstimmung mit den Richtlinien f\u00fcr die Vergabe des Labels vom 15\/05\/2018, eingereicht.<\/p>\n<ul>\n<li>G\u00fcltig bis: 04\/11\/2022<\/li>\n<li>Kategorie: Entreprise<\/li>\n<li>Label: CH-L681-2021-044<\/li>\n<li>Status: activ<\/li>\n<li>[Download nicht gefunden.]<\/li>\n<\/ul>\n<\/div><\/section><\/p><\/div><div class=\"flex_column av_one_half  flex_column_div av-zero-column-padding   avia-builder-el-14  el_after_av_one_half  avia-builder-el-last  \" style='border-radius:0px; '><p><div  style='padding-bottom:10px; ' class='av-special-heading av-special-heading-h4  blockquote modern-quote  avia-builder-el-15  el_before_av_textblock  avia-builder-el-first  '><h4 class='av-special-heading-tag '  itemprop=\"headline\"  >CO<sub>2<\/sub> Rechner<\/h4><div class='special-heading-border'><div class='special-heading-inner-border' ><\/div><\/div><\/div><br \/>\n<section class=\"av_textblock_section \"  itemscope=\"itemscope\" itemtype=\"https:\/\/schema.org\/CreativeWork\" ><div class='avia_textblock  '   itemprop=\"text\" ><p>Quantifizieren Sie die CO2-Emissionen Ihres Urlaubs und investieren Sie in ein lokales Projekt !<\/p>\n<p>Carbon Fri bietet den Einwohnern des Kantons Freiburg die M\u00f6glichkeit, die CO2-Emissionen ihrer Reisen zu quantifizieren und in Projekte zur Reduzierung der CO2-Emissionen im Kanton zu investieren.<\/p>\n<p><a href=\"https:\/\/www.carbonfri.ch\/calculateurco2\/?l=de\" target=\"_blank\" rel=\"noopener noreferrer\">Besuchen Sie einfach den CO2 Rechner<\/a> von Carbon Fri, um Ihre CO2-Emissionen zu ermitteln.<\/p>\n<\/div><\/section><\/p><\/div><\/p>\n","protected":false},"excerpt":{"rendered":"","protected":false},"author":2,"featured_media":0,"parent":2946,"menu_order":5,"comment_status":"closed","ping_status":"closed","template":"","meta":{"footnotes":""},"class_list":["post-8734","page","type-page","status-publish","hentry"],"publishpress_future_action":{"enabled":false,"date":"2026-09-08 08:12:51","action":"change-status","newStatus":"draft","terms":[],"taxonomy":"translation_priority"},"_links":{"self":[{"href":"https:\/\/apartis.swiss\/site\/de\/wp-json\/wp\/v2\/pages\/8734"}],"collection":[{"href":"https:\/\/apartis.swiss\/site\/de\/wp-json\/wp\/v2\/pages"}],"about":[{"href":"https:\/\/apartis.swiss\/site\/de\/wp-json\/wp\/v2\/types\/page"}],"author":[{"embeddable":true,"href":"https:\/\/apartis.swiss\/site\/de\/wp-json\/wp\/v2\/users\/2"}],"replies":[{"embeddable":true,"href":"https:\/\/apartis.swiss\/site\/de\/wp-json\/wp\/v2\/comments?post=8734"}],"version-history":[{"count":0,"href":"https:\/\/apartis.swiss\/site\/de\/wp-json\/wp\/v2\/pages\/8734\/revisions"}],"up":[{"embeddable":true,"href":"https:\/\/apartis.swiss\/site\/de\/wp-json\/wp\/v2\/pages\/2946"}],"wp:attachment":[{"href":"https:\/\/apartis.swiss\/site\/de\/wp-json\/wp\/v2\/media?parent=8734"}],"curies":[{"name":"wp","href":"https:\/\/api.w.org\/{rel}","templated":true}]}}

<p><div class="flex_column av_one_full  flex_column_div av-zero-column-padding first  avia-builder-el-0  el_before_av_one_half  avia-builder-el-first  " style='border-radius:0px; '><div  style='padding-bottom:10px; ' class='av-special-heading av-special-heading-h2  blockquote modern-quote  avia-builder-el-1  avia-builder-el-no-sibling  '><h2 class='av-special-heading-tag '  itemprop="headline"  >Stiftung Carbon Fri</h2><div class ='av-subheading av-subheading_below  ' style='font-size:15px;'><p>für eine nachhaltige Freiburger Wirtschaft</p>
</div><div class='special-heading-border'><div class='special-heading-inner-border' ></div></div></div></div><br />
<div class="flex_column av_one_half  flex_column_div av-zero-column-padding first  avia-builder-el-2  el_after_av_one_full  el_before_av_one_half  column-top-margin" style='border-radius:0px; '><section class="av_textblock_section "  itemscope="itemscope" itemtype="https://schema.org/CreativeWork" ><div class='avia_textblock  '   itemprop="text" ><p>Die anfangs 2018 gegründete Stiftung Carbon Fri setzt sich zum Ziel, die CO2-Emissionen von Freiburger Unternehmen zu reduzieren.</p>
<p>Das gesamte Geld, das so eingenommen wird, wird an die lokale Wirtschaft zurückverteilt, indem lokale Projekte unterstützt werden, welche nicht von bereits existierenden Subventionsprogrammen profitieren können.</p>
<p><a href="https://www.carbonfri.ch/de-index" target="_blank" rel="noopener noreferrer">Zur Website von Carbon Fri</a></p>
</div></section></div><br />
<div class="flex_column av_one_half  flex_column_div av-zero-column-padding   avia-builder-el-4  el_after_av_one_half  el_before_av_section  avia-builder-el-last  column-top-margin" style='border-radius:0px; '><div  class='avia-image-container  av-styling-    avia-builder-el-5  avia-builder-el-no-sibling  avia-align-right '  itemprop="image" itemscope="itemscope" itemtype="https://schema.org/ImageObject"  ><div class='avia-image-container-inner'><div class='avia-image-overlay-wrap'><img decoding="async" class='wp-image-0 avia-img-lazy-loading-not-0 avia_image' src="https://apartis.swiss/site/wp-content/uploads/2019/10/Carbon_fri_Neutre_couleurs-300x131.png" alt='' title=''   itemprop="thumbnailUrl"  /></div></div></div></div><br />
</div></div></div><!-- close content main div --></div></div><div id='av_section_1'  class='avia-section main_color avia-section-default avia-no-border-styling  avia-full-stretch avia-bg-style-scroll  avia-builder-el-6  el_after_av_one_half  el_before_av_one_half   av-minimum-height av-minimum-height-custom  container_wrap sidebar_right' style='background-repeat: no-repeat; background-image: url(https://apartis.swiss/site/wp-content/uploads/2019/12/nasa_spaceflight_pacific_ocean.jpg);background-attachment: scroll; background-position: top left;  '  data-section-bg-repeat='stretch'><div class='container' style='height:500px'><div class='template-page content  av-content-small alpha units'><div class='post-entry post-entry-type-page post-entry-8734'><div class='entry-content-wrapper clearfix'>
<div class='flex_column_table av-equal-height-column-flextable -flextable' ><div class="flex_column av_two_fifth  flex_column_table_cell av-equal-height-column av-align-top first  avia-builder-el-7  el_before_av_two_fifth  avia-builder-el-first  " style='padding:20px 30px 30px 30px ; background-color:rgba(255,255,255,0.82); border-radius:0px; '><section class="av_textblock_section "  itemscope="itemscope" itemtype="https://schema.org/CreativeWork" ><div class='avia_textblock  '  style='font-size:14px; '  itemprop="text" ><ul>
<li>LABEL<br />
Ein Label wird an Freiburger Unternehmen verliehen, die auf ihre Ökobilanz achten und sich dafür einsetzen, ihre CO2-Emissionen zu reduzieren.</li>
<li>FONDS<br />
Ein von zertifizierten Unternehmen finanzierter Fonds ermöglicht lokale Projekte, die noch keine Unterstützung erhalten haben.</li>
</ul>
</div></section></div><div class='av-flex-placeholder'></div><div class="flex_column av_two_fifth  flex_column_table_cell av-equal-height-column av-align-top   avia-builder-el-9  el_after_av_two_fifth  avia-builder-el-last  " style='padding:20px 30px 30px 30px ; background-color:rgba(255,255,255,0.82); border-radius:0px; '><section class="av_textblock_section "  itemscope="itemscope" itemtype="https://schema.org/CreativeWork" ><div class='avia_textblock  '   itemprop="text" ><ul>
<li>AUSBILDUNGEN<br />
Regelmässig werden Seminare und Weiterbildungen zu Themen organisiert, die in Verbindung mit der nachhaltigen Entwicklung stehen. Das Ziel ist es, Unternehmen und Einzelpersonen zu sensibilisieren.</li>
<li>GEMEINSCHAFT<br />
Carbon Fri möchte eine dynamische und aktive Gemeinschaft rund um die nachhaltige Entwicklung bilden.</li>
</ul>
</div></section></div></div><!--close column table wrapper. Autoclose: 1 -->
</div></div></div><!-- close content main div --></div></div><div id='after_section_1'  class='main_color av_default_container_wrap container_wrap sidebar_right' style=' '  ><div class='container' ><div class='template-page content  av-content-small alpha units'><div class='post-entry post-entry-type-page post-entry-8734'><div class='entry-content-wrapper clearfix'><br />
<div class="flex_column av_one_half  flex_column_div av-zero-column-padding first  avia-builder-el-11  el_after_av_section  el_before_av_one_half  avia-builder-el-first  " style='border-radius:0px; '><p><div  style='padding-bottom:10px; ' class='av-special-heading av-special-heading-h4  blockquote modern-quote  avia-builder-el-12  el_before_av_textblock  avia-builder-el-first  '><h4 class='av-special-heading-tag '  itemprop="headline"  >Apartis</h4><div class='special-heading-border'><div class='special-heading-inner-border' ></div></div></div><br />
<section class="av_textblock_section "  itemscope="itemscope" itemtype="https://schema.org/CreativeWork" ><div class='avia_textblock  '   itemprop="text" ><p>Apartis hat das Label «CARBON FRI» erhalten. Die Stiftung hat sämtliche Voraussetzungen erfüllt und alle, für die Vergabe des Labels benötigten Unterlagen in Übereinstimmung mit den Richtlinien für die Vergabe des Labels vom 15/05/2018, eingereicht.</p>
<ul>
<li>Gültig bis: 04/11/2022</li>
<li>Kategorie: Entreprise</li>
<li>Label: CH-L681-2021-044</li>
<li>Status: activ</li>
<li>[Download nicht gefunden.]</li>
</ul>
</div></section></p></div><div class="flex_column av_one_half  flex_column_div av-zero-column-padding   avia-builder-el-14  el_after_av_one_half  avia-builder-el-last  " style='border-radius:0px; '><p><div  style='padding-bottom:10px; ' class='av-special-heading av-special-heading-h4  blockquote modern-quote  avia-builder-el-15  el_before_av_textblock  avia-builder-el-first  '><h4 class='av-special-heading-tag '  itemprop="headline"  >CO<sub>2</sub> Rechner</h4><div class='special-heading-border'><div class='special-heading-inner-border' ></div></div></div><br />
<section class="av_textblock_section "  itemscope="itemscope" itemtype="https://schema.org/CreativeWork" ><div class='avia_textblock  '   itemprop="text" ><p>Quantifizieren Sie die CO2-Emissionen Ihres Urlaubs und investieren Sie in ein lokales Projekt !</p>
<p>Carbon Fri bietet den Einwohnern des Kantons Freiburg die Möglichkeit, die CO2-Emissionen ihrer Reisen zu quantifizieren und in Projekte zur Reduzierung der CO2-Emissionen im Kanton zu investieren.</p>
<p><a href="https://www.carbonfri.ch/calculateurco2/?l=de" target="_blank" rel="noopener noreferrer">Besuchen Sie einfach den CO2 Rechner</a> von Carbon Fri, um Ihre CO2-Emissionen zu ermitteln.</p>
</div></section></p></div></p>
