{"id":7685,"date":"2022-04-26T14:00:03","date_gmt":"2022-04-26T12:00:03","guid":{"rendered":"https:\/\/apartis.swiss\/?page_id=7685"},"modified":"2026-08-31T10:34:51","modified_gmt":"2026-08-31T08:34:51","slug":"steuerung-der-heizung","status":"publish","type":"page","link":"https:\/\/apartis.swiss\/site\/de\/mieterinformationen\/steuerung-der-heizung\/","title":{"rendered":"Steuerung der Heizung"},"content":{"rendered":"<p><div class=\"flex_column av_one_full  flex_column_div av-zero-column-padding first  avia-builder-el-0  el_before_av_section  avia-builder-el-no-sibling  \" style='border-radius:0px; '><div  style='padding-bottom:10px; ' class='av-special-heading av-special-heading-h2  blockquote modern-quote  avia-builder-el-1  avia-builder-el-no-sibling  '><h2 class='av-special-heading-tag '  itemprop=\"headline\"  >Steuerung der Heizung und Energieeinsparung<\/h2><div class='special-heading-border'><div class='special-heading-inner-border' ><\/div><\/div><\/div><\/div><br \/>\n<\/div><\/div><\/div><!-- close content main div --><\/div><\/div><div id='av_section_1'  class='avia-section main_color avia-section-default avia-no-border-styling  avia-full-stretch avia-bg-style-fixed  avia-builder-el-2  el_after_av_one_full  avia-builder-el-last   av-minimum-height av-minimum-height-custom  container_wrap sidebar_right' style='background-repeat: no-repeat; background-image: url(https:\/\/apartis.swiss\/site\/wp-content\/uploads\/2019\/06\/nature.jpg);background-attachment: fixed; background-position: center center;  '  data-section-bg-repeat='stretch'><div class='container' style='height:500px'><div class='template-page content  av-content-small alpha units'><div class='post-entry post-entry-type-page post-entry-7685'><div class='entry-content-wrapper clearfix'>\n<div class='flex_column_table av-equal-height-column-flextable -flextable' ><div class=\"flex_column av_two_fifth  flex_column_table_cell av-equal-height-column av-align-top first  avia-builder-el-3  el_before_av_two_fifth  avia-builder-el-first  \" style='background: rgba(255,255,255,0.82); padding:20px 30px 30px 30px ; background-color:rgba(255,255,255,0.82); border-radius:0px; '><p><div  style='padding-bottom:10px; ' class='av-special-heading av-special-heading-h3  blockquote modern-quote  avia-builder-el-4  el_before_av_textblock  avia-builder-el-first  '><h3 class='av-special-heading-tag '  itemprop=\"headline\"  >Funktionsprinzip<\/h3><div class='special-heading-border'><div class='special-heading-inner-border' ><\/div><\/div><\/div><br \/>\n<section class=\"av_textblock_section \"  itemscope=\"itemscope\" itemtype=\"https:\/\/schema.org\/CreativeWork\" ><div class='avia_textblock  '   itemprop=\"text\" ><p>Mehrere unserer Geb\u00e4ude sind mit einem Heizkontrollsystem ausgestattet. Ein Teil davon ist im Heizkeller installiert. Die Heisswasserproduktion f\u00fcr die Heizung ist an einen Apparat gekoppelt, der die Wettervorhersagen verfolgt. Die Heizung regelt so ihre T\u00e4tigkeit gem\u00e4ss der Aussentemperatur.<\/p>\n<p>Der zweite Teil des Kontrollsystems ist in den Wohnungen installiert. Das Funktionsprinzip ist wie folgt:<\/p>\n<ol>\n<li>Der Mieter w\u00e4hlt die gew\u00fcnschte Temperatur zwischen 10\u00b0C und 21\u00b0C aus.<\/li>\n<li>Eine Sonde \u00fcbermittelt die Zimmertemperatur an das System.<\/li>\n<li>Sobald die Temperatur an die Wunschtemperatur angepasst werden muss, regelt das System das \u00d6ffnen oder Schliessen des Heizk\u00f6rperventils.<\/li>\n<li>Im Falle einer St\u00f6rung eines Ger\u00e4tes (Kommunikation zwischen den Ger\u00e4ten) oder bei anderen Problemen (Fenster im Winter \u00fcber l\u00e4ngere Zeit offen), l\u00f6st das System einen Alarm aus.<\/li>\n<\/ol>\n<p>Das System erm\u00f6glicht somit eine optimale Temperatursteuerung der Zimmer und des Geb\u00e4udes im Allgemeinen.<\/p>\n<p>Das Ziel von Apartis ist es, den CO2 &#8211; Ausstoss zu verringern und die Heizkosten zu senken, was f\u00fcr alle gewinnbringend ist !<\/p>\n<\/div><\/section><\/p><\/div><div class='av-flex-placeholder'><\/div><div class=\"flex_column av_two_fifth  flex_column_table_cell av-equal-height-column av-align-top   avia-builder-el-6  el_after_av_two_fifth  avia-builder-el-last  \" style='background: rgba(255,255,255,0.82); padding:20px 30px 30px 30px ; background-color:rgba(255,255,255,0.82); border-radius:0px; '><p><div  style='padding-bottom:10px; ' class='av-special-heading av-special-heading-h3  blockquote modern-quote  avia-builder-el-7  el_before_av_textblock  avia-builder-el-first  '><h3 class='av-special-heading-tag '  itemprop=\"headline\"  >Smartphone App<\/h3><div class='special-heading-border'><div class='special-heading-inner-border' ><\/div><\/div><\/div><br \/>\n<section class=\"av_textblock_section \"  itemscope=\"itemscope\" itemtype=\"https:\/\/schema.org\/CreativeWork\" ><div class='avia_textblock  '   itemprop=\"text\" ><p>Apartis stellt eine App zur Verf\u00fcgung, um den W\u00e4rmekomfort des Zimmers zu steuern. Das Ziel ist es dabei, dass der Mieter:<\/p>\n<ul>\n<li>den W\u00e4rmeregler des Zimmers verschieben kann<\/li>\n<li>die Spracheinstellungen der App \u00e4ndern kann<\/li>\n<li>Abwesenheitszeiten erstellen, \u00e4ndern oder l\u00f6schen kann<\/li>\n<\/ul>\n<\/div><\/section><br \/>\n<div  style='padding-bottom:10px; ' class='av-special-heading av-special-heading-h3  blockquote modern-quote  avia-builder-el-9  el_after_av_textblock  el_before_av_textblock  '><h3 class='av-special-heading-tag '  itemprop=\"headline\"  >An allen Standorten von Apartis<\/h3><div class='special-heading-border'><div class='special-heading-inner-border' ><\/div><\/div><\/div><br \/>\n<section class=\"av_textblock_section \"  itemscope=\"itemscope\" itemtype=\"https:\/\/schema.org\/CreativeWork\" ><div class='avia_textblock  '   itemprop=\"text\" ><ol>\n<li>\u00d6ffnen Sie den Browser auf dem Telefon und suchen Sie Folgendes :<br \/>\n<a href=\"https:\/\/apartis.app\" target=\"_blank\" rel=\"noopener noreferrer\" class=\"broken_link\">https:\/\/apartis.app<\/a><\/li>\n<li>Geben Sie Benutzernamen und Passwort ein (Codes des Internetzugangs)<\/li>\n<\/ol>\n<\/div><\/section><\/p><\/div><\/div><!--close column table wrapper. Autoclose: 1 --><\/div><\/div><\/div><!-- close content main div --><\/div><\/div><div id='after_section_1'  class='main_color av_default_container_wrap container_wrap sidebar_right' style=' '  ><div class='container' ><div class='template-page content  av-content-small alpha units'><div class='post-entry post-entry-type-page post-entry-7685'><div class='entry-content-wrapper clearfix'><\/p>\n","protected":false},"excerpt":{"rendered":"","protected":false},"author":2,"featured_media":0,"parent":2995,"menu_order":5,"comment_status":"closed","ping_status":"closed","template":"","meta":{"footnotes":""},"class_list":["post-7685","page","type-page","status-publish","hentry"],"publishpress_future_action":{"enabled":false,"date":"2026-09-08 08:15:17","action":"change-status","newStatus":"draft","terms":[],"taxonomy":"translation_priority"},"_links":{"self":[{"href":"https:\/\/apartis.swiss\/site\/de\/wp-json\/wp\/v2\/pages\/7685"}],"collection":[{"href":"https:\/\/apartis.swiss\/site\/de\/wp-json\/wp\/v2\/pages"}],"about":[{"href":"https:\/\/apartis.swiss\/site\/de\/wp-json\/wp\/v2\/types\/page"}],"author":[{"embeddable":true,"href":"https:\/\/apartis.swiss\/site\/de\/wp-json\/wp\/v2\/users\/2"}],"replies":[{"embeddable":true,"href":"https:\/\/apartis.swiss\/site\/de\/wp-json\/wp\/v2\/comments?post=7685"}],"version-history":[{"count":3,"href":"https:\/\/apartis.swiss\/site\/de\/wp-json\/wp\/v2\/pages\/7685\/revisions"}],"predecessor-version":[{"id":15471,"href":"https:\/\/apartis.swiss\/site\/de\/wp-json\/wp\/v2\/pages\/7685\/revisions\/15471"}],"up":[{"embeddable":true,"href":"https:\/\/apartis.swiss\/site\/de\/wp-json\/wp\/v2\/pages\/2995"}],"wp:attachment":[{"href":"https:\/\/apartis.swiss\/site\/de\/wp-json\/wp\/v2\/media?parent=7685"}],"curies":[{"name":"wp","href":"https:\/\/api.w.org\/{rel}","templated":true}]}}

<p><div class="flex_column av_one_full  flex_column_div av-zero-column-padding first  avia-builder-el-0  el_before_av_section  avia-builder-el-no-sibling  " style='border-radius:0px; '><div  style='padding-bottom:10px; ' class='av-special-heading av-special-heading-h2  blockquote modern-quote  avia-builder-el-1  avia-builder-el-no-sibling  '><h2 class='av-special-heading-tag '  itemprop="headline"  >Steuerung der Heizung und Energieeinsparung</h2><div class='special-heading-border'><div class='special-heading-inner-border' ></div></div></div></div><br />
</div></div></div><!-- close content main div --></div></div><div id='av_section_1'  class='avia-section main_color avia-section-default avia-no-border-styling  avia-full-stretch avia-bg-style-fixed  avia-builder-el-2  el_after_av_one_full  avia-builder-el-last   av-minimum-height av-minimum-height-custom  container_wrap sidebar_right' style='background-repeat: no-repeat; background-image: url(https://apartis.swiss/site/wp-content/uploads/2019/06/nature.jpg);background-attachment: fixed; background-position: center center;  '  data-section-bg-repeat='stretch'><div class='container' style='height:500px'><div class='template-page content  av-content-small alpha units'><div class='post-entry post-entry-type-page post-entry-7685'><div class='entry-content-wrapper clearfix'>
<div class='flex_column_table av-equal-height-column-flextable -flextable' ><div class="flex_column av_two_fifth  flex_column_table_cell av-equal-height-column av-align-top first  avia-builder-el-3  el_before_av_two_fifth  avia-builder-el-first  " style='background: rgba(255,255,255,0.82); padding:20px 30px 30px 30px ; background-color:rgba(255,255,255,0.82); border-radius:0px; '><p><div  style='padding-bottom:10px; ' class='av-special-heading av-special-heading-h3  blockquote modern-quote  avia-builder-el-4  el_before_av_textblock  avia-builder-el-first  '><h3 class='av-special-heading-tag '  itemprop="headline"  >Funktionsprinzip</h3><div class='special-heading-border'><div class='special-heading-inner-border' ></div></div></div><br />
<section class="av_textblock_section "  itemscope="itemscope" itemtype="https://schema.org/CreativeWork" ><div class='avia_textblock  '   itemprop="text" ><p>Mehrere unserer Gebäude sind mit einem Heizkontrollsystem ausgestattet. Ein Teil davon ist im Heizkeller installiert. Die Heisswasserproduktion für die Heizung ist an einen Apparat gekoppelt, der die Wettervorhersagen verfolgt. Die Heizung regelt so ihre Tätigkeit gemäss der Aussentemperatur.</p>
<p>Der zweite Teil des Kontrollsystems ist in den Wohnungen installiert. Das Funktionsprinzip ist wie folgt:</p>
<ol>
<li>Der Mieter wählt die gewünschte Temperatur zwischen 10°C und 21°C aus.</li>
<li>Eine Sonde übermittelt die Zimmertemperatur an das System.</li>
<li>Sobald die Temperatur an die Wunschtemperatur angepasst werden muss, regelt das System das Öffnen oder Schliessen des Heizkörperventils.</li>
<li>Im Falle einer Störung eines Gerätes (Kommunikation zwischen den Geräten) oder bei anderen Problemen (Fenster im Winter über längere Zeit offen), löst das System einen Alarm aus.</li>
</ol>
<p>Das System ermöglicht somit eine optimale Temperatursteuerung der Zimmer und des Gebäudes im Allgemeinen.</p>
<p>Das Ziel von Apartis ist es, den CO2 &#8211; Ausstoss zu verringern und die Heizkosten zu senken, was für alle gewinnbringend ist !</p>
</div></section></p></div><div class='av-flex-placeholder'></div><div class="flex_column av_two_fifth  flex_column_table_cell av-equal-height-column av-align-top   avia-builder-el-6  el_after_av_two_fifth  avia-builder-el-last  " style='background: rgba(255,255,255,0.82); padding:20px 30px 30px 30px ; background-color:rgba(255,255,255,0.82); border-radius:0px; '><p><div  style='padding-bottom:10px; ' class='av-special-heading av-special-heading-h3  blockquote modern-quote  avia-builder-el-7  el_before_av_textblock  avia-builder-el-first  '><h3 class='av-special-heading-tag '  itemprop="headline"  >Smartphone App</h3><div class='special-heading-border'><div class='special-heading-inner-border' ></div></div></div><br />
<section class="av_textblock_section "  itemscope="itemscope" itemtype="https://schema.org/CreativeWork" ><div class='avia_textblock  '   itemprop="text" ><p>Apartis stellt eine App zur Verfügung, um den Wärmekomfort des Zimmers zu steuern. Das Ziel ist es dabei, dass der Mieter:</p>
<ul>
<li>den Wärmeregler des Zimmers verschieben kann</li>
<li>die Spracheinstellungen der App ändern kann</li>
<li>Abwesenheitszeiten erstellen, ändern oder löschen kann</li>
</ul>
</div></section><br />
<div  style='padding-bottom:10px; ' class='av-special-heading av-special-heading-h3  blockquote modern-quote  avia-builder-el-9  el_after_av_textblock  el_before_av_textblock  '><h3 class='av-special-heading-tag '  itemprop="headline"  >An allen Standorten von Apartis</h3><div class='special-heading-border'><div class='special-heading-inner-border' ></div></div></div><br />
<section class="av_textblock_section "  itemscope="itemscope" itemtype="https://schema.org/CreativeWork" ><div class='avia_textblock  '   itemprop="text" ><ol>
<li>Öffnen Sie den Browser auf dem Telefon und suchen Sie Folgendes :<br />
<a href="https://apartis.app" target="_blank" rel="noopener noreferrer" class="broken_link">https://apartis.app</a></li>
<li>Geben Sie Benutzernamen und Passwort ein (Codes des Internetzugangs)</li>
</ol>
</div></section></p></div></div><!--close column table wrapper. Autoclose: 1 --></div></div></div><!-- close content main div --></div></div><div id='after_section_1'  class='main_color av_default_container_wrap container_wrap sidebar_right' style=' '  ><div class='container' ><div class='template-page content  av-content-small alpha units'><div class='post-entry post-entry-type-page post-entry-7685'><div class='entry-content-wrapper clearfix'></p>
