{"id":3058,"date":"2017-09-04T08:33:27","date_gmt":"2018-10-05T08:16:02","guid":{"rendered":"https:\/\/apartis.swiss\/site\/infos-pratiques\/mobilier\/"},"modified":"2024-06-03T11:22:20","modified_gmt":"2024-06-03T09:22:20","slug":"mobel","status":"publish","type":"page","link":"https:\/\/apartis.swiss\/site\/de\/praktische-infos\/mobel\/","title":{"rendered":"M\u00f6bel"},"content":{"rendered":"<p><div class=\"flex_column av_one_full  flex_column_div av-zero-column-padding first  avia-builder-el-0  el_before_av_section  avia-builder-el-no-sibling  \" style='border-radius:0px; '><div  style='padding-bottom:10px; ' class='av-special-heading av-special-heading-h2  blockquote modern-quote  avia-builder-el-1  avia-builder-el-no-sibling  '><h2 class='av-special-heading-tag '  itemprop=\"headline\"  >Mobilier<\/h2><div class='special-heading-border'><div class='special-heading-inner-border' ><\/div><\/div><\/div><\/div><br \/>\n<\/div><\/div><\/div><!-- close content main div --><\/div><\/div><div id='av_section_1'  class='avia-section main_color avia-section-default avia-no-border-styling  avia-bg-style-scroll  avia-builder-el-2  el_after_av_one_full  avia-builder-el-last   av-minimum-height av-minimum-height-custom  container_wrap sidebar_right' style='background-repeat: no-repeat; background-image: url(https:\/\/apartis.swiss\/site\/wp-content\/uploads\/2019\/04\/mobilier.jpg);background-attachment: scroll; background-position: top left;  '  data-section-bg-repeat='no-repeat'><div class='container' style='height:500px'><div class='template-page content  av-content-small alpha units'><div class='post-entry post-entry-type-page post-entry-3058'><div class='entry-content-wrapper clearfix'>\n<div class=\"flex_column av_one_half  flex_column_div first  avia-builder-el-3  el_before_av_one_half  avia-builder-el-first  \" style='background: rgba(255,255,255,0.83); padding:20px 30px 30px 30px ; background-color:rgba(255,255,255,0.83); border-radius:0px; '><p><section class=\"av_textblock_section \"  itemscope=\"itemscope\" itemtype=\"https:\/\/schema.org\/CreativeWork\" ><div class='avia_textblock  '   itemprop=\"text\" ><p><strong>Gebraucht<\/strong><\/p>\n<ul>\n<li><a href=\"http:\/\/www.emmaus-fribourg.ch\/\" target=\"_blank\" rel=\"noopener\" class=\"broken_link\">Emma\u00fcs<\/a><a href=\"http:\/\/www.unifr.ch\/apartis\/pdf\/reglements-maison\/rm-sonn-f.pdf\" target=\"_blank\" rel=\"noopener\"><br \/>\n<\/a><\/li>\n<li><a href=\"http:\/\/www.coupdpouce.ch\/\" target=\"_blank\" rel=\"noopener\">Coup d\u2019Pouce<\/a><\/li>\n<\/ul>\n<\/div><\/section><br \/>\n<div   class='hr hr-default   avia-builder-el-5  el_after_av_textblock  el_before_av_textblock '><span class='hr-inner ' ><span class='hr-inner-style'><\/span><\/span><\/div><br \/>\n<section class=\"av_textblock_section \"  itemscope=\"itemscope\" itemtype=\"https:\/\/schema.org\/CreativeWork\" ><div class='avia_textblock  '   itemprop=\"text\" ><p><strong>F\u00fcr Schlaue<\/strong><\/p>\n<ul>\n<li>Kleinanzeigen in der Migros<\/li>\n<li>Kleinanzeigen in der Coop<\/li>\n<li><a href=\"https:\/\/www.furniturerental.ch\/de\/home\/\" target=\"_blank\" rel=\"noopener\">Furniturerental.ch<\/a>, M\u00f6belvermietung<\/li>\n<li><a href=\"http:\/\/www.ricardo.ch\/\" target=\"_blank\" rel=\"noopener\">Ricardo.ch<\/a><\/li>\n<li><a href=\"http:\/\/anibis.ch\/\" target=\"_blank\" rel=\"noopener\">Anibis.ch<\/a><\/li>\n<li><a href=\"https:\/\/www.petitesannonces.ch\/\" target=\"_blank\" rel=\"noopener\">Petites annonces<\/a><\/li>\n<\/ul>\n<\/div><\/section><br \/>\n<div   class='hr hr-default   avia-builder-el-7  el_after_av_textblock  el_before_av_textblock '><span class='hr-inner ' ><span class='hr-inner-style'><\/span><\/span><\/div><br \/>\n<section class=\"av_textblock_section \"  itemscope=\"itemscope\" itemtype=\"https:\/\/schema.org\/CreativeWork\" ><div class='avia_textblock  '   itemprop=\"text\" ><p><strong>Flohm\u00e4rkte<\/strong><\/p>\n<ul>\n<li>Flohmarkt auf dem Place Petit-Saint-Jean, Unter Stadt<br \/>\nJeden 1. Samstag im Monat, von 7Uhr bis 15 Uhr, von April bis November<br \/>\nSehr sch\u00f6nes Ambiente.<\/li>\n<\/ul>\n<\/div><\/section><\/p><\/div><div class=\"flex_column av_one_half  flex_column_div   avia-builder-el-9  el_after_av_one_half  avia-builder-el-last  \" style='background: rgba(255,255,255,0.82); padding:20px 30px 30px 30px ; background-color:rgba(255,255,255,0.82); border-radius:0px; '><p><section class=\"av_textblock_section \"  itemscope=\"itemscope\" itemtype=\"https:\/\/schema.org\/CreativeWork\" ><div class='avia_textblock  '   itemprop=\"text\" ><p><strong>Neue M\u00f6bel &#8211; kleines Budget<\/strong><\/p>\n<ul>\n<li>Lipo <i><br \/>\n<\/i>Granges-Paccots<br \/>\n<a href=\"http:\/\/www.lipo.ch\/\" target=\"_blank\" rel=\"noopener\">http:\/\/www.lipo.ch<\/a><\/li>\n<li>Conforama<br \/>\nGranges-Paccots<br \/>\n<a href=\"http:\/\/www.conforama.ch\/\" target=\"_blank\" rel=\"noopener\">http:\/\/www.conforama.ch\/<\/a><\/li>\n<li>Jysk<br \/>\nGranges-Paccot<br \/>\n<a href=\"https:\/\/www.jysk.ch\/\" target=\"_blank\" rel=\"noopener\">https:\/\/www.jysk.ch\/<\/a><\/li>\n<li>Maxi Bazar<br \/>\nFribourg, Bd de P\u00e9rolles 7 et Granges-Paccot<\/li>\n<\/ul>\n<\/div><\/section><br \/>\n<div   class='hr hr-default   avia-builder-el-11  el_after_av_textblock  el_before_av_textblock '><span class='hr-inner ' ><span class='hr-inner-style'><\/span><\/span><\/div><br \/>\n<section class=\"av_textblock_section \"  itemscope=\"itemscope\" itemtype=\"https:\/\/schema.org\/CreativeWork\" ><div class='avia_textblock  '   itemprop=\"text\" ><p><strong>Neue M\u00f6bel &#8211; gr\u00f6sseres Budget<\/strong><\/p>\n<ul>\n<li>Meubles Boschung<br \/>\nFribourg, au Sch\u00f6nberg<br \/>\n<a href=\"http:\/\/www.boschung-moebel.ch\/\" target=\"_blank\" rel=\"noopener\">http:\/\/www.boschung-moebel.ch\/<\/a><\/li>\n<li>Pfister meubles<br \/>\nMatran<br \/>\n<a href=\"http:\/\/www.pfister.ch\/de\/\" target=\"_blank\" rel=\"noopener\">http:\/\/www.pfister.ch\/de\/<\/a><\/li>\n<li>Leibzig Bilanz<br \/>\nMarly<\/li>\n<li>Forme et confort<br \/>\nFribourg, \u00e0 c\u00f4t\u00e9 de la cath\u00e9drale<br \/>\n<a href=\"http:\/\/www.formeplusconfort.ch\/\" target=\"_blank\" rel=\"noopener\">http:\/\/www.formeplusconfort.ch\/<\/a><\/li>\n<\/ul>\n<\/div><\/section><\/p><\/div><\/div><\/div><\/div><!-- close content main div --><\/div><\/div><div id='after_section_1'  class='main_color av_default_container_wrap container_wrap sidebar_right' style=' '  ><div class='container' ><div class='template-page content  av-content-small alpha units'><div class='post-entry post-entry-type-page post-entry-3058'><div class='entry-content-wrapper clearfix'><\/p>\n","protected":false},"excerpt":{"rendered":"","protected":false},"author":5,"featured_media":0,"parent":3039,"menu_order":6,"comment_status":"closed","ping_status":"closed","template":"","meta":{"footnotes":""},"class_list":["post-3058","page","type-page","status-publish","hentry"],"publishpress_future_action":{"enabled":false,"date":"2026-09-08 08:08:35","action":"change-status","newStatus":"draft","terms":[],"taxonomy":"translation_priority"},"_links":{"self":[{"href":"https:\/\/apartis.swiss\/site\/de\/wp-json\/wp\/v2\/pages\/3058"}],"collection":[{"href":"https:\/\/apartis.swiss\/site\/de\/wp-json\/wp\/v2\/pages"}],"about":[{"href":"https:\/\/apartis.swiss\/site\/de\/wp-json\/wp\/v2\/types\/page"}],"author":[{"embeddable":true,"href":"https:\/\/apartis.swiss\/site\/de\/wp-json\/wp\/v2\/users\/5"}],"replies":[{"embeddable":true,"href":"https:\/\/apartis.swiss\/site\/de\/wp-json\/wp\/v2\/comments?post=3058"}],"version-history":[{"count":3,"href":"https:\/\/apartis.swiss\/site\/de\/wp-json\/wp\/v2\/pages\/3058\/revisions"}],"predecessor-version":[{"id":14338,"href":"https:\/\/apartis.swiss\/site\/de\/wp-json\/wp\/v2\/pages\/3058\/revisions\/14338"}],"up":[{"embeddable":true,"href":"https:\/\/apartis.swiss\/site\/de\/wp-json\/wp\/v2\/pages\/3039"}],"wp:attachment":[{"href":"https:\/\/apartis.swiss\/site\/de\/wp-json\/wp\/v2\/media?parent=3058"}],"curies":[{"name":"wp","href":"https:\/\/api.w.org\/{rel}","templated":true}]}}

Möbel

<p><div class="flex_column av_one_full  flex_column_div av-zero-column-padding first  avia-builder-el-0  el_before_av_section  avia-builder-el-no-sibling  " style='border-radius:0px; '><div  style='padding-bottom:10px; ' class='av-special-heading av-special-heading-h2  blockquote modern-quote  avia-builder-el-1  avia-builder-el-no-sibling  '><h2 class='av-special-heading-tag '  itemprop="headline"  >Mobilier</h2><div class='special-heading-border'><div class='special-heading-inner-border' ></div></div></div></div><br />
</div></div></div><!-- close content main div --></div></div><div id='av_section_1'  class='avia-section main_color avia-section-default avia-no-border-styling  avia-bg-style-scroll  avia-builder-el-2  el_after_av_one_full  avia-builder-el-last   av-minimum-height av-minimum-height-custom  container_wrap sidebar_right' style='background-repeat: no-repeat; background-image: url(https://apartis.swiss/site/wp-content/uploads/2019/04/mobilier.jpg);background-attachment: scroll; background-position: top left;  '  data-section-bg-repeat='no-repeat'><div class='container' style='height:500px'><div class='template-page content  av-content-small alpha units'><div class='post-entry post-entry-type-page post-entry-3058'><div class='entry-content-wrapper clearfix'>
<div class="flex_column av_one_half  flex_column_div first  avia-builder-el-3  el_before_av_one_half  avia-builder-el-first  " style='background: rgba(255,255,255,0.83); padding:20px 30px 30px 30px ; background-color:rgba(255,255,255,0.83); border-radius:0px; '><p><section class="av_textblock_section "  itemscope="itemscope" itemtype="https://schema.org/CreativeWork" ><div class='avia_textblock  '   itemprop="text" ><p><strong>Gebraucht</strong></p>
<ul>
<li><a href="http://www.emmaus-fribourg.ch/" target="_blank" rel="noopener" class="broken_link">Emmaüs</a><a href="http://www.unifr.ch/apartis/pdf/reglements-maison/rm-sonn-f.pdf" target="_blank" rel="noopener"><br />
</a></li>
<li><a href="http://www.coupdpouce.ch/" target="_blank" rel="noopener">Coup d’Pouce</a></li>
</ul>
</div></section><br />
<div   class='hr hr-default   avia-builder-el-5  el_after_av_textblock  el_before_av_textblock '><span class='hr-inner ' ><span class='hr-inner-style'></span></span></div><br />
<section class="av_textblock_section "  itemscope="itemscope" itemtype="https://schema.org/CreativeWork" ><div class='avia_textblock  '   itemprop="text" ><p><strong>Für Schlaue</strong></p>
<ul>
<li>Kleinanzeigen in der Migros</li>
<li>Kleinanzeigen in der Coop</li>
<li><a href="https://www.furniturerental.ch/de/home/" target="_blank" rel="noopener">Furniturerental.ch</a>, Möbelvermietung</li>
<li><a href="http://www.ricardo.ch/" target="_blank" rel="noopener">Ricardo.ch</a></li>
<li><a href="http://anibis.ch/" target="_blank" rel="noopener">Anibis.ch</a></li>
<li><a href="https://www.petitesannonces.ch/" target="_blank" rel="noopener">Petites annonces</a></li>
</ul>
</div></section><br />
<div   class='hr hr-default   avia-builder-el-7  el_after_av_textblock  el_before_av_textblock '><span class='hr-inner ' ><span class='hr-inner-style'></span></span></div><br />
<section class="av_textblock_section "  itemscope="itemscope" itemtype="https://schema.org/CreativeWork" ><div class='avia_textblock  '   itemprop="text" ><p><strong>Flohmärkte</strong></p>
<ul>
<li>Flohmarkt auf dem Place Petit-Saint-Jean, Unter Stadt<br />
Jeden 1. Samstag im Monat, von 7Uhr bis 15 Uhr, von April bis November<br />
Sehr schönes Ambiente.</li>
</ul>
</div></section></p></div><div class="flex_column av_one_half  flex_column_div   avia-builder-el-9  el_after_av_one_half  avia-builder-el-last  " style='background: rgba(255,255,255,0.82); padding:20px 30px 30px 30px ; background-color:rgba(255,255,255,0.82); border-radius:0px; '><p><section class="av_textblock_section "  itemscope="itemscope" itemtype="https://schema.org/CreativeWork" ><div class='avia_textblock  '   itemprop="text" ><p><strong>Neue Möbel &#8211; kleines Budget</strong></p>
<ul>
<li>Lipo <i><br />
</i>Granges-Paccots<br />
<a href="http://www.lipo.ch/" target="_blank" rel="noopener">http://www.lipo.ch</a></li>
<li>Conforama<br />
Granges-Paccots<br />
<a href="http://www.conforama.ch/" target="_blank" rel="noopener">http://www.conforama.ch/</a></li>
<li>Jysk<br />
Granges-Paccot<br />
<a href="https://www.jysk.ch/" target="_blank" rel="noopener">https://www.jysk.ch/</a></li>
<li>Maxi Bazar<br />
Fribourg, Bd de Pérolles 7 et Granges-Paccot</li>
</ul>
</div></section><br />
<div   class='hr hr-default   avia-builder-el-11  el_after_av_textblock  el_before_av_textblock '><span class='hr-inner ' ><span class='hr-inner-style'></span></span></div><br />
<section class="av_textblock_section "  itemscope="itemscope" itemtype="https://schema.org/CreativeWork" ><div class='avia_textblock  '   itemprop="text" ><p><strong>Neue Möbel &#8211; grösseres Budget</strong></p>
<ul>
<li>Meubles Boschung<br />
Fribourg, au Schönberg<br />
<a href="http://www.boschung-moebel.ch/" target="_blank" rel="noopener">http://www.boschung-moebel.ch/</a></li>
<li>Pfister meubles<br />
Matran<br />
<a href="http://www.pfister.ch/de/" target="_blank" rel="noopener">http://www.pfister.ch/de/</a></li>
<li>Leibzig Bilanz<br />
Marly</li>
<li>Forme et confort<br />
Fribourg, à côté de la cathédrale<br />
<a href="http://www.formeplusconfort.ch/" target="_blank" rel="noopener">http://www.formeplusconfort.ch/</a></li>
</ul>
</div></section></p></div></div></div></div><!-- close content main div --></div></div><div id='after_section_1'  class='main_color av_default_container_wrap container_wrap sidebar_right' style=' '  ><div class='container' ><div class='template-page content  av-content-small alpha units'><div class='post-entry post-entry-type-page post-entry-3058'><div class='entry-content-wrapper clearfix'></p>
