{"id":2952,"date":"2018-03-13T14:20:05","date_gmt":"2018-03-13T13:20:05","guid":{"rendered":"https:\/\/apartis.swiss\/site\/apartis\/apartis-2\/"},"modified":"2026-03-16T06:49:07","modified_gmt":"2026-03-16T05:49:07","slug":"mitarbeiter","status":"publish","type":"page","link":"https:\/\/apartis.swiss\/site\/de\/apartis\/mitarbeiter\/","title":{"rendered":"Mitarbeiter"},"content":{"rendered":"<p><div class=\"flex_column av_one_full  flex_column_div av-zero-column-padding first  avia-builder-el-0  el_before_av_one_full  avia-builder-el-first  \" style='border-radius:0px; '><div  style='padding-bottom:10px; ' class='av-special-heading av-special-heading-h2  blockquote modern-quote  avia-builder-el-1  avia-builder-el-no-sibling  '><h2 class='av-special-heading-tag '  itemprop=\"headline\"  >Mitarbeiter\/innen<\/h2><div class='special-heading-border'><div class='special-heading-inner-border' ><\/div><\/div><\/div><\/div><br \/>\n<div class=\"flex_column av_one_full  flex_column_div av-zero-column-padding first  avia-builder-el-2  el_after_av_one_full  el_before_av_one_full  column-top-margin\" style='border-radius:0px; '><p><div  style='padding-bottom:10px; ' class='av-special-heading av-special-heading-h5  blockquote modern-quote  avia-builder-el-3  el_before_av_table  avia-builder-el-first  '><h5 class='av-special-heading-tag '  itemprop=\"headline\"  >Administrative Mitarbeiter\/innen<\/h5><div class='special-heading-border'><div class='special-heading-inner-border' ><\/div><\/div><\/div><br \/>\n<div class='avia-data-table-wrap avia_responsive_table'><table  class='avia-table avia-data-table avia-table-1  avia-builder-el-4  el_after_av_heading  avia-builder-el-last  avia_pricing_default '  itemscope=\"itemscope\" itemtype=\"https:\/\/schema.org\/Table\" ><tbody><tr class=''><td class=''>Direktor<\/td><td class=''><a href=\"mailto:jean-pierre.gauch@unifr.ch\">Jean-Pierre Gauch<\/a><\/td><\/tr><tr class=''><td class=''>Leiterin Vermietung<\/td><td class=''><a href=\"mailto:melissa.forney-hostettler@unifr.ch\">M\u00e9lissa Forney-Hostettler<\/a><\/td><\/tr><tr class=''><td class=''>Leiterin technische Verwaltung<\/td><td class=''><a href=\"mailto:tiffany.schneuwly@unifr.ch\">Tiffany Schneuwly<\/a><\/td><\/tr><tr class=''><td class=''>Leiter Buchhaltung<\/td><td class=''><a href=\"mailto:sebastien.vuillaume@unifr.ch\">Sebastien Vuillaume<\/a><\/td><\/tr><tr class=''><td class=''>IT-Manager und technischer Mitarbeiter<\/td><td class=''><a href=\"mailto:steve.goumaz@unifr.ch\">Steve Goumaz<\/a><br \/>\n<\/td><\/tr><tr class=''><td class=''>Mitarbeiterin Vermietung<\/td><td class=''><a href=\"mailto:chloe.pittet@unifr.ch\">Chlo\u00e9 Pittet<\/a><br \/>\n<\/td><\/tr><tr class=''><td class=''>Mitarbeiterin Vermietung<\/td><td class=''><a href=\"mailto:maiwenn.papin@unifr.ch\">Maiwenn Papin<\/a><\/td><\/tr><tr class=''><td class=''>Mitarbeiterin technische Verwaltung<\/td><td class=''><a href=\"mailto:carla.dietrich@unifr.ch\">Carla Dietrich<\/a><br \/>\n<\/td><\/tr><tr class=''><td class=''>Mitarbeiterin technische Verwaltung<\/td><td class=''><a href=\"mailto:paula.donosocastillo@unifr.ch\">Paula Donoso<\/a><\/td><\/tr><tr class=''><td class=''>Lehrling Buchhaltung<\/td><td class=''><a href=\"mailto:florijana.halimi@unifr.ch\">Florijana Halimi<\/a><\/td><\/tr><\/tbody><\/table><\/div><style type='text\/css'><\/style><\/p><\/div><div class=\"flex_column av_one_full  flex_column_div av-zero-column-padding first  avia-builder-el-5  el_after_av_one_full  el_before_av_one_full  column-top-margin\" style='border-radius:0px; '><p><div  style='padding-bottom:10px; ' class='av-special-heading av-special-heading-h5  blockquote modern-quote  avia-builder-el-6  el_before_av_table  avia-builder-el-first  '><h5 class='av-special-heading-tag '  itemprop=\"headline\"  >Technische Mitarbeiter<\/h5><div class='special-heading-border'><div class='special-heading-inner-border' ><\/div><\/div><\/div><br \/>\n<div class='avia-data-table-wrap avia_responsive_table'><table  class='avia-table avia-data-table avia-table-2  avia-builder-el-7  el_after_av_heading  avia-builder-el-last  avia_pricing_default '  itemscope=\"itemscope\" itemtype=\"https:\/\/schema.org\/Table\" ><tbody><tr class=''><td class=''>Mitarbeiter<\/td><td class=''><a href=\"mailto:karim.rey@unifr.ch\">Karim Rey<\/a><\/td><\/tr><tr class=''><td class=''>Mitarbeiter<\/td><td class=''><a href=\"mailto:esed.ahmeti@unifr.ch\">Esed Ahmeti<\/a><\/td><\/tr><\/tbody><\/table><\/div><style type='text\/css'><\/style><\/p><\/div><br \/>\n<div class=\"flex_column av_one_full  flex_column_div av-zero-column-padding first  avia-builder-el-8  el_after_av_one_full  el_before_av_one_full  column-top-margin\" style='border-radius:0px; '><p><div  style='padding-bottom:10px; ' class='av-special-heading av-special-heading-h5  blockquote modern-quote  avia-builder-el-9  el_before_av_table  avia-builder-el-first  '><h5 class='av-special-heading-tag '  itemprop=\"headline\"  >Hauswarte<\/h5><div class='special-heading-border'><div class='special-heading-inner-border' ><\/div><\/div><\/div><br \/>\n<div class='avia-data-table-wrap avia_responsive_table'><table  class='avia-table avia-data-table avia-table-3  avia-builder-el-10  el_after_av_heading  avia-builder-el-last  avia_pricing_default '  itemscope=\"itemscope\" itemtype=\"https:\/\/schema.org\/Table\" ><tbody><tr class=''><td class=''>Avenue du Midi 3-5-7 <\/td><td class=''><a href=\"mailto:elza.dasilva@unifr.ch\">Elza Da Silva<\/a><\/td><\/tr><tr class=''><td class=''>Rte Mont-Carmel 21-29<\/td><td class=''><a href=\"mailto:claudine.brodard@unifr.ch\">Claudine Brodard<\/a><\/p>\n<p><\/td><\/tr><tr class=''><td class=''>Chemin des Epinettes 51-55<\/td><td class=''><a href=\"mailto:rita.pintomoreira@unifr.ch\">Rita Pinto Moreira<\/a><br \/>\n<\/td><\/tr><tr class=''><td class=''>Varis 5-7-9<\/td><td class=''><a href=\"mailto:elza.dasilva@unifr.ch\">Elza Da Silva<\/a><br \/>\n<\/td><\/tr><tr class=''><td class=''>Rue de l&#8217;Industrie 14 &amp;<br \/>\nR\u00e9sidences du Campus<\/td><td class=''><a href=\"mailto:diana.camposlima@unifr.ch\">Diana Campos<\/a><br \/>\n<\/td><\/tr><tr class=''><td class=''>Rte de la Fonderie 14, 14a, 14b, 14c, 14d<\/td><td class=''><a href=\"mailto:oleksiy.gunin@unifr.ch\">Oleksiy Gunin<\/a><\/td><\/tr><tr class=''><td class=''>Sonnenberg 5<\/td><td class=''><a href=\"mailto:info@lesonnenberg.ch\">Martino Toscanelli<\/a><br \/>\n<\/td><\/tr><\/tbody><\/table><\/div><style type='text\/css'><\/style><\/p><\/div><br \/>\n<div class=\"flex_column av_one_full  flex_column_div av-zero-column-padding first  avia-builder-el-11  el_after_av_one_full  avia-builder-el-last  column-top-margin\" style='border-radius:0px; '><p><div  style='padding-bottom:10px; ' class='av-special-heading av-special-heading-h2  blockquote modern-quote  avia-builder-el-12  el_before_av_textblock  avia-builder-el-first  '><h2 class='av-special-heading-tag '  itemprop=\"headline\"  >Organisation<\/h2><div class='special-heading-border'><div class='special-heading-inner-border' ><\/div><\/div><\/div><br \/>\n<section class=\"av_textblock_section \"  itemscope=\"itemscope\" itemtype=\"https:\/\/schema.org\/CreativeWork\" ><div class='avia_textblock  '   itemprop=\"text\" ><p>Apartis\u00a0wird von einem f\u00fcnfk\u00f6pfigen Stiftungsrat geleitet, welcher aus zwei Vertretern der Universit\u00e4t, einem Delegierten des Kantons Freiburg, einem Delegierten der Studentenschaft AGEF sowie einem Vertreter der Mieter\/innen besteht.<\/p>\n<p>Zur Zeit pr\u00e4sidiert Herr Andr\u00e9 Magnin die Stiftung Apartis. Der Stiftungsrat setzt sich wie folgt zusammen:<\/p>\n<\/div><\/section><br \/>\n<div class='avia-data-table-wrap avia_responsive_table'><table  class='avia-table avia-data-table avia-table-4  avia-builder-el-14  el_after_av_textblock  el_before_av_textblock  avia_pricing_default '  itemscope=\"itemscope\" itemtype=\"https:\/\/schema.org\/Table\" ><tbody><tr class='avia-heading-row'><th class=''>Funktion<\/th><th class=''>Name<\/th><th class=''>Delegiert von<\/th><\/tr><tr class=''><td class=''>Pr\u00e4sident<\/td><td class=''>Andr\u00e9 Magnin<\/td><td class=''>Kanton Freiburg<\/td><\/tr><tr class=''><td class=''>Mitglied<\/td><td class=''>Uberto Motta<\/td><td class=''>Universit\u00e4t Freiburg<\/td><\/tr><tr class=''><td class=''>Mitglied<\/td><td class=''>Anne Crausaz Esseiva<\/td><td class=''>Rektorat der Universit\u00e4t Freiburg<\/td><\/tr><tr class=''><td class=''>Mitglied<\/td><td class=''>Federico Jori<\/td><td class=''>AGEF<\/td><\/tr><tr class=''><td class=''>Mitglied<\/td><td class=''>Bastien Nieuwe Weme<\/td><td class=''>Mieter<\/td><\/tr><\/tbody><\/table><\/div><style type='text\/css'>.avia-table-4 td:nth-of-type(1):before { content: 'Funktion'; } .avia-table-4 td:nth-of-type(2):before { content: 'Name'; } .avia-table-4 td:nth-of-type(3):before { content: 'Delegiert von'; } <\/style><br \/>\n<section class=\"av_textblock_section \"  itemscope=\"itemscope\" itemtype=\"https:\/\/schema.org\/CreativeWork\" ><div class='avia_textblock  '   itemprop=\"text\" ><p>Die laufendenden Gesch\u00e4fte obliegen der dreik\u00f6pfigen\u00a0Gesch\u00e4ftsleitung. Das\u00a0administrative Personal\u00a0besteht zur Zeit aus sieben Mitarbeiter\/innen. Im\u00a0technischen Betrieb\u00a0sind acht Mitarbeiter\/innen (Techniker, Hauswarte, Reinigungspersonal) t\u00e4tig.<\/p>\n<\/div><\/section><\/p><\/div><\/p>\n","protected":false},"excerpt":{"rendered":"","protected":false},"author":5,"featured_media":0,"parent":2946,"menu_order":8,"comment_status":"closed","ping_status":"closed","template":"","meta":{"footnotes":""},"class_list":["post-2952","page","type-page","status-publish","hentry"],"publishpress_future_action":{"enabled":false,"date":"2026-09-08 08:03:43","action":"change-status","newStatus":"draft","terms":[],"taxonomy":"translation_priority"},"_links":{"self":[{"href":"https:\/\/apartis.swiss\/site\/de\/wp-json\/wp\/v2\/pages\/2952"}],"collection":[{"href":"https:\/\/apartis.swiss\/site\/de\/wp-json\/wp\/v2\/pages"}],"about":[{"href":"https:\/\/apartis.swiss\/site\/de\/wp-json\/wp\/v2\/types\/page"}],"author":[{"embeddable":true,"href":"https:\/\/apartis.swiss\/site\/de\/wp-json\/wp\/v2\/users\/5"}],"replies":[{"embeddable":true,"href":"https:\/\/apartis.swiss\/site\/de\/wp-json\/wp\/v2\/comments?post=2952"}],"version-history":[{"count":3,"href":"https:\/\/apartis.swiss\/site\/de\/wp-json\/wp\/v2\/pages\/2952\/revisions"}],"predecessor-version":[{"id":15326,"href":"https:\/\/apartis.swiss\/site\/de\/wp-json\/wp\/v2\/pages\/2952\/revisions\/15326"}],"up":[{"embeddable":true,"href":"https:\/\/apartis.swiss\/site\/de\/wp-json\/wp\/v2\/pages\/2946"}],"wp:attachment":[{"href":"https:\/\/apartis.swiss\/site\/de\/wp-json\/wp\/v2\/media?parent=2952"}],"curies":[{"name":"wp","href":"https:\/\/api.w.org\/{rel}","templated":true}]}}

<p><div class="flex_column av_one_full  flex_column_div av-zero-column-padding first  avia-builder-el-0  el_before_av_one_full  avia-builder-el-first  " style='border-radius:0px; '><div  style='padding-bottom:10px; ' class='av-special-heading av-special-heading-h2  blockquote modern-quote  avia-builder-el-1  avia-builder-el-no-sibling  '><h2 class='av-special-heading-tag '  itemprop="headline"  >Mitarbeiter/innen</h2><div class='special-heading-border'><div class='special-heading-inner-border' ></div></div></div></div><br />
<div class="flex_column av_one_full  flex_column_div av-zero-column-padding first  avia-builder-el-2  el_after_av_one_full  el_before_av_one_full  column-top-margin" style='border-radius:0px; '><p><div  style='padding-bottom:10px; ' class='av-special-heading av-special-heading-h5  blockquote modern-quote  avia-builder-el-3  el_before_av_table  avia-builder-el-first  '><h5 class='av-special-heading-tag '  itemprop="headline"  >Administrative Mitarbeiter/innen</h5><div class='special-heading-border'><div class='special-heading-inner-border' ></div></div></div><br />
<div class='avia-data-table-wrap avia_responsive_table'><table  class='avia-table avia-data-table avia-table-1  avia-builder-el-4  el_after_av_heading  avia-builder-el-last  avia_pricing_default '  itemscope="itemscope" itemtype="https://schema.org/Table" ><tbody><tr class=''><td class=''>Direktor</td><td class=''><a href="mailto:jean-pierre.gauch@unifr.ch">Jean-Pierre Gauch</a></td></tr><tr class=''><td class=''>Leiterin Vermietung</td><td class=''><a href="mailto:melissa.forney-hostettler@unifr.ch">Mélissa Forney-Hostettler</a></td></tr><tr class=''><td class=''>Leiterin technische Verwaltung</td><td class=''><a href="mailto:tiffany.schneuwly@unifr.ch">Tiffany Schneuwly</a></td></tr><tr class=''><td class=''>Leiter Buchhaltung</td><td class=''><a href="mailto:sebastien.vuillaume@unifr.ch">Sebastien Vuillaume</a></td></tr><tr class=''><td class=''>IT-Manager und technischer Mitarbeiter</td><td class=''><a href="mailto:steve.goumaz@unifr.ch">Steve Goumaz</a><br />
</td></tr><tr class=''><td class=''>Mitarbeiterin Vermietung</td><td class=''><a href="mailto:chloe.pittet@unifr.ch">Chloé Pittet</a><br />
</td></tr><tr class=''><td class=''>Mitarbeiterin Vermietung</td><td class=''><a href="mailto:maiwenn.papin@unifr.ch">Maiwenn Papin</a></td></tr><tr class=''><td class=''>Mitarbeiterin technische Verwaltung</td><td class=''><a href="mailto:carla.dietrich@unifr.ch">Carla Dietrich</a><br />
</td></tr><tr class=''><td class=''>Mitarbeiterin technische Verwaltung</td><td class=''><a href="mailto:paula.donosocastillo@unifr.ch">Paula Donoso</a></td></tr><tr class=''><td class=''>Lehrling Buchhaltung</td><td class=''><a href="mailto:florijana.halimi@unifr.ch">Florijana Halimi</a></td></tr></tbody></table></div><style type='text/css'></style></p></div><div class="flex_column av_one_full  flex_column_div av-zero-column-padding first  avia-builder-el-5  el_after_av_one_full  el_before_av_one_full  column-top-margin" style='border-radius:0px; '><p><div  style='padding-bottom:10px; ' class='av-special-heading av-special-heading-h5  blockquote modern-quote  avia-builder-el-6  el_before_av_table  avia-builder-el-first  '><h5 class='av-special-heading-tag '  itemprop="headline"  >Technische Mitarbeiter</h5><div class='special-heading-border'><div class='special-heading-inner-border' ></div></div></div><br />
<div class='avia-data-table-wrap avia_responsive_table'><table  class='avia-table avia-data-table avia-table-2  avia-builder-el-7  el_after_av_heading  avia-builder-el-last  avia_pricing_default '  itemscope="itemscope" itemtype="https://schema.org/Table" ><tbody><tr class=''><td class=''>Mitarbeiter</td><td class=''><a href="mailto:karim.rey@unifr.ch">Karim Rey</a></td></tr><tr class=''><td class=''>Mitarbeiter</td><td class=''><a href="mailto:esed.ahmeti@unifr.ch">Esed Ahmeti</a></td></tr></tbody></table></div><style type='text/css'></style></p></div><br />
<div class="flex_column av_one_full  flex_column_div av-zero-column-padding first  avia-builder-el-8  el_after_av_one_full  el_before_av_one_full  column-top-margin" style='border-radius:0px; '><p><div  style='padding-bottom:10px; ' class='av-special-heading av-special-heading-h5  blockquote modern-quote  avia-builder-el-9  el_before_av_table  avia-builder-el-first  '><h5 class='av-special-heading-tag '  itemprop="headline"  >Hauswarte</h5><div class='special-heading-border'><div class='special-heading-inner-border' ></div></div></div><br />
<div class='avia-data-table-wrap avia_responsive_table'><table  class='avia-table avia-data-table avia-table-3  avia-builder-el-10  el_after_av_heading  avia-builder-el-last  avia_pricing_default '  itemscope="itemscope" itemtype="https://schema.org/Table" ><tbody><tr class=''><td class=''>Avenue du Midi 3-5-7 </td><td class=''><a href="mailto:elza.dasilva@unifr.ch">Elza Da Silva</a></td></tr><tr class=''><td class=''>Rte Mont-Carmel 21-29</td><td class=''><a href="mailto:claudine.brodard@unifr.ch">Claudine Brodard</a></p>
<p></td></tr><tr class=''><td class=''>Chemin des Epinettes 51-55</td><td class=''><a href="mailto:rita.pintomoreira@unifr.ch">Rita Pinto Moreira</a><br />
</td></tr><tr class=''><td class=''>Varis 5-7-9</td><td class=''><a href="mailto:elza.dasilva@unifr.ch">Elza Da Silva</a><br />
</td></tr><tr class=''><td class=''>Rue de l&#8217;Industrie 14 &amp;<br />
Résidences du Campus</td><td class=''><a href="mailto:diana.camposlima@unifr.ch">Diana Campos</a><br />
</td></tr><tr class=''><td class=''>Rte de la Fonderie 14, 14a, 14b, 14c, 14d</td><td class=''><a href="mailto:oleksiy.gunin@unifr.ch">Oleksiy Gunin</a></td></tr><tr class=''><td class=''>Sonnenberg 5</td><td class=''><a href="mailto:info@lesonnenberg.ch">Martino Toscanelli</a><br />
</td></tr></tbody></table></div><style type='text/css'></style></p></div><br />
<div class="flex_column av_one_full  flex_column_div av-zero-column-padding first  avia-builder-el-11  el_after_av_one_full  avia-builder-el-last  column-top-margin" style='border-radius:0px; '><p><div  style='padding-bottom:10px; ' class='av-special-heading av-special-heading-h2  blockquote modern-quote  avia-builder-el-12  el_before_av_textblock  avia-builder-el-first  '><h2 class='av-special-heading-tag '  itemprop="headline"  >Organisation</h2><div class='special-heading-border'><div class='special-heading-inner-border' ></div></div></div><br />
<section class="av_textblock_section "  itemscope="itemscope" itemtype="https://schema.org/CreativeWork" ><div class='avia_textblock  '   itemprop="text" ><p>Apartis wird von einem fünfköpfigen Stiftungsrat geleitet, welcher aus zwei Vertretern der Universität, einem Delegierten des Kantons Freiburg, einem Delegierten der Studentenschaft AGEF sowie einem Vertreter der Mieter/innen besteht.</p>
<p>Zur Zeit präsidiert Herr André Magnin die Stiftung Apartis. Der Stiftungsrat setzt sich wie folgt zusammen:</p>
</div></section><br />
<div class='avia-data-table-wrap avia_responsive_table'><table  class='avia-table avia-data-table avia-table-4  avia-builder-el-14  el_after_av_textblock  el_before_av_textblock  avia_pricing_default '  itemscope="itemscope" itemtype="https://schema.org/Table" ><tbody><tr class='avia-heading-row'><th class=''>Funktion</th><th class=''>Name</th><th class=''>Delegiert von</th></tr><tr class=''><td class=''>Präsident</td><td class=''>André Magnin</td><td class=''>Kanton Freiburg</td></tr><tr class=''><td class=''>Mitglied</td><td class=''>Uberto Motta</td><td class=''>Universität Freiburg</td></tr><tr class=''><td class=''>Mitglied</td><td class=''>Anne Crausaz Esseiva</td><td class=''>Rektorat der Universität Freiburg</td></tr><tr class=''><td class=''>Mitglied</td><td class=''>Federico Jori</td><td class=''>AGEF</td></tr><tr class=''><td class=''>Mitglied</td><td class=''>Bastien Nieuwe Weme</td><td class=''>Mieter</td></tr></tbody></table></div><style type='text/css'>.avia-table-4 td:nth-of-type(1):before { content: 'Funktion'; } .avia-table-4 td:nth-of-type(2):before { content: 'Name'; } .avia-table-4 td:nth-of-type(3):before { content: 'Delegiert von'; } </style><br />
<section class="av_textblock_section "  itemscope="itemscope" itemtype="https://schema.org/CreativeWork" ><div class='avia_textblock  '   itemprop="text" ><p>Die laufendenden Geschäfte obliegen der dreiköpfigen Geschäftsleitung. Das administrative Personal besteht zur Zeit aus sieben Mitarbeiter/innen. Im technischen Betrieb sind acht Mitarbeiter/innen (Techniker, Hauswarte, Reinigungspersonal) tätig.</p>
</div></section></p></div></p>
