{"id":1182,"date":"2017-08-29T16:41:31","date_gmt":"2017-08-29T14:41:31","guid":{"rendered":"http:\/\/apartis.swiss\/site\/resiliation-du-bail\/"},"modified":"2026-05-12T14:38:20","modified_gmt":"2026-05-12T12:38:20","slug":"kundigung-nachmieter","status":"publish","type":"page","link":"https:\/\/apartis.swiss\/site\/de\/formulare\/kundigung-nachmieter\/","title":{"rendered":"K\u00fcndigung | Nachmieter\/in"},"content":{"rendered":"<p><div class=\"flex_column av_three_fourth  flex_column_div av-zero-column-padding first  avia-builder-el-0  el_before_av_three_fourth  avia-builder-el-first  \" style='border-radius:0px; '><div  style='padding-bottom:10px; ' class='av-special-heading av-special-heading-h3  blockquote modern-quote  avia-builder-el-1  avia-builder-el-no-sibling  '><h3 class='av-special-heading-tag '  itemprop=\"headline\"  >K\u00fcndigung | Vorschlag Nachmieter\/in<\/h3><div class='special-heading-border'><div class='special-heading-inner-border' ><\/div><\/div><\/div><\/div><br \/>\n<div class=\"flex_column av_three_fourth  flex_column_div av-zero-column-padding first  avia-builder-el-2  el_after_av_three_fourth  el_before_av_three_fourth  column-top-margin\" style='border-radius:0px; '><p><div  style='padding-bottom:10px; ' class='av-special-heading av-special-heading-h3  blockquote modern-quote  avia-builder-el-3  el_before_av_textblock  avia-builder-el-first  '><h3 class='av-special-heading-tag '  itemprop=\"headline\"  >K\u00fcndigung<\/h3><div class='special-heading-border'><div class='special-heading-inner-border' ><\/div><\/div><\/div><br \/>\n<section class=\"av_textblock_section \"  itemscope=\"itemscope\" itemtype=\"https:\/\/schema.org\/CreativeWork\" ><div class='avia_textblock  '   itemprop=\"text\" ><p>Die K\u00fcndigung muss \u00fcber\u00a0<a href=\"https:\/\/my.apartis.swiss\/pQuorum\/static\/#\/login\">Ihren pers\u00f6nlichen Bereich<\/a>\u00a0erfolgen.<\/p>\n<p>Parkpl\u00e4tze m\u00fcssen mit dem folgenden Formular gek\u00fcndigt und per E-Mail an\u00a0<a href=\"mailto:locations@apartis.ch\">locations@apartis.ch<\/a>\u00a0\u00fcbermittelt werden:<\/p>\n<ul>\n<li><a href=\"https:\/\/apartis.swiss\/site\/wp-content\/uploads\/downloads\/2023\/03\/Formulaire-resiliation-PP-DE.pdf\">K\u00fcndigungsformular \u2013 Parkpl\u00e4tze<\/a><\/li>\n<\/ul>\n<\/div><\/section><\/p><\/div><br \/>\n<div class=\"flex_column av_three_fourth  flex_column_div av-zero-column-padding first  avia-builder-el-5  el_after_av_three_fourth  avia-builder-el-last  column-top-margin\" style='border-radius:0px; '><p><div  style='padding-bottom:10px; ' class='av-special-heading av-special-heading-h3  blockquote modern-quote  avia-builder-el-6  el_before_av_textblock  avia-builder-el-first  '><h3 class='av-special-heading-tag '  itemprop=\"headline\"  >Vorschlag Nachmieter\/in<\/h3><div class='special-heading-border'><div class='special-heading-inner-border' ><\/div><\/div><\/div><br \/>\n<section class=\"av_textblock_section \"  itemscope=\"itemscope\" itemtype=\"https:\/\/schema.org\/CreativeWork\" ><div class='avia_textblock  '   itemprop=\"text\" ><ul>\n<li><a href=\"https:\/\/apartis.swiss\/site\/wp-content\/uploads\/2026\/05\/successeur_nachfolger_successor.pdf\">Formular zu dem Vorschlag eines Nachfolgers (nur bei ausserterminlich K\u00fcndigung)<\/a><\/li>\n<\/ul>\n<\/div><\/section><\/p><\/div><\/p>\n","protected":false},"excerpt":{"rendered":"","protected":false},"author":2,"featured_media":0,"parent":3035,"menu_order":1,"comment_status":"closed","ping_status":"closed","template":"","meta":{"footnotes":""},"class_list":["post-1182","page","type-page","status-publish","hentry"],"publishpress_future_action":{"enabled":false,"date":"2026-09-08 08:10:37","action":"change-status","newStatus":"draft","terms":[],"taxonomy":"translation_priority"},"_links":{"self":[{"href":"https:\/\/apartis.swiss\/site\/de\/wp-json\/wp\/v2\/pages\/1182"}],"collection":[{"href":"https:\/\/apartis.swiss\/site\/de\/wp-json\/wp\/v2\/pages"}],"about":[{"href":"https:\/\/apartis.swiss\/site\/de\/wp-json\/wp\/v2\/types\/page"}],"author":[{"embeddable":true,"href":"https:\/\/apartis.swiss\/site\/de\/wp-json\/wp\/v2\/users\/2"}],"replies":[{"embeddable":true,"href":"https:\/\/apartis.swiss\/site\/de\/wp-json\/wp\/v2\/comments?post=1182"}],"version-history":[{"count":4,"href":"https:\/\/apartis.swiss\/site\/de\/wp-json\/wp\/v2\/pages\/1182\/revisions"}],"predecessor-version":[{"id":15386,"href":"https:\/\/apartis.swiss\/site\/de\/wp-json\/wp\/v2\/pages\/1182\/revisions\/15386"}],"up":[{"embeddable":true,"href":"https:\/\/apartis.swiss\/site\/de\/wp-json\/wp\/v2\/pages\/3035"}],"wp:attachment":[{"href":"https:\/\/apartis.swiss\/site\/de\/wp-json\/wp\/v2\/media?parent=1182"}],"curies":[{"name":"wp","href":"https:\/\/api.w.org\/{rel}","templated":true}]}}

Kündigung | Nachmieter/in

<p><div class="flex_column av_three_fourth  flex_column_div av-zero-column-padding first  avia-builder-el-0  el_before_av_three_fourth  avia-builder-el-first  " style='border-radius:0px; '><div  style='padding-bottom:10px; ' class='av-special-heading av-special-heading-h3  blockquote modern-quote  avia-builder-el-1  avia-builder-el-no-sibling  '><h3 class='av-special-heading-tag '  itemprop="headline"  >Kündigung | Vorschlag Nachmieter/in</h3><div class='special-heading-border'><div class='special-heading-inner-border' ></div></div></div></div><br />
<div class="flex_column av_three_fourth  flex_column_div av-zero-column-padding first  avia-builder-el-2  el_after_av_three_fourth  el_before_av_three_fourth  column-top-margin" style='border-radius:0px; '><p><div  style='padding-bottom:10px; ' class='av-special-heading av-special-heading-h3  blockquote modern-quote  avia-builder-el-3  el_before_av_textblock  avia-builder-el-first  '><h3 class='av-special-heading-tag '  itemprop="headline"  >Kündigung</h3><div class='special-heading-border'><div class='special-heading-inner-border' ></div></div></div><br />
<section class="av_textblock_section "  itemscope="itemscope" itemtype="https://schema.org/CreativeWork" ><div class='avia_textblock  '   itemprop="text" ><p>Die Kündigung muss über <a href="https://my.apartis.swiss/pQuorum/static/#/login">Ihren persönlichen Bereich</a> erfolgen.</p>
<p>Parkplätze müssen mit dem folgenden Formular gekündigt und per E-Mail an <a href="mailto:locations@apartis.ch">locations@apartis.ch</a> übermittelt werden:</p>
<ul>
<li><a href="https://apartis.swiss/site/wp-content/uploads/downloads/2023/03/Formulaire-resiliation-PP-DE.pdf">Kündigungsformular – Parkplätze</a></li>
</ul>
</div></section></p></div><br />
<div class="flex_column av_three_fourth  flex_column_div av-zero-column-padding first  avia-builder-el-5  el_after_av_three_fourth  avia-builder-el-last  column-top-margin" style='border-radius:0px; '><p><div  style='padding-bottom:10px; ' class='av-special-heading av-special-heading-h3  blockquote modern-quote  avia-builder-el-6  el_before_av_textblock  avia-builder-el-first  '><h3 class='av-special-heading-tag '  itemprop="headline"  >Vorschlag Nachmieter/in</h3><div class='special-heading-border'><div class='special-heading-inner-border' ></div></div></div><br />
<section class="av_textblock_section "  itemscope="itemscope" itemtype="https://schema.org/CreativeWork" ><div class='avia_textblock  '   itemprop="text" ><ul>
<li><a href="https://apartis.swiss/site/wp-content/uploads/2026/05/successeur_nachfolger_successor.pdf">Formular zu dem Vorschlag eines Nachfolgers (nur bei ausserterminlich Kündigung)</a></li>
</ul>
</div></section></p></div></p>
