{"id":11030,"date":"2020-10-22T12:02:14","date_gmt":"2020-10-22T10:02:14","guid":{"rendered":"https:\/\/apartis.swiss\/a-louer-a-fribourg-logements-pour-etudiantes-et-etudiants\/"},"modified":"2022-12-06T10:10:49","modified_gmt":"2022-12-06T09:10:49","slug":"zu-vermieten-in-fribourg-studentenunterkuenfte","status":"publish","type":"page","link":"https:\/\/apartis.swiss\/site\/de\/zu-vermieten-in-fribourg-studentenunterkuenfte\/","title":{"rendered":"Zu vermieten in Fribourg &#8211; Studentenunterk\u00fcnfte"},"content":{"rendered":"<div class=\"flex_column av_one_full  flex_column_div first  avia-builder-el-0  avia-builder-el-no-sibling  \" style='border-width:2px; border-color:#000000; border-style:solid; padding:20px; border-radius:5px; ' id=\"center-div--margin-0-auto-width-100px-\" ><p><div  style='padding-bottom:10px; ' class='av-special-heading av-special-heading-h2  blockquote modern-quote modern-centered  avia-builder-el-1  el_before_av_textblock  avia-builder-el-first  '><h2 class='av-special-heading-tag '  itemprop=\"headline\"  >Zu vermieten in Fribourg<\/p>\n<p>Studentenunterk\u00fcnfte<\/h2><div class='special-heading-border'><div class='special-heading-inner-border' ><\/div><\/div><\/div><br \/>\n<section class=\"av_textblock_section \"  itemscope=\"itemscope\" itemtype=\"https:\/\/schema.org\/CreativeWork\" ><div class='avia_textblock  '   itemprop=\"text\" ><p>Apartis\u00a0ist eine privatrechtliche, gemeinn\u00fctzige Stiftung. Der Zweck dieser Stiftung besteht darin, in der Stadt Freiburg und Umgebung Wohnraum zu g\u00fcnstigen Konditionen f\u00fcr Studenten der Universit\u00e4t, Hochschulen* und anderen Schulen* zur Verf\u00fcgung zu stellen.<br \/>\n[<a href=\"https:\/\/apartis.swiss\/in-affitto-friburgo-alloggi-per-studentesse-e-studenti\/\" target=\"_blank\" rel=\"noopener\"><em>clicca qui per una traduzione in italiano<\/em><\/a>]<\/p>\n<h3>Vorteile bei Apartis zu wohnen :<\/h3>\n<ul>\n<li>Zimmer in WG\u2019s oder Studios<\/li>\n<li>Individueller Mietvertrag (pro Zimmer und pro Person)<\/li>\n<li>Qualitativ hochwertige Unterk\u00fcnfte zu g\u00fcnstigen Preisen<\/li>\n<li>Geb\u00e4ude im Stadtzentrum oder am Stadtrand, in der N\u00e4he \u00f6ffentlicher Verkehrsmittel<\/li>\n<li>Vereinfachtes Verwaltungsmanagement f\u00fcr Studenten<\/li>\n<li>Moderner oder \u00e4lterer, gut erhaltener Geb\u00e4udebestand<\/li>\n<li>Dienstleistung mit Qualit\u00e4t<\/li>\n<li>Funktionell ausgestattete Gemeinschaftsr\u00e4ume<\/li>\n<li>Hauswart in jedem Geb\u00e4ude und Notfalldienst nach Gesch\u00e4ftsschluss<\/li>\n<li>Unterk\u00fcnfte sind in der Regel unm\u00f6bliert, damit jeder die Innenausstattung nach seinemGeschmack und seinen Bed\u00fcrfnissen gestalten kann.<\/li>\n<\/ul>\n<h3>Informationen :<\/h3>\n<ul>\n<li><a href=\"https:\/\/apartis.swiss\/de\/zu-vermieten\/freie-unterkunfte\/\" class=\"broken_link\">freie Zimmer bei Apartis<\/a><\/li>\n<li><a href=\"https:\/\/apartis.swiss\/site\/wp-content\/uploads\/downloads\/2019\/12\/Brochure_Apartis.pdf\" target=\"_blank\" rel=\"noopener\">Brochure Geb\u00e4ude Apartis<\/a><\/li>\n<li><a href=\"https:\/\/apartis.swiss\/de\/video-fonderie-vorstellung-der-wohnungen\/\" target=\"_blank\" rel=\"noopener\">Vid\u00e9o Immeuble Fonderie<\/a><\/li>\n<\/ul>\n<p><em>*Hochschulen\u00a0: Technik und Architektur, Wirtschaft, Gesundheit, Soziale Arbeit, Musik, Pedagogik <\/em><br \/>\n<em>*Berufsschulen, EIKON, Kollegien, Berufsfachschule, Etc.<\/em><\/p>\n<\/div><\/section><\/p><\/div>\n","protected":false},"excerpt":{"rendered":"","protected":false},"author":2,"featured_media":0,"parent":0,"menu_order":5,"comment_status":"closed","ping_status":"closed","template":"","meta":{"footnotes":""},"class_list":["post-11030","page","type-page","status-publish","hentry"],"publishpress_future_action":{"enabled":false,"date":"2026-09-08 08:15:14","action":"change-status","newStatus":"draft","terms":[],"taxonomy":"translation_priority"},"_links":{"self":[{"href":"https:\/\/apartis.swiss\/site\/de\/wp-json\/wp\/v2\/pages\/11030"}],"collection":[{"href":"https:\/\/apartis.swiss\/site\/de\/wp-json\/wp\/v2\/pages"}],"about":[{"href":"https:\/\/apartis.swiss\/site\/de\/wp-json\/wp\/v2\/types\/page"}],"author":[{"embeddable":true,"href":"https:\/\/apartis.swiss\/site\/de\/wp-json\/wp\/v2\/users\/2"}],"replies":[{"embeddable":true,"href":"https:\/\/apartis.swiss\/site\/de\/wp-json\/wp\/v2\/comments?post=11030"}],"version-history":[{"count":2,"href":"https:\/\/apartis.swiss\/site\/de\/wp-json\/wp\/v2\/pages\/11030\/revisions"}],"predecessor-version":[{"id":13546,"href":"https:\/\/apartis.swiss\/site\/de\/wp-json\/wp\/v2\/pages\/11030\/revisions\/13546"}],"wp:attachment":[{"href":"https:\/\/apartis.swiss\/site\/de\/wp-json\/wp\/v2\/media?parent=11030"}],"curies":[{"name":"wp","href":"https:\/\/api.w.org\/{rel}","templated":true}]}}

Zu vermieten in Fribourg &#8211; Studentenunterkünfte

<div class="flex_column av_one_full  flex_column_div first  avia-builder-el-0  avia-builder-el-no-sibling  " style='border-width:2px; border-color:#000000; border-style:solid; padding:20px; border-radius:5px; ' id="center-div--margin-0-auto-width-100px-" ><p><div  style='padding-bottom:10px; ' class='av-special-heading av-special-heading-h2  blockquote modern-quote modern-centered  avia-builder-el-1  el_before_av_textblock  avia-builder-el-first  '><h2 class='av-special-heading-tag '  itemprop="headline"  >Zu vermieten in Fribourg</p>
<p>Studentenunterkünfte</h2><div class='special-heading-border'><div class='special-heading-inner-border' ></div></div></div><br />
<section class="av_textblock_section "  itemscope="itemscope" itemtype="https://schema.org/CreativeWork" ><div class='avia_textblock  '   itemprop="text" ><p>Apartis ist eine privatrechtliche, gemeinnützige Stiftung. Der Zweck dieser Stiftung besteht darin, in der Stadt Freiburg und Umgebung Wohnraum zu günstigen Konditionen für Studenten der Universität, Hochschulen* und anderen Schulen* zur Verfügung zu stellen.<br />
[<a href="https://apartis.swiss/in-affitto-friburgo-alloggi-per-studentesse-e-studenti/" target="_blank" rel="noopener"><em>clicca qui per una traduzione in italiano</em></a>]</p>
<h3>Vorteile bei Apartis zu wohnen :</h3>
<ul>
<li>Zimmer in WG’s oder Studios</li>
<li>Individueller Mietvertrag (pro Zimmer und pro Person)</li>
<li>Qualitativ hochwertige Unterkünfte zu günstigen Preisen</li>
<li>Gebäude im Stadtzentrum oder am Stadtrand, in der Nähe öffentlicher Verkehrsmittel</li>
<li>Vereinfachtes Verwaltungsmanagement für Studenten</li>
<li>Moderner oder älterer, gut erhaltener Gebäudebestand</li>
<li>Dienstleistung mit Qualität</li>
<li>Funktionell ausgestattete Gemeinschaftsräume</li>
<li>Hauswart in jedem Gebäude und Notfalldienst nach Geschäftsschluss</li>
<li>Unterkünfte sind in der Regel unmöbliert, damit jeder die Innenausstattung nach seinemGeschmack und seinen Bedürfnissen gestalten kann.</li>
</ul>
<h3>Informationen :</h3>
<ul>
<li><a href="https://apartis.swiss/de/zu-vermieten/freie-unterkunfte/" class="broken_link">freie Zimmer bei Apartis</a></li>
<li><a href="https://apartis.swiss/site/wp-content/uploads/downloads/2019/12/Brochure_Apartis.pdf" target="_blank" rel="noopener">Brochure Gebäude Apartis</a></li>
<li><a href="https://apartis.swiss/de/video-fonderie-vorstellung-der-wohnungen/" target="_blank" rel="noopener">Vidéo Immeuble Fonderie</a></li>
</ul>
<p><em>*Hochschulen : Technik und Architektur, Wirtschaft, Gesundheit, Soziale Arbeit, Musik, Pedagogik </em><br />
<em>*Berufsschulen, EIKON, Kollegien, Berufsfachschule, Etc.</em></p>
</div></section></p></div>
