{"id":1024,"date":"2017-08-29T16:20:47","date_gmt":"2017-08-29T14:20:47","guid":{"rendered":"http:\/\/apartis.swiss\/site\/developpement-durable\/"},"modified":"2022-03-10T10:53:44","modified_gmt":"2022-03-10T09:53:44","slug":"nachhaltige-entwicklung","status":"publish","type":"page","link":"https:\/\/apartis.swiss\/site\/de\/apartis\/nachhaltige-entwicklung\/","title":{"rendered":"Nachhaltige Entwicklung"},"content":{"rendered":"<div class=\"flex_column av_one_full  flex_column_div av-zero-column-padding first  avia-builder-el-0  el_before_av_one_full  avia-builder-el-first  \" style='border-radius:0px; '><p><div  style='padding-bottom:10px; ' class='av-special-heading av-special-heading-h2  blockquote modern-quote  avia-builder-el-1  el_before_av_textblock  avia-builder-el-first  '><h2 class='av-special-heading-tag '  itemprop=\"headline\"  >Nachhaltige Entwicklung<\/h2><div class='special-heading-border'><div class='special-heading-inner-border' ><\/div><\/div><\/div><br \/>\n<section class=\"av_textblock_section \"  itemscope=\"itemscope\" itemtype=\"https:\/\/schema.org\/CreativeWork\" ><div class='avia_textblock  '   itemprop=\"text\" ><p>Die Stiftung Apartis engagiert sich f\u00fcr eine nachhaltige Entwicklung um die Kosten zu senken, um Risiken besser zu verwalten und um neue M\u00f6glichkeiten zu er\u00f6ffnen.<\/p>\n<\/div><\/section><\/p><\/div><div class=\"flex_column av_one_full  flex_column_div av-zero-column-padding first  avia-builder-el-3  el_after_av_one_full  el_before_av_one_full  column-top-margin\" style='border-radius:0px; '><p><div  style='padding-bottom:0px; ' class='av-special-heading av-special-heading-h4  blockquote modern-quote  avia-builder-el-4  el_before_av_textblock  avia-builder-el-first  '><h4 class='av-special-heading-tag '  itemprop=\"headline\"  >Soziale Solidarit\u00e4t<\/h4><div class='special-heading-border'><div class='special-heading-inner-border' ><\/div><\/div><\/div><br \/>\n<section class=\"av_textblock_section \"  itemscope=\"itemscope\" itemtype=\"https:\/\/schema.org\/CreativeWork\" ><div class='avia_textblock  '   itemprop=\"text\" ><p>Seit einigen Jahren schon ber\u00fccksichtigt Apartis die soziale Komponente der nachhaltigen Entwicklung, da es unser Ziel ist, g\u00fcnstigen Wohnraum anzubieten, der auf die Bed\u00fcrfnisse der Studenten zugeschnitten ist. Apartis bietet seinen Mitarbeitern die M\u00f6glichkeit ihr Arbeitsleben mit dem Familienleben in Einklang zu bringen und f\u00f6rdert die Weiterbildung.<\/p>\n<\/div><\/section><\/p><\/div><br \/>\n<div class=\"flex_column av_one_full  flex_column_div av-zero-column-padding first  avia-builder-el-6  el_after_av_one_full  el_before_av_three_fourth  column-top-margin\" style='border-radius:0px; '><p><div  style='padding-bottom:0px; ' class='av-special-heading av-special-heading-h4  blockquote modern-quote  avia-builder-el-7  el_before_av_textblock  avia-builder-el-first  '><h4 class='av-special-heading-tag '  itemprop=\"headline\"  >\u00d6kologische Verantwortung<\/h4><div class='special-heading-border'><div class='special-heading-inner-border' ><\/div><\/div><\/div><br \/>\n<section class=\"av_textblock_section \"  itemscope=\"itemscope\" itemtype=\"https:\/\/schema.org\/CreativeWork\" ><div class='avia_textblock  '   itemprop=\"text\" ><p>Seit 2008 engagiert sich die Stiftung f\u00fcr die Umwelt. Daf\u00fcr hat sie das Projekt, im Zeitraum 2009-2013 ihren Heiz\u00f6l-, Gas-, Wasser- und Stromverbrauch um 20 % zu senken, ins Leben gerufen.<\/p>\n<p><img loading=\"lazy\" decoding=\"async\" class=\"alignright size-square wp-image-7541\" src=\"https:\/\/apartis.swiss\/site\/wp-content\/uploads\/2019\/05\/A_reporting_CMYK_M-180x180.jpg\" alt=\"\" width=\"180\" height=\"180\" srcset=\"https:\/\/apartis.swiss\/site\/wp-content\/uploads\/2019\/05\/A_reporting_CMYK_M-180x180.jpg 180w, https:\/\/apartis.swiss\/site\/wp-content\/uploads\/2019\/05\/A_reporting_CMYK_M-80x80.jpg 80w, https:\/\/apartis.swiss\/site\/wp-content\/uploads\/2019\/05\/A_reporting_CMYK_M-36x36.jpg 36w, https:\/\/apartis.swiss\/site\/wp-content\/uploads\/2019\/05\/A_reporting_CMYK_M-120x120.jpg 120w, https:\/\/apartis.swiss\/site\/wp-content\/uploads\/2019\/05\/A_reporting_CMYK_M.jpg 225w\" sizes=\"(max-width: 180px) 100vw, 180px\" \/>Seit 2013 erstellt Apartis die <a href=\"https:\/\/apartis.swiss\/de\/apartis\/co2-bilanz\/\" class=\"broken_link\">CO2-Bilanz<\/a> in Zusammenarbeit mit der Firma Climate Services.<\/p>\n<p>Die geplanten Massnahmen zur CO2-Emissions-Verringerung im Jahr 2019 sind gleich wie in den Vorjahren, n\u00e4mlich:<\/p>\n<ul>\n<li>Plakatkampagne am Eingang der Geb\u00e4ude, E-Mail, Flyer an alle Mieter zur Sensibilisierung\u00a0 f\u00fcr Energieeinsparungen.<\/li>\n<li>Allgemeine Installation des W\u00e4rmemanagementsystems gem\u00e4ss der Wettervorhersagen.<\/li>\n<\/ul>\n<\/div><\/section><\/p><\/div><div class=\"flex_column av_three_fourth  flex_column_div av-zero-column-padding first  avia-builder-el-9  el_after_av_one_full  el_before_av_one_fourth  column-top-margin\" style='border-radius:0px; '><\/div><div class=\"flex_column av_one_fourth  flex_column_div av-zero-column-padding   avia-builder-el-10  el_after_av_three_fourth  avia-builder-el-last  column-top-margin\" style='border-radius:0px; '><div  class='avia-image-container  av-styling-    avia-builder-el-11  avia-builder-el-no-sibling  avia-align-center '  itemprop=\"image\" itemscope=\"itemscope\" itemtype=\"https:\/\/schema.org\/ImageObject\"  ><div class='avia-image-container-inner'><div class='avia-image-overlay-wrap'><img decoding=\"async\" class='wp-image-7543 avia-img-lazy-loading-not-7543 avia_image' src=\"https:\/\/apartis.swiss\/site\/wp-content\/uploads\/2019\/05\/A_reporting_CMYK_M.jpg\" alt='' title='Climate Services' height=\"225\" width=\"225\"  itemprop=\"thumbnailUrl\" srcset=\"https:\/\/apartis.swiss\/site\/wp-content\/uploads\/2019\/05\/A_reporting_CMYK_M.jpg 225w, https:\/\/apartis.swiss\/site\/wp-content\/uploads\/2019\/05\/A_reporting_CMYK_M-80x80.jpg 80w, https:\/\/apartis.swiss\/site\/wp-content\/uploads\/2019\/05\/A_reporting_CMYK_M-36x36.jpg 36w, https:\/\/apartis.swiss\/site\/wp-content\/uploads\/2019\/05\/A_reporting_CMYK_M-180x180.jpg 180w, https:\/\/apartis.swiss\/site\/wp-content\/uploads\/2019\/05\/A_reporting_CMYK_M-120x120.jpg 120w\" sizes=\"(max-width: 225px) 100vw, 225px\" \/><\/div><\/div><\/div><\/div><\/p>\n","protected":false},"excerpt":{"rendered":"","protected":false},"author":2,"featured_media":0,"parent":2946,"menu_order":3,"comment_status":"closed","ping_status":"closed","template":"","meta":{"footnotes":""},"class_list":["post-1024","page","type-page","status-publish","hentry"],"publishpress_future_action":{"enabled":false,"date":"2026-09-08 08:12:51","action":"change-status","newStatus":"draft","terms":[],"taxonomy":"translation_priority"},"_links":{"self":[{"href":"https:\/\/apartis.swiss\/site\/de\/wp-json\/wp\/v2\/pages\/1024"}],"collection":[{"href":"https:\/\/apartis.swiss\/site\/de\/wp-json\/wp\/v2\/pages"}],"about":[{"href":"https:\/\/apartis.swiss\/site\/de\/wp-json\/wp\/v2\/types\/page"}],"author":[{"embeddable":true,"href":"https:\/\/apartis.swiss\/site\/de\/wp-json\/wp\/v2\/users\/2"}],"replies":[{"embeddable":true,"href":"https:\/\/apartis.swiss\/site\/de\/wp-json\/wp\/v2\/comments?post=1024"}],"version-history":[{"count":0,"href":"https:\/\/apartis.swiss\/site\/de\/wp-json\/wp\/v2\/pages\/1024\/revisions"}],"up":[{"embeddable":true,"href":"https:\/\/apartis.swiss\/site\/de\/wp-json\/wp\/v2\/pages\/2946"}],"wp:attachment":[{"href":"https:\/\/apartis.swiss\/site\/de\/wp-json\/wp\/v2\/media?parent=1024"}],"curies":[{"name":"wp","href":"https:\/\/api.w.org\/{rel}","templated":true}]}}

<div class="flex_column av_one_full  flex_column_div av-zero-column-padding first  avia-builder-el-0  el_before_av_one_full  avia-builder-el-first  " style='border-radius:0px; '><p><div  style='padding-bottom:10px; ' class='av-special-heading av-special-heading-h2  blockquote modern-quote  avia-builder-el-1  el_before_av_textblock  avia-builder-el-first  '><h2 class='av-special-heading-tag '  itemprop="headline"  >Nachhaltige Entwicklung</h2><div class='special-heading-border'><div class='special-heading-inner-border' ></div></div></div><br />
<section class="av_textblock_section "  itemscope="itemscope" itemtype="https://schema.org/CreativeWork" ><div class='avia_textblock  '   itemprop="text" ><p>Die Stiftung Apartis engagiert sich für eine nachhaltige Entwicklung um die Kosten zu senken, um Risiken besser zu verwalten und um neue Möglichkeiten zu eröffnen.</p>
</div></section></p></div><div class="flex_column av_one_full  flex_column_div av-zero-column-padding first  avia-builder-el-3  el_after_av_one_full  el_before_av_one_full  column-top-margin" style='border-radius:0px; '><p><div  style='padding-bottom:0px; ' class='av-special-heading av-special-heading-h4  blockquote modern-quote  avia-builder-el-4  el_before_av_textblock  avia-builder-el-first  '><h4 class='av-special-heading-tag '  itemprop="headline"  >Soziale Solidarität</h4><div class='special-heading-border'><div class='special-heading-inner-border' ></div></div></div><br />
<section class="av_textblock_section "  itemscope="itemscope" itemtype="https://schema.org/CreativeWork" ><div class='avia_textblock  '   itemprop="text" ><p>Seit einigen Jahren schon berücksichtigt Apartis die soziale Komponente der nachhaltigen Entwicklung, da es unser Ziel ist, günstigen Wohnraum anzubieten, der auf die Bedürfnisse der Studenten zugeschnitten ist. Apartis bietet seinen Mitarbeitern die Möglichkeit ihr Arbeitsleben mit dem Familienleben in Einklang zu bringen und fördert die Weiterbildung.</p>
</div></section></p></div><br />
<div class="flex_column av_one_full  flex_column_div av-zero-column-padding first  avia-builder-el-6  el_after_av_one_full  el_before_av_three_fourth  column-top-margin" style='border-radius:0px; '><p><div  style='padding-bottom:0px; ' class='av-special-heading av-special-heading-h4  blockquote modern-quote  avia-builder-el-7  el_before_av_textblock  avia-builder-el-first  '><h4 class='av-special-heading-tag '  itemprop="headline"  >Ökologische Verantwortung</h4><div class='special-heading-border'><div class='special-heading-inner-border' ></div></div></div><br />
<section class="av_textblock_section "  itemscope="itemscope" itemtype="https://schema.org/CreativeWork" ><div class='avia_textblock  '   itemprop="text" ><p>Seit 2008 engagiert sich die Stiftung für die Umwelt. Dafür hat sie das Projekt, im Zeitraum 2009-2013 ihren Heizöl-, Gas-, Wasser- und Stromverbrauch um 20 % zu senken, ins Leben gerufen.</p>
<p><img loading="lazy" decoding="async" class="alignright size-square wp-image-7541" src="https://apartis.swiss/site/wp-content/uploads/2019/05/A_reporting_CMYK_M-180x180.jpg" alt="" width="180" height="180" srcset="https://apartis.swiss/site/wp-content/uploads/2019/05/A_reporting_CMYK_M-180x180.jpg 180w, https://apartis.swiss/site/wp-content/uploads/2019/05/A_reporting_CMYK_M-80x80.jpg 80w, https://apartis.swiss/site/wp-content/uploads/2019/05/A_reporting_CMYK_M-36x36.jpg 36w, https://apartis.swiss/site/wp-content/uploads/2019/05/A_reporting_CMYK_M-120x120.jpg 120w, https://apartis.swiss/site/wp-content/uploads/2019/05/A_reporting_CMYK_M.jpg 225w" sizes="(max-width: 180px) 100vw, 180px" />Seit 2013 erstellt Apartis die <a href="https://apartis.swiss/de/apartis/co2-bilanz/" class="broken_link">CO2-Bilanz</a> in Zusammenarbeit mit der Firma Climate Services.</p>
<p>Die geplanten Massnahmen zur CO2-Emissions-Verringerung im Jahr 2019 sind gleich wie in den Vorjahren, nämlich:</p>
<ul>
<li>Plakatkampagne am Eingang der Gebäude, E-Mail, Flyer an alle Mieter zur Sensibilisierung  für Energieeinsparungen.</li>
<li>Allgemeine Installation des Wärmemanagementsystems gemäss der Wettervorhersagen.</li>
</ul>
</div></section></p></div><div class="flex_column av_three_fourth  flex_column_div av-zero-column-padding first  avia-builder-el-9  el_after_av_one_full  el_before_av_one_fourth  column-top-margin" style='border-radius:0px; '></div><div class="flex_column av_one_fourth  flex_column_div av-zero-column-padding   avia-builder-el-10  el_after_av_three_fourth  avia-builder-el-last  column-top-margin" style='border-radius:0px; '><div  class='avia-image-container  av-styling-    avia-builder-el-11  avia-builder-el-no-sibling  avia-align-center '  itemprop="image" itemscope="itemscope" itemtype="https://schema.org/ImageObject"  ><div class='avia-image-container-inner'><div class='avia-image-overlay-wrap'><img decoding="async" class='wp-image-7543 avia-img-lazy-loading-not-7543 avia_image' src="https://apartis.swiss/site/wp-content/uploads/2019/05/A_reporting_CMYK_M.jpg" alt='' title='Climate Services' height="225" width="225"  itemprop="thumbnailUrl" srcset="https://apartis.swiss/site/wp-content/uploads/2019/05/A_reporting_CMYK_M.jpg 225w, https://apartis.swiss/site/wp-content/uploads/2019/05/A_reporting_CMYK_M-80x80.jpg 80w, https://apartis.swiss/site/wp-content/uploads/2019/05/A_reporting_CMYK_M-36x36.jpg 36w, https://apartis.swiss/site/wp-content/uploads/2019/05/A_reporting_CMYK_M-180x180.jpg 180w, https://apartis.swiss/site/wp-content/uploads/2019/05/A_reporting_CMYK_M-120x120.jpg 120w" sizes="(max-width: 225px) 100vw, 225px" /></div></div></div></div></p>
